063
CXUS54 KLZK 011130
CF6PBF
PRELIMINARY LOCAL CLIMATOLOGICAL DATA (WS FORM: F-6)
STATION: Pine Bluff
MONTH: OCTOBER
YEAR: 2020
LATITUDE: 34 10 N
LONGITUDE: 91 56 W
TEMPERATURE IN F: :PCPN: SNOW: WIND :SUNSHINE: SKY :PK WND
================================================================================
1 2 3 4 5 6A 6B 7 8 9 10 11 12 13 14 15 16 17 18
12Z AVG MX 2MIN
DY MAX MIN AVG DEP HDD CDD WTR SNW DPTH SPD SPD DIR MIN PSBL S-S WX SPD DR
================================================================================
1 77 55 66 -2 0 1 0.00 0.0 0 7.1 16 20 M M 0 22 320
2 69 47 58 -10 7 0 0.00 0.0 0 5.0 13 340 M M 0 16 320
3 72 45 59 -9 6 0 0.00 0.0 0 4.6 12 180 M M 1 1 19 30
4 71 48 60 -7 5 0 0.00 0.0 0 6.1 17 340 M M 0 1 27 330
5 69 45 57 -10 8 0 0.00 0.0 0 4.2 13 40 M M 0 17 60
6 77 42 60 -7 5 0 0.00 0.0 0 0.5 8 320 M M 1 1 10 310
7 82 46 64 -2 1 0 0.00 0.0 0 1.4 10 290 M M 0 1 13 310
8 80 51 66 0 0 1 0.00 0.0 0 2.5 13 310 M M 3 18 16 50
9 71 63 67 1 0 2 0.17 0.0 0 6.7 17 40 M M 4 1 25 50
10 70 66 68 3 0 3 3.44 0.0 0 15.5 30 30 M M 10 1 48 40
11 77 65 71 6 0 6 0.00 0.0 0 5.3 9 300 M M 8 M M
12 82 53 68 4 0 3 0.00 0.0 0 7.5 21 310 M M 1 1 28 310
13 76 47 62 -2 3 0 0.00 0.0 0 1.3 10 20 M M 0 1 14 150
14 79 47 63 -1 2 0 0.00 0.0 0 4.6 13 180 M M 0 1 17 190
15 64 53 59 -5 6 0 0.06 0.0 0 9.5 21 20 M M 7 1 25 20
16 66 43 55 -8 10 0 0.00 0.0 0 6.3 18 20 M M 1 23 10
17 72 41 57 -6 8 0 0.00 0.0 0 7.2 20 130 M M 3 24 120
18 82 61 72 9 0 7 0.00 0.0 0 7.8 14 180 M M 7 19 170
19 82 68 75 13 0 10 0.00 0.0 0 9.0 20 200 M M 4 25 200
20 84 62 73 11 0 8 0.00 0.0 0 5.2 15 180 M M 3 1 18 170
21 86 59 73 11 0 8 0.00 0.0 0 2.9 12 150 M M 3 12 13 150
22 85 61 73 12 0 8 0.00 0.0 0 4.1 13 160 M M 1 12 16 180
23 73 50 62 1 3 0 0.66 0.0 0 8.5 24 360 M M 7 13 32 10
24 50 48 49 -12 16 0 T 0.0 0 9.3 21 10 M M 10 1 27 360
25 54 48 51 -9 14 0 T 0.0 0 6.0 12 50 M M 10 1 15 50
26 56 51 54 -6 11 0 0.00 0.0 0 8.8 17 10 M M 10 23 20
27 53 46 50 -10 15 0 0.00 0.0 0 10.6 17 20 M M 10 1 22 30
28 54 48 51 -9 14 0 2.27 M M 7.4 15 280 M M 10 1 20 10
29 54 43 49 -10 16 0 T M 0 11.2 17 240 M M 9 1 27 250
30 58 38 48 -11 17 0 0.00 0.0 0 5.0 13 10 M M 0 8 18 10
31 66 38 52 -7 13 0 0.00 0.0 0 1.6 8 190 M M 0 1 11 180
================================================================================
SM 2191 1578 180 57 6.60 0.0 192.7 M 123
================================================================================
AV 70.7 50.9 6.2 FASTST M M 4 MAX(MPH)
MISC ----> # 30 30 # 48 40
================================================================================
NOTES:
# LAST OF SEVERAL OCCURRENCES
COLUMN 17 PEAK WIND IN M.P.H.
PRELIMINARY LOCAL CLIMATOLOGICAL DATA (WS FORM: F-6) , PAGE 2
STATION: Pine Bluff
MONTH: OCTOBER
YEAR: 2020
LATITUDE: 34 10 N
LONGITUDE: 91 56 W
[TEMPERATURE DATA] [PRECIPITATION DATA] SYMBOLS USED IN COLUMN 16
AVERAGE MONTHLY: 60.8 TOTAL FOR MONTH: 6.60 1 = FOG OR MIST
DPTR FM NORMAL: -2.6 DPTR FM NORMAL: 1.60 2 = FOG REDUCING VISIBILITY
HIGHEST: 86 ON 21 GRTST 24HR 3.44 ON 10-10 TO 1/4 MILE OR LESS
LOWEST: 38 ON 31,30 3 = THUNDER
SNOW, ICE PELLETS, HAIL 4 = ICE PELLETS
TOTAL MONTH: 0.0 INCH 5 = HAIL
GRTST 24HR 0.0 6 = FREEZING RAIN OR DRIZZLE
GRTST DEPTH: 0 7 = DUSTSTORM OR SANDSTORM:
VSBY 1/2 MILE OR LESS
8 = SMOKE OR HAZE
[NO. OF DAYS WITH] [WEATHER - DAYS WITH] 9 = BLOWING SNOW
X = TORNADO
MAX 32 OR BELOW: 0 0.01 INCH OR MORE: 5
MAX 90 OR ABOVE: 0 0.10 INCH OR MORE: 4
MIN 32 OR BELOW: 0 0.50 INCH OR MORE: 3
MIN 0 OR BELOW: 0 1.00 INCH OR MORE: 2
[HDD (BASE 65) ]
TOTAL THIS MO. 180 CLEAR (SCALE 0-3) 16
DPTR FM NORMAL 54 PTCLDY (SCALE 4-7) 8
TOTAL FM JUL 1 189 CLOUDY (SCALE 8-10) 7
DPTR FM NORMAL 52
[CDD (BASE 65) ]
TOTAL THIS MO. 57
DPTR FM NORMAL -18 [PRESSURE DATA]
TOTAL FM JAN 1 1940 HIGHEST SLP 30.40 ON 16
DPTR FM NORMAL -179 LOWEST SLP 29.63 ON 29
[REMARKS]
ALL SNOWFALL DATA IS FROM THE PINE BLUFF WATER PLANT SITE
#FINAL-10-20#