000
CXUS51 KBTV 010700
CF6PBG
PRELIMINARY LOCAL CLIMATOLOGICAL DATA (WS FORM: F-6)
STATION: PLATTSBURGH NY
MONTH: MAY
YEAR: 2022
LATITUDE: 44 39 N
LONGITUDE: 73 28 W
TEMPERATURE IN F: :PCPN: SNOW: WIND :SUNSHINE: SKY :PK WND
================================================================================
1 2 3 4 5 6A 6B 7 8 9 10 11 12 13 14 15 16 17 18
12Z AVG MX 2MIN
DY MAX MIN AVG DEP HDD CDD WTR SNW DPTH SPD SPD DIR MIN PSBL S-S WX SPD DR
================================================================================
1 65 30 48 -3 17 0 0.00 M M 2.7 10 20 M M 0 14 60
2 57 35 46 -5 19 0 0.01 M M 7.3 21 150 M M 7 26 150
3 66 47 57 5 8 0 0.13 M M 8.7 21 150 M M 8 1 27 150
4 56 47 52 0 13 0 0.25 M M 6.0 18 350 M M 10 12 23 360
5 58 40 49 -3 16 0 0.00 M M 7.0 20 350 M M 1 23 200
6 57 37 47 -6 18 0 0.00 M M 7.6 16 40 M M 1 26 70
7 60 36 48 -5 17 0 0.00 M M 13.4 21 360 M M 0 30 10
8 65 32 49 -5 16 0 0.00 M M 5.2 15 360 M M 0 19 10
9 74 33 54 0 11 0 0.00 M M 3.0 10 10 M M 0 17 20
10 76 35 56 2 9 0 0.00 M M 1.5 8 170 M M 0 13 140
11 81 39 60 5 5 0 0.00 M M 2.8 12 130 M M 0 13 130
12 85 42 64 9 1 0 0.00 M M 3.0 13 130 M M 0 15 120
13 84 48 66 11 0 1 0.00 M M 6.8 21 140 M M 0 27 130
14 85 54 70 14 0 5 0.00 M M 4.4 17 130 M M 0 21 140
15 72 59 66 10 0 1 0.06 M M 3.4 14 140 M M 5 1 17 140
16 78 54 66 10 0 1 0.28 M M 6.1 30 150 M M 5 123 37 140
17 63 49 56 -1 9 0 0.05 M M 8.0 20 310 M M 8 30 320
18 60 42 51 -6 14 0 0.00 M M 5.9 18 350 M M 1 28 340
19 54 38 46 -11 19 0 0.63 M M 2.3 15 160 M M 8 1 22 160
20 78 41 60 2 5 0 0.00 M M 10.4 23 160 M M 4 12 30 160
21 90 61 76 18 0 11 T M M 7.6 23 150 M M 3 3 28 150
22 85 53 69 11 0 4 0.04 M M 7.1 21 330 M M 5 13 27 290
23 61 44 53 -5 12 0 0.00 M M 7.1 16 10 M M 3 21 310
24 64 40 52 -6 13 0 0.00 M M 3.4 13 30 M M 1 15 40
25 70 40 55 -4 10 0 0.00 M M 2.3 9 40 M M 1 14 30
26 76 53 65 6 0 0 T M M 13.0 30 160 M M 3 36 150
27 77 58 68 9 0 3 0.35 M M 6.6 13 150 M M 7 1 M M
28 70 49 60 0 5 0 0.20 M M 5.8 18 340 M M 6 1 23 340
29 76 49 63 3 2 0 0.00 M M 4.8 16 140 M M 1 21 140
30 81 51 66 6 0 1 T M M 5.3 14 150 M M 1 17 140
31 78 60 69 9 0 4 0.00 M M 10.4 21 10 M M 3 26 10
================================================================================
SM 2202 1396 239 31 2.00 M 188.9 M 92
================================================================================
AV 71.0 45.0 6.1 FASTST M M 3 MAX(MPH)
MISC ----> # 30 150 37 140
================================================================================
NOTES:
# LAST OF SEVERAL OCCURRENCES
COLUMN 17 PEAK WIND IN M.P.H.
PRELIMINARY LOCAL CLIMATOLOGICAL DATA (WS FORM: F-6) , PAGE 2
STATION: PLATTSBURGH NY
MONTH: MAY
YEAR: 2022
LATITUDE: 44 39 N
LONGITUDE: 73 28 W
[TEMPERATURE DATA] [PRECIPITATION DATA] SYMBOLS USED IN COLUMN 16
AVERAGE MONTHLY: 58.0 TOTAL FOR MONTH: 2.00 1 = FOG OR MIST
DPTR FM NORMAL: 2.0 DPTR FM NORMAL: -0.88 2 = FOG REDUCING VISIBILITY
HIGHEST: 90 ON 21 GRTST 24HR 0.63 ON 19-19 TO 1/4 MILE OR LESS
LOWEST: 30 ON 1 3 = THUNDER
SNOW, ICE PELLETS, HAIL 4 = ICE PELLETS
TOTAL MONTH: M 5 = HAIL
GRTST 24HR M ON M 6 = FREEZING RAIN OR DRIZZLE
GRTST DEPTH: M ON M 7 = DUSTSTORM OR SANDSTORM:
VSBY 1/2 MILE OR LESS
8 = SMOKE OR HAZE
[NO. OF DAYS WITH] [WEATHER - DAYS WITH] 9 = BLOWING SNOW
X = TORNADO
MAX 32 OR BELOW: 0 0.01 INCH OR MORE: 10
MAX 90 OR ABOVE: 1 0.10 INCH OR MORE: 6
MIN 32 OR BELOW: 2 0.50 INCH OR MORE: 1
MIN 0 OR BELOW: 0 1.00 INCH OR MORE: 0
[HDD (BASE 65) ]
TOTAL THIS MO. 239 CLEAR (SCALE 0-3) 19
DPTR FM NORMAL -52 PTCLDY (SCALE 4-7) 9
TOTAL FM JUL 1 7264 CLOUDY (SCALE 8-10) 3
DPTR FM NORMAL -197
[CDD (BASE 65) ]
TOTAL THIS MO. 31
DPTR FM NORMAL 18 [PRESSURE DATA]
TOTAL FM JAN 1 31 HIGHEST SLP M ON M
DPTR FM NORMAL 17 LOWEST SLP 29.40 ON 16
[REMARKS]
#FINAL-05-22#