000
CXUS51 KBTV 010800
CF6PBG
PRELIMINARY LOCAL CLIMATOLOGICAL DATA (WS FORM: F-6)
STATION: PLATTSBURGH NY
MONTH: NOVEMBER
YEAR: 2020
LATITUDE: 44 39 N
LONGITUDE: 73 28 W
TEMPERATURE IN F: :PCPN: SNOW: WIND :SUNSHINE: SKY :PK WND
================================================================================
1 2 3 4 5 6A 6B 7 8 9 10 11 12 13 14 15 16 17 18
12Z AVG MX 2MIN
DY MAX MIN AVG DEP HDD CDD WTR SNW DPTH SPD SPD DIR MIN PSBL S-S WX SPD DR
================================================================================
1 49 33 41 -1 24 0 0.02 M M 12.7 31 160 M M 4 39 150
2 40 30 35 -7 30 0 0.14 M M 10.4 25 310 M M 7 1 38 300
3 34 27 31 -10 34 0 0.02 M M 6.9 23 330 M M 7 1 30 320
4 52 28 40 -1 25 0 0.00 M M 6.3 16 150 M M 3 20 150
5 67 29 48 7 17 0 T M M 4.2 16 150 M M 0 22 170
6 71 43 57 17 8 0 0.00 M M 5.3 14 260 M M 0 22 250
7 75 51 63 23 2 0 0.00 M M 5.2 12 220 M M 0 19 220
8 67 40 54 14 11 0 0.00 M M 2.8 14 140 M M 0 19 140
9 67 35 51 12 14 0 0.00 M M 2.8 13 140 M M 0 1 15 130
10 68 35 52 13 13 0 0.00 M M 2.7 14 150 M M 0 18 170
11 68 43 56 18 9 0 T M M 5.4 16 150 M M 5 1 23 290
12 58 27 43 5 22 0 0.00 M M 4.2 14 310 M M 1 19 310
13 43 24 34 -4 31 0 T M M 3.0 17 150 M M 5 23 140
14 44 21 33 -4 32 0 T M M 4.5 15 310 M M 6 25 290
15 45 20 33 -4 32 0 0.18 M M 11.4 28 160 M M 5 41 160
16 M M M M M M 0.00 M M M M M M M M M M
17 M M M M M M 0.00 M M M M M M M M M M
18 M M M M M M 0.00 M M M M M M M M M M
19 M M M M M M 0.00 M M M M M M M M M M
20 M M M M M M 0.00 M M M M M M M M M M
21 M M M M M M 0.00 M M M M M M M M M M
22 M M M M M M 0.00 M M M M M M M M M M
23 M M M M M M M M M M M M M M M M M
24 36 20 28 -5 37 0 0.00 M M 8.1 21 330 M M 2 27 350
25 42 22 32 -1 33 0 0.02 M M 6.8 18 160 M M 8 1 26 160
26 50 36 43 11 22 0 0.15 M M 2.2 12 160 M M 10 1 M M
27 52 40 46 14 19 0 T M M 2.4 9 360 M M 10 1 11 10
28 46 39 43 11 22 0 T M M 2.6 9 270 M M 9 1 14 290
29 48 27 38 7 27 0 0.00 M M 4.5 15 150 M M 2 17 160
30 46 25 36 5 29 0 0.37 M M 3.0 17 150 M M 6 1 20 150
================================================================================
SM 1168 695 493 0 0.90 M 117.4 M 90
================================================================================
AV 53.1 31.6 5.3 FASTST M M 4 MAX(MPH)
MISC ----> 31 160 41 160
================================================================================
NOTES:
# LAST OF SEVERAL OCCURRENCES
COLUMN 17 PEAK WIND IN M.P.H.
PRELIMINARY LOCAL CLIMATOLOGICAL DATA (WS FORM: F-6) , PAGE 2
STATION: PLATTSBURGH NY
MONTH: NOVEMBER
YEAR: 2020
LATITUDE: 44 39 N
LONGITUDE: 73 28 W
[TEMPERATURE DATA] [PRECIPITATION DATA] SYMBOLS USED IN COLUMN 16
AVERAGE MONTHLY: 42.3 TOTAL FOR MONTH: 0.90 1 = FOG OR MIST
DPTR FM NORMAL: 5.6 DPTR FM NORMAL: M 2 = FOG REDUCING VISIBILITY
HIGHEST: 75 ON 7 GRTST 24HR 0.37 ON 30-30 TO 1/4 MILE OR LESS
LOWEST: 20 ON 24,15 3 = THUNDER
SNOW, ICE PELLETS, HAIL 4 = ICE PELLETS
TOTAL MONTH: M 5 = HAIL
GRTST 24HR M ON M 6 = FREEZING RAIN OR DRIZZLE
GRTST DEPTH: M ON M 7 = DUSTSTORM OR SANDSTORM:
VSBY 1/2 MILE OR LESS
8 = SMOKE OR HAZE
[NO. OF DAYS WITH] [WEATHER - DAYS WITH] 9 = BLOWING SNOW
X = TORNADO
MAX 32 OR BELOW: 0 0.01 INCH OR MORE: 7
MAX 90 OR ABOVE: 0 0.10 INCH OR MORE: 4
MIN 32 OR BELOW: 12 0.50 INCH OR MORE: 0
MIN 0 OR BELOW: 0 1.00 INCH OR MORE: 0
[HDD (BASE 65) ]
TOTAL THIS MO. 493 CLEAR (SCALE 0-3) 10
DPTR FM NORMAL -358 PTCLDY (SCALE 4-7) 8
TOTAL FM JUL 1 1261 CLOUDY (SCALE 8-10) 12
DPTR FM NORMAL -372
[CDD (BASE 65) ]
TOTAL THIS MO. 0
DPTR FM NORMAL 0 [PRESSURE DATA]
TOTAL FM JAN 1 531 HIGHEST SLP 30.56 ON 22
DPTR FM NORMAL 185 LOWEST SLP 29.36 ON 30
[REMARKS]
#FINAL-11-20#