000
CXUS51 KBTV 010700
CF6PBG
PRELIMINARY LOCAL CLIMATOLOGICAL DATA (WS FORM: F-6)
STATION: PLATTSBURGH NY
MONTH: AUGUST
YEAR: 2020
LATITUDE: 44 39 N
LONGITUDE: 73 28 W
TEMPERATURE IN F: :PCPN: SNOW: WIND :SUNSHINE: SKY :PK WND
================================================================================
1 2 3 4 5 6A 6B 7 8 9 10 11 12 13 14 15 16 17 18
12Z AVG MX 2MIN
DY MAX MIN AVG DEP HDD CDD WTR SNW DPTH SPD SPD DIR MIN PSBL S-S WX SPD DR
================================================================================
1 84 57 71 2 0 6 0.00 M M 3.0 10 70 M M 0 27 40
2 83 62 73 4 0 8 0.17 M M 6.1 22 160 M M 6 13 29 170
3 81 61 71 2 0 6 0.00 M M 5.6 17 240 M M 2 1 26 310
4 71 62 67 -2 0 2 2.74 M M 8.8 31 10 M M 8 1 40 330
5 80 55 68 -1 0 3 0.06 M M 4.6 15 240 M M 3 8 24 250
6 80 54 67 -2 0 2 0.00 M M 2.8 10 60 M M 2 23 290
7 80 52 66 -3 0 1 0.00 M M 2.6 10 130 M M 0 19 140
8 82 57 70 1 0 5 0.00 M M 2.6 10 130 M M 2 15 140
9 84 61 73 4 0 8 0.03 M M 3.3 10 140 M M 5 1 15 240
10 84 64 74 6 0 9 0.14 M M 3.9 18 300 M M 5 13 25 300
11 88 64 76 8 0 11 0.07 M M 5.8 18 150 M M 2 13 26 290
12 88 62 75 7 0 10 0.00 M M 3.0 12 290 M M 2 19 290
13 83 59 71 3 0 6 0.00 M M 2.5 8 60 M M 1 15 110
14 79 58 69 1 0 4 0.00 M M 6.7 15 40 M M 0 19 10
15 83 54 69 1 0 4 0.00 M M 2.3 8 30 M M 0 10 30
16 80 56 68 0 0 3 0.00 M M 7.4 18 150 M M 0 23 150
17 74 60 67 -1 0 2 0.23 M M 2.7 10 140 M M 5 13 16 210
18 79 59 69 1 0 4 0.03 M M 4.4 16 330 M M 5 1 23 330
19 73 55 64 -3 1 0 0.21 M M 4.3 13 330 M M 5 17 330
20 72 46 59 -8 6 0 T M M 4.4 13 140 M M 3 16 140
21 77 61 69 2 0 4 0.03 M M 2.8 12 190 M M 8 1 16 220
22 78 59 69 2 0 4 0.17 M M 2.3 14 10 M M 5 18 19 360
23 80 56 68 1 0 3 0.14 M M 2.3 10 130 M M 3 1 17 130
24 78 63 71 5 0 6 0.04 M M 3.2 13 140 M M 5 138 32 210
25 81 59 70 4 0 5 T M M 7.9 23 330 M M 4 1 33 320
26 69 51 60 -6 5 0 0.00 M M 7.8 18 320 M M 1 25 330
27 64 46 55 -11 10 0 T M M 2.1 9 350 M M 6 13 140
28 73 56 65 -1 0 0 0.00 M M 3.8 13 360 M M 6 22 280
29 76 57 67 2 0 2 M M M 6.8 18 160 M M 6 1 24 160
30 69 58 64 -1 1 0 0.00 M M 9.2 22 350 M M 8 31 320
31 71 49 60 -5 5 0 0.00 M M 3.2 10 140 M M 1 25 90
================================================================================
SM 2424 1773 28 118 4.06 M 138.2 M 109
================================================================================
AV 78.2 57.2 4.5 FASTST M M 4 MAX(MPH)
MISC ----> 31 10 40 330
================================================================================
NOTES:
# LAST OF SEVERAL OCCURRENCES
COLUMN 17 PEAK WIND IN M.P.H.
PRELIMINARY LOCAL CLIMATOLOGICAL DATA (WS FORM: F-6) , PAGE 2
STATION: PLATTSBURGH NY
MONTH: AUGUST
YEAR: 2020
LATITUDE: 44 39 N
LONGITUDE: 73 28 W
[TEMPERATURE DATA] [PRECIPITATION DATA] SYMBOLS USED IN COLUMN 16
AVERAGE MONTHLY: 67.7 TOTAL FOR MONTH: 4.06 1 = FOG OR MIST
DPTR FM NORMAL: 0.1 DPTR FM NORMAL: M 2 = FOG REDUCING VISIBILITY
HIGHEST: 88 ON 12,11 GRTST 24HR 2.74 ON 4- 4 TO 1/4 MILE OR LESS
LOWEST: 46 ON 27,20 3 = THUNDER
SNOW, ICE PELLETS, HAIL 4 = ICE PELLETS
TOTAL MONTH: M 5 = HAIL
GRTST 24HR M ON M 6 = FREEZING RAIN OR DRIZZLE
GRTST DEPTH: M ON M 7 = DUSTSTORM OR SANDSTORM:
VSBY 1/2 MILE OR LESS
8 = SMOKE OR HAZE
[NO. OF DAYS WITH] [WEATHER - DAYS WITH] 9 = BLOWING SNOW
X = TORNADO
MAX 32 OR BELOW: 0 0.01 INCH OR MORE: 13
MAX 90 OR ABOVE: 0 0.10 INCH OR MORE: 7
MIN 32 OR BELOW: 0 0.50 INCH OR MORE: 1
MIN 0 OR BELOW: 0 1.00 INCH OR MORE: 1
[HDD (BASE 65) ]
TOTAL THIS MO. 28 CLEAR (SCALE 0-3) 14
DPTR FM NORMAL -2 PTCLDY (SCALE 4-7) 16
TOTAL FM JUL 1 28 CLOUDY (SCALE 8-10) 1
DPTR FM NORMAL -10
[CDD (BASE 65) ]
TOTAL THIS MO. 118
DPTR FM NORMAL 9 [PRESSURE DATA]
TOTAL FM JAN 1 523 HIGHEST SLP M ON M
DPTR FM NORMAL 201 LOWEST SLP 29.28 ON 29
[REMARKS]
#FINAL-08-20#