000
CXUS52 KMFL 011030
CF6PBI
PRELIMINARY LOCAL CLIMATOLOGICAL DATA (WS FORM: F-6)
STATION: WEST PALM BEACH
MONTH: MAY
YEAR: 2022
LATITUDE: 26 40 N
LONGITUDE: 80 7 W
TEMPERATURE IN F: :PCPN: SNOW: WIND :SUNSHINE: SKY :PK WND
================================================================================
1 2 3 4 5 6A 6B 7 8 9 10 11 12 13 14 15 16 17 18
12Z AVG MX 2MIN
DY MAX MIN AVG DEP HDD CDD WTR SNW DPTH SPD SPD DIR MIN PSBL S-S WX SPD DR
================================================================================
1 83 73 78 1 0 13 0.00 0.0 0 10.8 17 110 M M 5 24 100
2 85 70 78 1 0 13 T 0.0 0 10.7 21 110 M M 4 27 110
3 84 76 80 3 0 15 0.00 0.0 0 10.4 20 110 M M 6 23 90
4 84 71 78 1 0 13 0.00 0.0 0 5.8 16 90 M M 4 3 19 100
5 89 69 79 2 0 14 T 0.0 0 6.6 16 90 M M 2 20 100
6 93 74 84 6 0 19 0.00 0.0 0 8.9 20 160 M M 4 26 160
7 85 72 79 1 0 14 0.02 0.0 0 11.4 21 290 M M 6 27 230
8 92 70 81 3 0 16 0.00 0.0 0 11.1 20 300 M M 4 27 280
9 84 74 79 1 0 14 0.00 0.0 0 13.0 21 60 M M 6 26 50
10 83 67 75 -3 0 10 0.00 0.0 0 12.8128 30 M M 6 128 30
11 84 63 74 -4 0 9 0.01 0.0 0 12.2 25 360 M M 6 33 360
12 82 66 74 -4 0 9 0.01 0.0 0 9.5 20 50 M M 6 1 24 20
13 87 67 77 -1 0 12 T 0.0 0 6.4 20 130 M M 5 3 24 130
14 88 69 79 1 0 14 0.01 0.0 0 6.4 16 100 M M 5 3 19 60
15 88 71 80 1 0 15 0.01 0.0 0 8.1 20 90 M M 5 3 24 120
16 92 71 82 3 0 17 0.23 0.0 0 6.9 22 190 M M 5 13 27 180
17 87 70 79 0 0 14 0.00 0.0 0 7.1 15 130 M M 2 20 130
18 91 73 82 3 0 17 0.00 0.0 0 7.7 17 120 M M 2 3 20 120
19 90 74 82 3 0 17 0.00 0.0 0 8.3 21 140 M M 4 27 140
20 87 73 80 1 0 15 1.13 M M 7.7 23 100 M M 7 13 28 190
21 88 79 84 5 0 19 0.00 M M 14.5 22 130 M M 7 27 120
22 88 80 84 5 0 19 0.00 0.0 0 14.7 21 130 M M 6 27 120
23 87 79 83 3 0 18 0.00 0.0 0 13.3 20 110 M M 4 25 110
24 87 79 83 3 0 18 0.00 0.0 0 14.4 20 120 M M 4 28 120
25 88 79 84 4 0 19 T 0.0 0 15.9 23 100 M M 5 32 110
26 87 78 83 3 0 18 0.00 0.0 0 12.4 22 140 M M 4 30 110
27 89 78 84 4 0 19 0.00 0.0 0 12.8 22 150 M M 6 3 28 140
28 90 74 82 2 0 17 T 0.0 0 8.2 21 130 M M 7 3 24 130
29 90 71 81 1 0 16 0.04 0.0 0 7.7 30 110 M M 6 3 37 120
30 86 75 81 1 0 16 0.42 0.0 0 9.0 20 60 M M 7 13 24 60
31 87 74 81 1 0 16 0.00 0.0 0 7.8 16 50 M M 6 20 40
================================================================================
SM 2705 2259 0 475 1.88 0.0 312.5 M 156
================================================================================
AV 87.3 72.9 10.1 FASTST M M 5 MAX(MPH)
MISC ----> 128 30 128 30
================================================================================
NOTES:
# LAST OF SEVERAL OCCURRENCES
COLUMN 17 PEAK WIND IN M.P.H.
PRELIMINARY LOCAL CLIMATOLOGICAL DATA (WS FORM: F-6) , PAGE 2
STATION: WEST PALM BEACH
MONTH: MAY
YEAR: 2022
LATITUDE: 26 40 N
LONGITUDE: 80 7 W
[TEMPERATURE DATA] [PRECIPITATION DATA] SYMBOLS USED IN COLUMN 16
AVERAGE MONTHLY: 80.1 TOTAL FOR MONTH: 1.88 1 = FOG OR MIST
DPTR FM NORMAL: 1.4 DPTR FM NORMAL: -3.03 2 = FOG REDUCING VISIBILITY
HIGHEST: 93 ON 6 GRTST 24HR 1.13 ON 20-20 TO 1/4 MILE OR LESS
LOWEST: 63 ON 11 3 = THUNDER
SNOW, ICE PELLETS, HAIL 4 = ICE PELLETS
TOTAL MONTH: 0.0 INCH 5 = HAIL
GRTST 24HR 0.0 6 = FREEZING RAIN OR DRIZZLE
GRTST DEPTH: 0 7 = DUSTSTORM OR SANDSTORM:
VSBY 1/2 MILE OR LESS
8 = SMOKE OR HAZE
[NO. OF DAYS WITH] [WEATHER - DAYS WITH] 9 = BLOWING SNOW
X = TORNADO
MAX 32 OR BELOW: 0 0.01 INCH OR MORE: 9
MAX 90 OR ABOVE: 7 0.10 INCH OR MORE: 3
MIN 32 OR BELOW: 0 0.50 INCH OR MORE: 1
MIN 0 OR BELOW: 0 1.00 INCH OR MORE: 1
[HDD (BASE 65) ]
TOTAL THIS MO. 0 CLEAR (SCALE 0-3) 3
DPTR FM NORMAL 0 PTCLDY (SCALE 4-7) 28
TOTAL FM JUL 1 97 CLOUDY (SCALE 8-10) 0
DPTR FM NORMAL -105
[CDD (BASE 65) ]
TOTAL THIS MO. 475
DPTR FM NORMAL 50 [PRESSURE DATA]
TOTAL FM JAN 1 1522 HIGHEST SLP 30.24 ON 22
DPTR FM NORMAL 335 LOWEST SLP 29.79 ON 7
[REMARKS]
#FINAL-05-22#