000
CXUS56 KPQR 011730
CLMPDX
CLIMATE REPORT
NATIONAL WEATHER SERVICE PORTLAND OREGON
930 AM PST THU FEB 01 2024
...................................
...THE PORTLAND OR CLIMATE SUMMARY FOR THE MONTH OF JANUARY 2024...
CLIMATE NORMAL PERIOD 1991 TO 2020
CLIMATE RECORD PERIOD 1940 TO 2024
WEATHER OBSERVED NORMAL DEPART LAST YEAR`S
VALUE DATE(S) VALUE FROM VALUE DATE(S)
NORMAL
................................................................
TEMPERATURE (F)
HIGHEST 58 54 01/08
01/13
LOWEST 15 21 01/30
AVG. MAXIMUM 44.8 47.5 -2.7 48.3
AVG. MINIMUM 35.7 36.2 -0.5 38.3
MEAN 40.3 41.9 -1.6 43.3
DAYS MAX >= 90 0 0.0 0.0 0
DAYS MAX <= 32 4 0.6 3.4 0
DAYS MIN <= 32 6 8.7 -2.7 5
DAYS MIN <= 0 0 0.0 0.0 0
PRECIPITATION (INCHES)
RECORD
MAXIMUM 12.83 1953
MINIMUM 0.06 1985
TOTALS 9.43 5.03 4.40 3.34
DAYS >= .01 26 18.7 7.3 20
DAYS >= .10 21 12.3 8.7 11
DAYS >= .50 8 3.3 4.7 1
DAYS >= 1.00 1 0.5 0.5 0
GREATEST
24 HR. TOTAL 1.59 01/26 TO 01/27
SNOWFALL (INCHES)
TOTALS 1.6
SINCE 7/1 1.6
DEGREE DAYS
HEATING TOTAL 759 718 41 667
SINCE 7/1 2123 2356 -233 MM
COOLING TOTAL 0 0 0 0
SINCE 1/1 0 0 0 MM
................................................................
WIND (MPH)
AVERAGE WIND SPEED 11.1
RESULTANT WIND SPEED/DIRECTION 9/130
HIGHEST WIND SPEED/DIRECTION 38/100 DATE 01/13
HIGHEST GUST SPEED/DIRECTION 46/100 DATE 01/13
SKY COVER
POSSIBLE SUNSHINE (PERCENT) MM
AVERAGE SKY COVER 0.89
NUMBER OF DAYS FAIR 0
NUMBER OF DAYS PC 3
NUMBER OF DAYS CLOUDY 28
AVERAGE RH (PERCENT) 76
WEATHER CONDITIONS. NUMBER OF DAYS WITH
THUNDERSTORM 0 MIXED PRECIP 0
HEAVY RAIN 3 RAIN 13
LIGHT RAIN 24 FREEZING RAIN 0
LT FREEZING RAIN 3 HAIL 0
HEAVY SNOW 0 SNOW 1
LIGHT SNOW 3 SLEET 4
FOG 19 FOG W/VIS <= 1/4 MILE 2
HAZE 3
- INDICATES NEGATIVE NUMBERS.
R INDICATES RECORD WAS SET OR TIED.
MM INDICATES DATA IS MISSING.
T INDICATES TRACE AMOUNT.
$$