000
CXUS54 KEWX 171010
CF6PEZ
PRELIMINARY LOCAL CLIMATOLOGICAL DATA (WS FORM: F-6)
STATION: PLEASANTON MUNICIPAL AIRPORT
MONTH: APRIL
YEAR: 2024
LATITUDE: 28 57 N
LONGITUDE: 98 31 W
TEMPERATURE IN F: :PCPN: SNOW: WIND :SUNSHINE: SKY :PK WND
================================================================================
1 2 3 4 5 6A 6B 7 8 9 10 11 12 13 14 15 16 17 18
12Z AVG MX 2MIN
DY MAX MIN AVG DEP HDD CDD WTR SNW DPTH SPD SPD DIR MIN PSBL S-S WX SPD DR
================================================================================
1 91 72 82 M 0 17 0.00 M M 9.0 14 150 M M 5 18 30 140
2 84 58 71 M 0 6 T M M 9.5 17 330 M M 2 24 350
3 82 47 65 M 0 0 0.00 M M 4.8 10 300 M M 0 21 300
4 90 42 66 M 0 1 0.00 M M 2.8 9 230 M M 0 17 0
5 89 45 67 M 0 2 0.00 M M 8.1 20 160 M M 0 30 150
6 83 62 73 M 0 8 0.00 M M 8.1 13 180 M M 8 1 22 160
7 83 68 76 M 0 11 0.00 M M 6.0 13 40 M M 5 23 120
8 81 69 75 M 0 10 0.00 M M 6.6 12 160 M M 9 8 18 140
9 92 64 78 M 0 13 0.59 M M 8.3 15 350 M M 6 13 25 30
10 79 60 70 M 0 5 0.08 M M 12.6 24 330 M M 1 3 31 330
11 86 55 71 M 0 6 0.00 M M 5.8 9 340 M M 0 17 340
12 86 49 68 M 0 3 0.00 M M 6.8 16 130 M M 0 23 140
13 86 63 75 M 0 10 0.00 M M 9.2 17 130 M M 0 26 130
14 89 67 78 M 0 13 0.00 M M 7.9 16 120 M M 6 22 120
15 92 72 82 M 0 17 0.00 M M 10.1 16 140 M M 8 25 130
16 81 73 77 M 0 12 0.01 M M 4.0 13 140 M M 8 1 20 140
================================================================================
SM 1374 966 0 134 0.68 M 119.6 M 58
================================================================================
AV 85.9 60.4 7.5 FASTST M M 4 MAX(MPH)
MISC ----> 24 330 31 330
================================================================================
NOTES:
# LAST OF SEVERAL OCCURRENCES
COLUMN 17 PEAK WIND IN M.P.H.
PRELIMINARY LOCAL CLIMATOLOGICAL DATA (WS FORM: F-6) , PAGE 2
STATION: PLEASANTON MUNICIPAL AIRPORT
MONTH: APRIL
YEAR: 2024
LATITUDE: 28 57 N
LONGITUDE: 98 31 W
[TEMPERATURE DATA] [PRECIPITATION DATA] SYMBOLS USED IN COLUMN 16
AVERAGE MONTHLY: 73.1 TOTAL FOR MONTH: 0.68 1 = FOG OR MIST
DPTR FM NORMAL: 0.0 DPTR FM NORMAL: 0.68 2 = FOG REDUCING VISIBILITY
HIGHEST: 92 ON 15, 9 GRTST 24HR 0.59 ON 9- 9 TO 1/4 MILE OR LESS
LOWEST: 42 ON 4 3 = THUNDER
SNOW, ICE PELLETS, HAIL 4 = ICE PELLETS
TOTAL MONTH: M 5 = HAIL
GRTST 24HR M ON M 6 = FREEZING RAIN OR DRIZZLE
GRTST DEPTH: M ON M 7 = DUSTSTORM OR SANDSTORM:
VSBY 1/2 MILE OR LESS
8 = SMOKE OR HAZE
[NO. OF DAYS WITH] [WEATHER - DAYS WITH] 9 = BLOWING SNOW
X = TORNADO
MAX 32 OR BELOW: 0 0.01 INCH OR MORE: 3
MAX 90 OR ABOVE: 4 0.10 INCH OR MORE: 1
MIN 32 OR BELOW: 0 0.50 INCH OR MORE: 1
MIN 0 OR BELOW: 0 1.00 INCH OR MORE: 0
[HDD (BASE 65) ]
TOTAL THIS MO. 0 CLEAR (SCALE 0-3) 8
DPTR FM NORMAL M PTCLDY (SCALE 4-7) 7
TOTAL FM JUL 1 958 CLOUDY (SCALE 8-10) 1
DPTR FM NORMAL M
[CDD (BASE 65) ]
TOTAL THIS MO. 134
DPTR FM NORMAL M [PRESSURE DATA]
TOTAL FM JAN 1 336 HIGHEST SLP M ON M
DPTR FM NORMAL M LOWEST SLP M ON M
[REMARKS]