000
CXUS54 KEWX 011010
CF6PEZ
PRELIMINARY LOCAL CLIMATOLOGICAL DATA (WS FORM: F-6)
STATION: PLEASANTON MUNICIPAL AIRPORT
MONTH: JULY
YEAR: 2023
LATITUDE: 28 57 N
LONGITUDE: 98 31 W
TEMPERATURE IN F: :PCPN: SNOW: WIND :SUNSHINE: SKY :PK WND
================================================================================
1 2 3 4 5 6A 6B 7 8 9 10 11 12 13 14 15 16 17 18
12Z AVG MX 2MIN
DY MAX MIN AVG DEP HDD CDD WTR SNW DPTH SPD SPD DIR MIN PSBL S-S WX SPD DR
================================================================================
1 103 78 91 M 0 26 0.00 M M 7.2 16 100 M M 4 8 22 100
2 96 78 87 M 0 22 0.00 M M 2.0 7 140 M M 1 M M
3 100 77 89 M 0 24 0.00 M M 5.3 12 90 M M 2 18 26 90
4 100 79 90 M 0 25 0.00 M M 6.6 13 130 M M 1 23 130
5 98 80 89 M 0 24 0.05 M M 7.1 14 80 M M 4 21 80
6 90 77 84 M 0 19 0.24 M M 7.5 17 120 M M 8 128 22 120
7 94 75 85 M 0 20 0.01 M M 6.9 14 160 M M 6 23 150
8 100 77 89 M 0 24 0.00 M M 6.2 13 160 M M 4 1 18 160
9 102 77 90 M 0 25 0.00 M M 6.9 14 130 M M 2 23 130
10 103 77 90 M 0 25 0.00 M M 6.7 15 150 M M 2 23 150
11 106 78 92 M 0 27 0.00 M M 7.8 16 140 M M 1 24 130
12 106 80 93 M 0 28 0.00 M M 8.8 17 120 M M 2 27 140
13 107 78 93 M 0 28 0.00 M M 8.9 14 130 M M 1 24 130
14 103 79 91 M 0 26 0.00 M M 7.8 12 140 M M 2 20 150
15 M M M M M M 0.00 M M M M M M M M M M
16 M M M M M M 0.00 M M M M M M M M M M
17 M M M M M M 0.00 M M M M M M M M M M
18 M M M M M M 0.00 M M M M M M M M M M
19 105 84 95 M 0 30 0.06 M M 10.2 16 150 M M 1 22 150
20 105 76 91 M 0 26 0.00 M M 7.6 16 140 M M 1 22 140
21 103 75 89 M 0 24 0.00 M M 5.4 12 140 M M 2 23 140
22 105 73 89 M 0 24 0.00 M M 4.1 12 160 M M 0 17 130
23 105 74 90 M 0 25 0.98 M M 4.6 38 360 M M 2 38 47 360
24 102 74 88 M 0 23 0.00 M M 4.7 18 140 M M 0 24 130
25 102 75 89 M 0 24 0.00 M M 4.9 14 140 M M 2 23 150
26 103 78 91 M 0 26 0.00 M M 6.5 13 150 M M 2 21 150
27 89 77 83 M 0 18 0.00 M M 5.6 10 170 M M 3 16 160
28 102 75 89 M 0 24 0.00 M M 6.0 14 160 M M 0 24 160
29 M 72 M M M M 0.00 M M 1.4 6 150 M M 0 M M
30 101 74 88 M 0 23 0.00 M M 3.5 9 170 M M 0 17 160
31 103 76 90 M 0 25 0.00 M M 3.9 8 130 M M 1 16 120
================================================================================
SM 2633 2073 0 635 1.34 M 164.3 M 54
================================================================================
AV101.3 76.8 6.1 FASTST M M 2 MAX(MPH)
MISC ----> 38 360 47 360
================================================================================
NOTES:
# LAST OF SEVERAL OCCURRENCES
COLUMN 17 PEAK WIND IN M.P.H.
PRELIMINARY LOCAL CLIMATOLOGICAL DATA (WS FORM: F-6) , PAGE 2
STATION: PLEASANTON MUNICIPAL AIRPORT
MONTH: JULY
YEAR: 2023
LATITUDE: 28 57 N
LONGITUDE: 98 31 W
[TEMPERATURE DATA] [PRECIPITATION DATA] SYMBOLS USED IN COLUMN 16
AVERAGE MONTHLY: 89.0 TOTAL FOR MONTH: 1.34 1 = FOG OR MIST
DPTR FM NORMAL: 0.0 DPTR FM NORMAL: M 2 = FOG REDUCING VISIBILITY
HIGHEST: 107 ON 13 GRTST 24HR 0.98 ON 23-23 TO 1/4 MILE OR LESS
LOWEST: 72 ON 29 3 = THUNDER
SNOW, ICE PELLETS, HAIL 4 = ICE PELLETS
TOTAL MONTH: M 5 = HAIL
GRTST 24HR M ON M 6 = FREEZING RAIN OR DRIZZLE
GRTST DEPTH: M ON M 7 = DUSTSTORM OR SANDSTORM:
VSBY 1/2 MILE OR LESS
8 = SMOKE OR HAZE
[NO. OF DAYS WITH] [WEATHER - DAYS WITH] 9 = BLOWING SNOW
X = TORNADO
MAX 32 OR BELOW: 0 0.01 INCH OR MORE: 5
MAX 90 OR ABOVE: 25 0.10 INCH OR MORE: 2
MIN 32 OR BELOW: 0 0.50 INCH OR MORE: 1
MIN 0 OR BELOW: 0 1.00 INCH OR MORE: 0
[HDD (BASE 65) ]
TOTAL THIS MO. 0 CLEAR (SCALE 0-3) 22
DPTR FM NORMAL M PTCLDY (SCALE 4-7) 4
TOTAL FM JUL 1 0 CLOUDY (SCALE 8-10) 5
DPTR FM NORMAL M
[CDD (BASE 65) ]
TOTAL THIS MO. 635
DPTR FM NORMAL M [PRESSURE DATA]
TOTAL FM JAN 1 2234 HIGHEST SLP M ON M
DPTR FM NORMAL M LOWEST SLP M ON M
[REMARKS]
#FINAL-07-23#