000
CXUS54 KEWX 011110
CF6PEZ
PRELIMINARY LOCAL CLIMATOLOGICAL DATA (WS FORM: F-6)
STATION: PLEASANTON MUNICIPAL AIRPORT
MONTH: FEBRUARY
YEAR: 2024
LATITUDE: 28 57 N
LONGITUDE: 98 31 W
TEMPERATURE IN F: :PCPN: SNOW: WIND :SUNSHINE: SKY :PK WND
================================================================================
1 2 3 4 5 6A 6B 7 8 9 10 11 12 13 14 15 16 17 18
12Z AVG MX 2MIN
DY MAX MIN AVG DEP HDD CDD WTR SNW DPTH SPD SPD DIR MIN PSBL S-S WX SPD DR
================================================================================
1 80 49 65 M 0 0 0.00 M M 4.9 10 140 M M 1 18 170
2 76 58 67 M 0 2 0.52 M M 6.5 14 130 M M 8 13 32 120
3 75 47 61 M 4 0 0.37 M M 5.3 13 20 M M 3 3 31 360
4 75 47 61 M 4 0 0.00 M M 12.0 26 300 M M 0 37 300
5 68 49 59 M 6 0 0.00 M M 7.1 15 340 M M 2 27 360
6 73 41 57 M 8 0 0.00 M M 2.5 7 80 M M 0 M M
7 75 43 59 M 6 0 0.00 M M 7.9 17 120 M M 2 1 26 160
8 78 63 71 M 0 6 0.00 M M 3.0 7 30 M M 5 M M
9 80 64 72 M 0 7 0.00 M M 3.9 7 130 M M 7 1 M M
10 76 66 71 M 0 6 0.00 M M 5.3 12 160 M M 8 1 18 170
11 75 55 65 M 0 0 0.00 M M 8.6 18 340 M M 3 1 25 340
12 66 42 54 M 11 0 0.00 M M 8.4 15 340 M M 1 25 320
13 73 34 54 M 11 0 0.00 M M 3.2 9 150 M M 0 17 150
14 69 44 57 M 8 0 0.00 M M 4.4 10 150 M M 6 M M
15 70 61 66 M 0 1 0.00 M M 0.8 5 150 M M 9 18 M M
16 70 59 65 M 0 0 0.12 M M 3.8 9 40 M M 7 20 40
17 59 40 50 M 15 0 0.00 M M 10.3 18 40 M M 2 25 20
18 57 38 48 M 17 0 0.00 M M 2.4 7 360 M M 2 M M
19 73 37 55 M 10 0 0.00 M M 3.5 10 180 M M 0 17 210
20 83 42 63 M 2 0 0.00 M M 5.2 13 160 M M 2 12 20 180
21 84 56 70 M 0 5 0.00 M M 6.5 14 150 M M 5 12 24 150
22 87 57 72 M 0 7 0.00 M M 3.6 10 310 M M 5 9 170
23 79 49 64 M 1 0 0.00 M M 3.7 12 50 M M 0 18 50
24 82 45 64 M 1 0 0.00 M M 5.8 12 170 M M 0 17 160
25 89 48 69 M 0 4 0.00 M M 4.9 9 180 M M 0 1 17 220
26 89 55 72 M 0 7 0.00 M M 3.5 9 130 M M 3 12 16 130
27 88 65 77 M 0 12 0.00 M M 3.4 7 180 M M 4 18 M M
28 70 51 61 M 4 0 0.00 M M 9.2 18 50 M M 0 1 28 20
29 51 45 48 M 17 0 0.00 M M 6.7 14 50 M M 9 1 18 50
================================================================================
SM 2170 1450 125 57 1.01 M 156.1 M 94
================================================================================
AV 74.8 50.0 5.4 FASTST M M 3 MAX(MPH)
MISC ----> 26 300 37 300
================================================================================
NOTES:
# LAST OF SEVERAL OCCURRENCES
COLUMN 17 PEAK WIND IN M.P.H.
PRELIMINARY LOCAL CLIMATOLOGICAL DATA (WS FORM: F-6) , PAGE 2
STATION: PLEASANTON MUNICIPAL AIRPORT
MONTH: FEBRUARY
YEAR: 2024
LATITUDE: 28 57 N
LONGITUDE: 98 31 W
[TEMPERATURE DATA] [PRECIPITATION DATA] SYMBOLS USED IN COLUMN 16
AVERAGE MONTHLY: 62.4 TOTAL FOR MONTH: 1.01 1 = FOG OR MIST
DPTR FM NORMAL: 0.0 DPTR FM NORMAL: M 2 = FOG REDUCING VISIBILITY
HIGHEST: 89 ON 26,25 GRTST 24HR 0.52 ON 2- 2 TO 1/4 MILE OR LESS
LOWEST: 34 ON 13 3 = THUNDER
SNOW, ICE PELLETS, HAIL 4 = ICE PELLETS
TOTAL MONTH: M 5 = HAIL
GRTST 24HR M ON M 6 = FREEZING RAIN OR DRIZZLE
GRTST DEPTH: M ON M 7 = DUSTSTORM OR SANDSTORM:
VSBY 1/2 MILE OR LESS
8 = SMOKE OR HAZE
[NO. OF DAYS WITH] [WEATHER - DAYS WITH] 9 = BLOWING SNOW
X = TORNADO
MAX 32 OR BELOW: 0 0.01 INCH OR MORE: 3
MAX 90 OR ABOVE: 0 0.10 INCH OR MORE: 3
MIN 32 OR BELOW: 0 0.50 INCH OR MORE: 1
MIN 0 OR BELOW: 0 1.00 INCH OR MORE: 0
[HDD (BASE 65) ]
TOTAL THIS MO. 125 CLEAR (SCALE 0-3) 17
DPTR FM NORMAL M PTCLDY (SCALE 4-7) 9
TOTAL FM JUL 1 905 CLOUDY (SCALE 8-10) 3
DPTR FM NORMAL M
[CDD (BASE 65) ]
TOTAL THIS MO. 57
DPTR FM NORMAL M [PRESSURE DATA]
TOTAL FM JAN 1 62 HIGHEST SLP M ON M
DPTR FM NORMAL M LOWEST SLP M ON M
[REMARKS]
#FINAL-02-24#