000
CXUS56 KFGZ 010910
CF6PGA
PRELIMINARY LOCAL CLIMATOLOGICAL DATA (WS FORM: F-6)
STATION: PAGE AZ AIRPORT
MONTH: MARCH
YEAR: 2023
LATITUDE: 36 55 N
LONGITUDE: 111 27 W
TEMPERATURE IN F: :PCPN: SNOW: WIND :SUNSHINE: SKY :PK WND
================================================================================
1 2 3 4 5 6A 6B 7 8 9 10 11 12 13 14 15 16 17 18
12Z AVG MX 2MIN
DY MAX MIN AVG DEP HDD CDD WTR SNW DPTH SPD SPD DIR MIN PSBL S-S WX SPD DR
================================================================================
1 49 34 42 -6 23 0 0.06 M M 6.7 23 180 M M 8 12 32 180
2 51 35 43 -5 22 0 0.00 M M 7.7 16 320 M M 4 22 320
3 53 31 42 -6 23 0 0.00 M M 5.0 14 320 M M 0 18 290
4 52 33 43 -6 22 0 0.00 M M 3.3 12 180 M M 0 14 170
5 59 36 48 -1 17 0 0.00 M M 7.7 20 220 M M 0 29 240
6 59 34 47 -2 18 0 0.00 M M 4.9 15 360 M M 0 8 21 350
7 58 36 47 -3 18 0 0.00 M M 3.4 9 10 M M 0 12 10
8 58 35 47 -3 18 0 0.00 M M 5.4 18 240 M M 0 27 280
9 59 36 48 -2 17 0 0.00 M M 4.1 13 210 M M 0 16 210
10 56 42 49 -1 16 0 0.01 M M 2.2 8 20 M M 8 12 270
11 53 46 50 -1 15 0 0.60 M M 5.5 16 10 M M 9 1 18 360
12 60 43 52 1 13 0 0.02 M M 4.2 17 20 M M 5 23 20
13 57 42 50 -1 15 0 0.02 M M 3.5 8 10 M M 4 1 12 20
14 63 40 52 0 13 0 0.00 M M 3.8 10 310 M M 4 17 250
15 55 47 51 -1 14 0 0.26 M M 4.8 13 280 M M 9 1 19 290
16 55 42 49 -3 16 0 0.13 M M 5.6 12 300 M M 7 1 16 320
17 51 38 45 -8 20 0 0.00 M M 5.4 12 60 M M 5 15 70
18 52 32 42 -11 23 0 0.00 M M 3.7 12 50 M M 0 15 20
19 55 36 46 -7 19 0 T M M 4.8 18 210 M M 3 26 200
20 59 43 51 -2 14 0 0.02 M M 5.2 22 310 M M 9 32 320
21 47 38 43 -11 22 0 0.34 M M 3.8 10 220 M M 10 1 14 210
22 54 40 47 -7 18 0 0.14 M M 7.8 21 240 M M 6 12 33 240
23 51 38 45 -9 20 0 0.01 M M 3.8 15 190 M M 6 25 240
24 52 37 45 -9 20 0 0.07 M M 7.9 23 270 M M 4 1 35 280
25 48 32 40 -15 25 0 0.00 M M 4.8 13 350 M M 1 18 270
26 47 31 39 -16 26 0 0.00 M M 5.2 22 280 M M 5 8 31 280
27 48 30 39 -16 26 0 0.00 M M 5.8 13 30 M M 0 16 360
28 55 31 43 -12 22 0 0.00 M M 3.8 12 30 M M 0 15 10
29 70 37 54 -2 11 0 0.00 M M 6.1 23 220 M M 0 36 210
30 55 39 47 -9 18 0 0.16 M M 8.1 20 250 M M 6 13 33 240
31 56 36 46 -10 19 0 0.00 M M 5.9 17 290 M M 0 27 290
================================================================================
SM 1697 1150 583 0 1.84 M 159.9 M 113
================================================================================
AV 54.7 37.1 5.2 FASTST M M 4 MAX(MPH)
MISC ----> # 23 180 36 210
================================================================================
NOTES:
# LAST OF SEVERAL OCCURRENCES
COLUMN 17 PEAK WIND IN M.P.H.
PRELIMINARY LOCAL CLIMATOLOGICAL DATA (WS FORM: F-6) , PAGE 2
STATION: PAGE AZ AIRPORT
MONTH: MARCH
YEAR: 2023
LATITUDE: 36 55 N
LONGITUDE: 111 27 W
[TEMPERATURE DATA] [PRECIPITATION DATA] SYMBOLS USED IN COLUMN 16
AVERAGE MONTHLY: 45.9 TOTAL FOR MONTH: 1.84 1 = FOG OR MIST
DPTR FM NORMAL: -6.2 DPTR FM NORMAL: 1.36 2 = FOG REDUCING VISIBILITY
HIGHEST: 70 ON 29 GRTST 24HR 0.62 ON 11-12 TO 1/4 MILE OR LESS
LOWEST: 30 ON 27 3 = THUNDER
SNOW, ICE PELLETS, HAIL 4 = ICE PELLETS
TOTAL MONTH: M 5 = HAIL
GRTST 24HR M ON M 6 = FREEZING RAIN OR DRIZZLE
GRTST DEPTH: M ON M 7 = DUSTSTORM OR SANDSTORM:
VSBY 1/2 MILE OR LESS
8 = SMOKE OR HAZE
[NO. OF DAYS WITH] [WEATHER - DAYS WITH] 9 = BLOWING SNOW
X = TORNADO
MAX 32 OR BELOW: 0 0.01 INCH OR MORE: 13
MAX 90 OR ABOVE: 0 0.10 INCH OR MORE: 6
MIN 32 OR BELOW: 6 0.50 INCH OR MORE: 1
MIN 0 OR BELOW: 0 1.00 INCH OR MORE: 0
[HDD (BASE 65) ]
TOTAL THIS MO. 583 CLEAR (SCALE 0-3) 13
DPTR FM NORMAL 181 PTCLDY (SCALE 4-7) 12
TOTAL FM JUL 1 3800 CLOUDY (SCALE 8-10) 6
DPTR FM NORMAL 393
[CDD (BASE 65) ]
TOTAL THIS MO. 0
DPTR FM NORMAL -2 [PRESSURE DATA]
TOTAL FM JAN 1 0 HIGHEST SLP M ON M
DPTR FM NORMAL -2 LOWEST SLP 29.49 ON 30
[REMARKS]
#FINAL-03-23#