000
CXUS56 KFGZ 010910
CF6PGA
PRELIMINARY LOCAL CLIMATOLOGICAL DATA (WS FORM: F-6)
STATION: PAGE AZ AIRPORT
MONTH: FEBRUARY
YEAR: 2023
LATITUDE: 36 55 N
LONGITUDE: 111 27 W
TEMPERATURE IN F: :PCPN: SNOW: WIND :SUNSHINE: SKY :PK WND
================================================================================
1 2 3 4 5 6A 6B 7 8 9 10 11 12 13 14 15 16 17 18
12Z AVG MX 2MIN
DY MAX MIN AVG DEP HDD CDD WTR SNW DPTH SPD SPD DIR MIN PSBL S-S WX SPD DR
================================================================================
1 40 22 31 -9 34 0 0.00 M M 1.2 8 340 M M 0 8 10 340
2 46 25 36 -4 29 0 0.00 M M 2.1 7 40 M M 0 8 9 40
3 45 28 37 -4 28 0 0.00 M M 1.9 7 360 M M 0 8 11 350
4 50 31 41 0 24 0 0.00 M M 1.5 7 30 M M 0 14 80
5 57 30 44 3 21 0 0.00 M M 2.9 18 300 M M 2 31 310
6 51 32 42 1 23 0 0.00 M M 4.5 24 340 M M 1 34 350
7 49 30 40 -2 25 0 0.00 M M 4.6 12 300 M M 0 8 18 310
8 53 31 42 0 23 0 0.00 M M 2.9 8 240 M M 0 8 14 240
9 46 31 39 -3 26 0 0.00 M M 4.8 17 20 M M 0 21 30
10 47 25 36 -6 29 0 0.00 M M 2.5 10 40 M M 0 8 13 40
11 46 29 38 -4 27 0 0.00 M M 2.6 9 40 M M 0 8 23 10
12 51 26 39 -4 26 0 0.00 M M 3.0 9 30 M M 0 13 20
13 54 34 44 1 21 0 0.00 M M 4.1 14 270 M M 5 8 21 260
14 50 26 38 -5 27 0 0.20 M M 8.7 20 300 M M 7 1238 33 300
15 36 25 31 -12 34 0 0.03 M M 10.4 17 280 M M 6 1 30 280
16 35 20 28 -16 37 0 0.00 M M 3.1 9 70 M M 1 8 13 350
17 35 21 28 -16 37 0 0.00 M M 3.9 16 40 M M 0 8 20 30
18 41 26 34 -10 31 0 0.00 M M 1.8 10 20 M M 1 8 18 20
19 55 28 42 -2 23 0 0.00 M M 1.8 9 150 M M 0 8 11 150
20 61 33 47 2 18 0 0.00 M M 3.2 8 150 M M 0 8 13 30
21 62 34 48 3 17 0 0.00 M M 6.1 23 180 M M 2 8 35 210
22 53 28 41 -4 24 0 0.12 M M 12.1 30 200 M M 7 138 45 220
23 43 27 35 -11 30 0 0.02 M M 7.3 18 200 M M 7 128 30 210
24 47 29 38 -8 27 0 0.01 M M 3.5 9 350 M M 2 12 12 350
25 51 32 42 -4 23 0 0.00 M M 1.4 9 60 M M 0 14 10
26 49 33 41 -6 24 0 T M M 10.3 21 280 M M 3 34 250
27 50 30 40 -7 25 0 0.00 M M 6.0 18 220 M M 5 27 220
28 49 39 44 -3 21 0 0.00 M M 9.8 21 330 M M 7 33 210
================================================================================
SM 1352 805 734 0 0.38 M 128.0 M 56
================================================================================
AV 48.3 28.8 4.6 FASTST M M 2 MAX(MPH)
MISC ----> 30 200 45 220
================================================================================
NOTES:
# LAST OF SEVERAL OCCURRENCES
COLUMN 17 PEAK WIND IN M.P.H.
PRELIMINARY LOCAL CLIMATOLOGICAL DATA (WS FORM: F-6) , PAGE 2
STATION: PAGE AZ AIRPORT
MONTH: FEBRUARY
YEAR: 2023
LATITUDE: 36 55 N
LONGITUDE: 111 27 W
[TEMPERATURE DATA] [PRECIPITATION DATA] SYMBOLS USED IN COLUMN 16
AVERAGE MONTHLY: 38.5 TOTAL FOR MONTH: 0.38 1 = FOG OR MIST
DPTR FM NORMAL: -5.0 DPTR FM NORMAL: -0.18 2 = FOG REDUCING VISIBILITY
HIGHEST: 62 ON 21 GRTST 24HR 0.23 ON 14-15 TO 1/4 MILE OR LESS
LOWEST: 20 ON 16 3 = THUNDER
SNOW, ICE PELLETS, HAIL 4 = ICE PELLETS
TOTAL MONTH: M 5 = HAIL
GRTST 24HR M ON M 6 = FREEZING RAIN OR DRIZZLE
GRTST DEPTH: M ON M 7 = DUSTSTORM OR SANDSTORM:
VSBY 1/2 MILE OR LESS
8 = SMOKE OR HAZE
[NO. OF DAYS WITH] [WEATHER - DAYS WITH] 9 = BLOWING SNOW
X = TORNADO
MAX 32 OR BELOW: 0 0.01 INCH OR MORE: 5
MAX 90 OR ABOVE: 0 0.10 INCH OR MORE: 2
MIN 32 OR BELOW: 23 0.50 INCH OR MORE: 0
MIN 0 OR BELOW: 0 1.00 INCH OR MORE: 0
[HDD (BASE 65) ]
TOTAL THIS MO. 734 CLEAR (SCALE 0-3) 21
DPTR FM NORMAL 131 PTCLDY (SCALE 4-7) 7
TOTAL FM JUL 1 3217 CLOUDY (SCALE 8-10) 0
DPTR FM NORMAL 210
[CDD (BASE 65) ]
TOTAL THIS MO. 0
DPTR FM NORMAL 0 [PRESSURE DATA]
TOTAL FM JAN 1 0 HIGHEST SLP M ON M
DPTR FM NORMAL 0 LOWEST SLP 28.97 ON 22
[REMARKS]
#FINAL-02-23#