000
CXUS56 KFGZ 012139
CF6PGA
PRELIMINARY LOCAL CLIMATOLOGICAL DATA (WS FORM: F-6)
STATION: PAGE AZ AIRPORT
MONTH: JANUARY
YEAR: 2022
LATITUDE: 36 55 N
LONGITUDE: 111 27 W
TEMPERATURE IN F: :PCPN: SNOW: WIND :SUNSHINE: SKY :PK WND
================================================================================
1 2 3 4 5 6A 6B 7 8 9 10 11 12 13 14 15 16 17 18
12Z AVG MX 2MIN
DY MAX MIN AVG DEP HDD CDD WTR SNW DPTH SPD SPD DIR MIN PSBL S-S WX SPD DR
================================================================================
1 36 24 30 -7 35 0 T M M 9.0 21 280 M M 3 32 280
2 36 19 28 -9 37 0 0.00 M M 2.2 7 80 M M 0 8 9 290
3 37 20 29 -8 36 0 0.00 M M 1.2 7 60 M M 0 8 10 340
4 43 25 34 -3 31 0 0.00 M M 1.7 8 40 M M 1 8 12 350
5 51 28 40 3 25 0 0.00 M M 2.4 8 10 M M 0 8 10 60
6 54 34 44 7 21 0 0.00 M M 3.0 8 160 M M 0 8 9 160
7 54 32 43 6 22 0 0.00 M M 2.6 9 150 M M 0 8 10 150
8 58 37 48 11 17 0 0.00 M M 4.0 15 340 M M 3 22 320
9 49 30 40 3 25 0 0.00 M M 2.7 8 70 M M 0 10 20
10 47 27 37 0 28 0 0.00 M M 1.8 8 40 M M 0 8 10 40
11 46 27 37 -1 28 0 0.00 M M 1.6 8 40 M M 0 8 12 40
12 48 26 37 -1 28 0 0.00 M M 2.7 9 340 M M 0 12 360
13 49 29 39 1 26 0 0.00 M M 0.9 8 160 M M 0 8 11 350
14 56 30 43 5 22 0 0.00 M M 2.4 8 60 M M 0 8 10 50
15 50 30 40 2 25 0 0.00 M M 3.4 8 220 M M 0 8 10 30
16 47 27 37 -1 28 0 0.00 M M 1.6 6 20 M M 0 8 8 360
17 43 27 35 -3 30 0 0.00 M M 1.6 7 350 M M 0 8 11 330
18 38 28 33 -5 32 0 0.00 M M 0.7 5 220 M M 2 M M
19 M M M M M M 0.00 M M M M M M M M M M
20 M M M M M M 0.00 M M M M M M M M M M
21 40 30 35 -4 30 0 T M M 1.9 9 140 M M 10 8 11 150
22 51 32 42 3 23 0 0.00 M M 4.4 16 60 M M 3 8 19 70
23 53 30 42 3 23 0 0.00 M M 2.8 13 360 M M 0 8 20 10
24 52 30 41 2 24 0 0.00 M M 1.5 8 60 M M 0 8 12 350
25 49 30 40 1 25 0 0.00 M M 3.7 12 130 M M 3 14 360
26 46 28 37 -2 28 0 0.00 M M 2.6 9 320 M M 0 8 12 340
27 50 25 38 -2 27 0 0.00 M M 5.1 21 20 M M 0 8 35 30
28 46 24 35 -5 30 0 0.00 M M 2.0 9 30 M M 0 8 12 360
29 46 23 35 -5 30 0 0.00 M M 3.1 8 140 M M 0 8 9 40
30 51 27 39 -1 26 0 0.00 M M 1.7 7 10 M M 0 8 9 60
31 51 25 38 -2 27 0 0.00 M M 2.3 8 30 M M 0 8 10 340
================================================================================
SM 1377 804 789 0 T M 76.6 M 25
================================================================================
AV 47.5 27.7 2.6 FASTST M M 1 MAX(MPH)
MISC ----> 21 280 35 30
================================================================================
NOTES:
# LAST OF SEVERAL OCCURRENCES
COLUMN 17 PEAK WIND IN M.P.H.
PRELIMINARY LOCAL CLIMATOLOGICAL DATA (WS FORM: F-6) , PAGE 2
STATION: PAGE AZ AIRPORT
MONTH: JANUARY
YEAR: 2022
LATITUDE: 36 55 N
LONGITUDE: 111 27 W
[TEMPERATURE DATA] [PRECIPITATION DATA] SYMBOLS USED IN COLUMN 16
AVERAGE MONTHLY: 37.6 TOTAL FOR MONTH: T 1 = FOG OR MIST
DPTR FM NORMAL: -0.6 DPTR FM NORMAL: -0.57 2 = FOG REDUCING VISIBILITY
HIGHEST: 58 ON 8 GRTST 24HR 0.22 ON 18-18 TO 1/4 MILE OR LESS
LOWEST: 19 ON 2 3 = THUNDER
SNOW, ICE PELLETS, HAIL 4 = ICE PELLETS
TOTAL MONTH: M 5 = HAIL
GRTST 24HR M ON M 6 = FREEZING RAIN OR DRIZZLE
GRTST DEPTH: M ON M 7 = DUSTSTORM OR SANDSTORM:
VSBY 1/2 MILE OR LESS
8 = SMOKE OR HAZE
[NO. OF DAYS WITH] [WEATHER - DAYS WITH] 9 = BLOWING SNOW
X = TORNADO
MAX 32 OR BELOW: 0 0.01 INCH OR MORE: 0
MAX 90 OR ABOVE: 0 0.10 INCH OR MORE: 0
MIN 32 OR BELOW: 27 0.50 INCH OR MORE: 0
MIN 0 OR BELOW: 0 1.00 INCH OR MORE: 0
[HDD (BASE 65) ]
TOTAL THIS MO. 789 CLEAR (SCALE 0-3) 26
DPTR FM NORMAL -42 PTCLDY (SCALE 4-7) 2
TOTAL FM JUL 1 2154 CLOUDY (SCALE 8-10) 3
DPTR FM NORMAL -249
[CDD (BASE 65) ]
TOTAL THIS MO. 0
DPTR FM NORMAL 0 [PRESSURE DATA]
TOTAL FM JAN 1 0 HIGHEST SLP 30.69 ON 28
DPTR FM NORMAL 0 LOWEST SLP 29.53 ON 1
[REMARKS]
#FINAL-01-22#