000
CXUS52 KTBW 011000
CF6PGD
PRELIMINARY LOCAL CLIMATOLOGICAL DATA (WS FORM: F-6)
STATION: PUNTA GORDA
MONTH: OCTOBER
YEAR: 2022
LATITUDE: 26 55 N
LONGITUDE: 82 0 W
TEMPERATURE IN F: :PCPN: SNOW: WIND :SUNSHINE: SKY :PK WND
================================================================================
1 2 3 4 5 6A 6B 7 8 9 10 11 12 13 14 15 16 17 18
12Z AVG MX 2MIN
DY MAX MIN AVG DEP HDD CDD WTR SNW DPTH SPD SPD DIR MIN PSBL S-S WX SPD DR
================================================================================
1 87 65 76 -4 0 11 0.00 0.0 0 5.3 12 320 M M M 17 340
2 86 67 77 -3 0 12 0.00 0.0 0 7.5 15 280 M M M 20 320
3 87 66 77 -3 0 12 0.00 0.0 0 6.0 17 60 M M M 24 50
4 86 65 76 -4 0 11 0.00 0.0 0 7.9 18 60 M M M 24 60
5 87 64 76 -4 0 11 0.00 0.0 0 5.4 12 60 M M 1 16 60
6 88 67 78 -2 0 13 0.00 0.0 0 4.9 13 110 M M 3 17 100
7 86 65 76 -3 0 11 0.00 0.0 0 7.3 17 60 M M 0 25 340
8 88 65 77 -2 0 12 0.00 0.0 0 10.3 14 70 M M 3 22 90
9 90 71 81 2 0 16 0.00 0.0 0 9.5 17 70 M M 8 22 90
10 91 74 83 4 0 18 0.00 0.0 0 6.5 21 60 M M 7 27 50
11 93 73 83 5 0 18 0.00 0.0 0 7.1 16 40 M M 2 1 20 40
12 89 74 82 4 0 17 T 0.0 0 6.0 20 140 M M 2 3 26 140
13 80 72 76 -2 0 11 0.02 0.0 0 3.6 14 190 M M 3 3 16 280
14 89 71 80 2 0 15 0.00 0.0 0 4.5 16 70 M M 3 1 20 80
15 90 71 81 3 0 16 0.19 0.0 0 8.5 32 230 M M 3 13 56 250
16 89 70 80 3 0 15 0.00 0.0 0 7.9 16 90 M M 1 22 80
17 87 72 80 3 0 15 0.00 0.0 0 6.7 22 240 M M 3 28 230
18 84 69 77 0 0 12 0.11 0.0 0 6.7 17 360 M M 5 13 23 350
19 69 56 63 -13 2 0 T 0.0 0 10.7 18 360 M M 1 27 350
20 75 55 65 -11 0 0 0.00 0.0 0 9.3 16 350 M M 8 21 360
21 79 57 68 -8 0 3 0.00 0.0 0 9.6 16 360 M M 2 23 30
22 84 57 71 -5 0 6 0.00 0.0 0 7.5 14 20 M M 0 23 40
23 87 62 75 0 0 10 0.00 0.0 0 7.3 14 50 M M 1 21 50
24 88 63 76 1 0 11 0.00 0.0 0 6.5 16 90 M M 1 1 20 100
25 89 64 77 2 0 12 0.00 0.0 0 3.9 10 100 M M 1 1 14 80
26 85 65 75 0 0 10 0.00 0.0 0 5.8 14 240 M M 1 19 240
27 88 67 78 4 0 13 0.00 0.0 0 4.8 13 260 M M 2 1 18 240
28 89 67 78 4 0 13 0.00 0.0 0 6.0 14 70 M M 2 1 19 110
29 89 68 79 5 0 14 0.00 0.0 0 8.7 22 70 M M 5 1 27 60
30 89 66 78 4 0 13 0.00 0.0 0 6.9 14 50 M M 1 1 19 90
31 92 67 80 7 0 15 0.01 0.0 0 5.5 13 290 M M 3 1 33 280
================================================================================
SM 2680 2055 2 366 0.33 0.0 214.1 M 72
================================================================================
AV 86.5 66.3 6.9 FASTST M M 3 MAX(MPH)
MISC ----> 32 230 56 250
================================================================================
NOTES:
# LAST OF SEVERAL OCCURRENCES
COLUMN 17 PEAK WIND IN M.P.H.
PRELIMINARY LOCAL CLIMATOLOGICAL DATA (WS FORM: F-6) , PAGE 2
STATION: PUNTA GORDA
MONTH: OCTOBER
YEAR: 2022
LATITUDE: 26 55 N
LONGITUDE: 82 0 W
[TEMPERATURE DATA] [PRECIPITATION DATA] SYMBOLS USED IN COLUMN 16
AVERAGE MONTHLY: 76.4 TOTAL FOR MONTH: 0.33 1 = FOG OR MIST
DPTR FM NORMAL: -0.8 DPTR FM NORMAL: -2.69 2 = FOG REDUCING VISIBILITY
HIGHEST: 93 ON 11 GRTST 24HR 0.19 ON 15-15 TO 1/4 MILE OR LESS
LOWEST: 55 ON 20 3 = THUNDER
SNOW, ICE PELLETS, HAIL 4 = ICE PELLETS
TOTAL MONTH: 0.0 INCH 5 = HAIL
GRTST 24HR 0.0 6 = FREEZING RAIN OR DRIZZLE
GRTST DEPTH: 0 7 = DUSTSTORM OR SANDSTORM:
VSBY 1/2 MILE OR LESS
8 = SMOKE OR HAZE
[NO. OF DAYS WITH] [WEATHER - DAYS WITH] 9 = BLOWING SNOW
X = TORNADO
MAX 32 OR BELOW: 0 0.01 INCH OR MORE: 4
MAX 90 OR ABOVE: 5 0.10 INCH OR MORE: 2
MIN 32 OR BELOW: 0 0.50 INCH OR MORE: 0
MIN 0 OR BELOW: 0 1.00 INCH OR MORE: 0
[HDD (BASE 65) ]
TOTAL THIS MO. 2 CLEAR (SCALE 0-3) 19
DPTR FM NORMAL 0 PTCLDY (SCALE 4-7) 6
TOTAL FM JUL 1 2 CLOUDY (SCALE 8-10) 6
DPTR FM NORMAL 2
[CDD (BASE 65) ]
TOTAL THIS MO. 366
DPTR FM NORMAL -13 [PRESSURE DATA]
TOTAL FM JAN 1 3725 HIGHEST SLP 30.16 ON 7
DPTR FM NORMAL 245 LOWEST SLP 29.79 ON 18
[REMARKS]
#FINAL-10-22#