000
CXUS52 KTBW 061144
CF6PGD
PRELIMINARY LOCAL CLIMATOLOGICAL DATA (WS FORM: F-6)
STATION: PUNTA GORDA
MONTH: DECEMBER
YEAR: 2023
LATITUDE: 26 55 N
LONGITUDE: 82 0 W
TEMPERATURE IN F: :PCPN: SNOW: WIND :SUNSHINE: SKY :PK WND
================================================================================
1 2 3 4 5 6A 6B 7 8 9 10 11 12 13 14 15 16 17 18
12Z AVG MX 2MIN
DY MAX MIN AVG DEP HDD CDD WTR SNW DPTH SPD SPD DIR MIN PSBL S-S WX SPD DR
================================================================================
1 86 62 74 6 0 9 0.00 0.0 0 5.3 15 150 M M 1 19 140
2 88 71 80 12 0 15 0.00 0.0 0 8.3 18 200 M M 6 1 23 190
3 85 69 77 9 0 12 0.00 0.0 0 5.5 14 240 M M 4 128 24 230
4 86 62 74 6 0 9 T 0.0 0 6.6 15 330 M M 6 12 19 340
5 78 56 67 -1 0 2 0.00 0.0 0 5.0 16 340 M M 0 22 350
6 73 46 60 -7 5 0 0.00 0.0 0 8.5 21 350 M M 0 28 350
7 74 45 60 -7 5 0 0.00 0.0 0 8.3 17 20 M M 1 23 30
8 80 56 68 1 0 3 0.00 0.0 0 7.4 16 110 M M 2 21 120
9 85 62 74 7 0 9 0.00 0.0 0 6.4 16 170 M M 2 21 170
10 85 64 75 8 0 10 0.52 0.0 0 10.1 30 250 M M 3 1 44 230
11 69 48 59 -8 6 0 T 0.0 0 10.4 29 320 M M 2 37 320
12 76 47 62 -4 3 0 0.00 0.0 0 13.1 24 60 M M 1 33 40
13 76 62 69 3 0 4 0.00 0.0 0 14.6 25 60 M M 3 31 50
14 75 64 70 4 0 5 0.00 0.0 0 17.6 31 60 M M 4 42 70
15 75 67 71 5 0 6 0.00 0.0 0 16.4 28 90 M M 4 38 90
16 73 67 70 4 0 5 1.39 0.0 0 15.2 28 150 M M 8 1 39 170
17 74 62 68 2 0 3 0.27 0.0 0 16.5 32 190 M M 8 138 44 170
18 71 56 64 -2 1 0 0.00 0.0 0 9.0 18 330 M M 1 25 310
19 68 49 59 -6 6 0 0.00 0.0 0 10.2 17 20 M M 0 26 10
20 72 48 60 -5 5 0 0.00 0.0 0 9.5 18 70 M M 3 24 70
21 76 57 67 2 0 2 0.00 0.0 0 11.1 24 80 M M 8 30 90
22 75 54 65 0 0 0 0.00 0.0 0 9.2 20 50 M M 2 26 50
23 77 58 68 3 0 3 0.00 0.0 0 9.3 18 70 M M 4 26 60
24 78 57 68 3 0 3 0.00 0.0 0 10.2 21 100 M M 1 28 90
25 73 67 70 6 0 5 1.29 0.0 0 10.5 22 140 M M 6 1 30 140
26 78 62 70 6 0 5 0.66 0.0 0 5.1 13 330 M M 7 1 15 340
27 76 60 68 4 0 3 0.00 0.0 0 5.1 13 340 M M 6 12 17 340
28 71 58 65 1 0 0 0.31 0.0 0 5.2 16 130 M M 7 1 21 120
29 68 55 62 -2 3 0 0.00 0.0 0 6.7 20 340 M M 3 1 24 340
30 70 50 60 -4 5 0 0.00 0.0 0 5.5 15 330 M M 2 20 200
31 70 47 59 -5 6 0 0.00 0.0 0 4.1 13 250 M M 0 1 19 220
================================================================================
SM 2361 1788 45 113 4.44 0.0 285.9 M 105
================================================================================
AV 76.2 57.7 9.2 FASTST M M 3 MAX(MPH)
MISC ----> 32 190 # 44 230
================================================================================
NOTES:
# LAST OF SEVERAL OCCURRENCES
COLUMN 17 PEAK WIND IN M.P.H.
PRELIMINARY LOCAL CLIMATOLOGICAL DATA (WS FORM: F-6) , PAGE 2
STATION: PUNTA GORDA
MONTH: DECEMBER
YEAR: 2023
LATITUDE: 26 55 N
LONGITUDE: 82 0 W
[TEMPERATURE DATA] [PRECIPITATION DATA] SYMBOLS USED IN COLUMN 16
AVERAGE MONTHLY: 66.9 TOTAL FOR MONTH: 4.44 1 = FOG OR MIST
DPTR FM NORMAL: 1.1 DPTR FM NORMAL: 2.45 2 = FOG REDUCING VISIBILITY
HIGHEST: 88 ON 2 GRTST 24HR 1.95 ON 25-26 TO 1/4 MILE OR LESS
LOWEST: 45 ON 7 3 = THUNDER
SNOW, ICE PELLETS, HAIL 4 = ICE PELLETS
TOTAL MONTH: 0.0 INCH 5 = HAIL
GRTST 24HR 0.0 6 = FREEZING RAIN OR DRIZZLE
GRTST DEPTH: 0 7 = DUSTSTORM OR SANDSTORM:
VSBY 1/2 MILE OR LESS
8 = SMOKE OR HAZE
[NO. OF DAYS WITH] [WEATHER - DAYS WITH] 9 = BLOWING SNOW
X = TORNADO
MAX 32 OR BELOW: 0 0.01 INCH OR MORE: 6
MAX 90 OR ABOVE: 0 0.10 INCH OR MORE: 6
MIN 32 OR BELOW: 0 0.50 INCH OR MORE: 4
MIN 0 OR BELOW: 0 1.00 INCH OR MORE: 2
[HDD (BASE 65) ]
TOTAL THIS MO. 45 CLEAR (SCALE 0-3) 16
DPTR FM NORMAL -40 PTCLDY (SCALE 4-7) 14
TOTAL FM JUL 1 55 CLOUDY (SCALE 8-10) 1
DPTR FM NORMAL -55
[CDD (BASE 65) ]
TOTAL THIS MO. 113
DPTR FM NORMAL 1 [PRESSURE DATA]
TOTAL FM JAN 1 4499 HIGHEST SLP 30.34 ON 21
DPTR FM NORMAL 727 LOWEST SLP 29.57 ON 17
[REMARKS]
#FINAL-12-23#