000
CXUS51 KPBZ 010730
CF6PHD
PRELIMINARY LOCAL CLIMATOLOGICAL DATA (WS FORM: F-6)
STATION: NEW PHILADELPHIA OH
MONTH: AUGUST
YEAR: 2022
LATITUDE: 40 28 N
LONGITUDE: 81 25 W
TEMPERATURE IN F: :PCPN: SNOW: WIND :SUNSHINE: SKY :PK WND
================================================================================
1 2 3 4 5 6A 6B 7 8 9 10 11 12 13 14 15 16 17 18
12Z AVG MX 2MIN
DY MAX MIN AVG DEP HDD CDD WTR SNW DPTH SPD SPD DIR MIN PSBL S-S WX SPD DR
================================================================================
1 81 62 72 -1 0 7 0.08 M M 3.9 15 200 M M 6 138 25 190
2 85 65 75 2 0 10 0.00 M M 3.7 14 270 M M 3 1 20 270
3 90 63 77 4 0 12 0.00 M M 4.0 14 160 M M 1 1 20 180
4 89 72 81 8 0 16 0.51 M M 4.0 20 310 M M 3 138 28 320
5 85 69 77 4 0 12 0.11 M M 3.3 14 270 M M 2 13 20 270
6 83 69 76 3 0 11 0.02 M M 3.5 10 150 M M 7 1 14 140
7 87 70 79 7 0 14 0.74 M M 4.0 20 300 M M 5 123 27 310
8 87 70 79 7 0 14 0.02 M M 4.7 10 220 M M 5 3 20 250
9 77 70 74 2 0 9 0.08 M M 2.7 12 350 M M 9 1 16 350
10 78 64 71 -1 0 6 0.01 M M 1.6 7 10 M M 8 12 10 350
11 81 59 70 -2 0 5 0.00 M M 4.1 15 330 M M 5 12 20 330
12 80 54 67 -5 0 2 0.00 M M 2.3 12 20 M M 0 1 18 10
13 77 51 64 -8 1 0 0.00 M M 1.2 8 100 M M 3 10 110
14 68 61 65 -7 0 0 0.03 M M 1.2 8 70 M M 9 1 9 70
15 80 57 69 -3 0 4 0.00 M M 3.8 12 70 M M 5 12 16 50
16 79 62 71 -1 0 6 0.00 M M 4.0 12 100 M M 7 15 50
17 78 60 69 -2 0 4 0.07 M M 1.9 17 330 M M 5 13 21 330
18 83 56 70 -1 0 5 0.00 M M 1.1 8 190 M M 2 12 10 210
19 85 57 71 0 0 6 0.00 M M 2.2 9 200 M M 2 12 19 150
20 86 59 73 2 0 8 0.79 M M 3.4 16 300 M M 2 123 23 290
21 78 64 71 0 0 6 0.50 M M 3.3 9 110 M M 7 13 19 100
22 77 63 70 -1 0 5 0.04 M M 2.7 16 330 M M 8 128 20 330
23 82 61 72 1 0 7 0.00 M M 1.8 10 280 M M 6 128 16 280
24 83 60 72 2 0 7 0.00 M M 1.1 7 170 M M 4 12 11 170
25 84 59 72 2 0 7 0.00 M M 1.6 9 290 M M 5 12 13 250
26 82 64 73 3 0 8 0.08 M M 4.4 17 330 M M 5 13 22 330
27 83 61 72 2 0 7 0.00 M M 1.6 7 340 M M 2 1 10 320
28 88 57 73 3 0 8 0.00 M M 2.4 8 130 M M 0 1 12 130
29 85 69 77 7 0 12 0.58 M M 4.6 15 220 M M 3 138 26 220
30 79 61 70 1 0 5 0.02 M M 3.5 16 300 M M 6 1 23 290
31 79 55 67 -2 0 2 0.00 M M 2.8 13 320 M M 1 1 18 290
================================================================================
SM 2539 1924 1 225 3.68 M 90.4 M 136
================================================================================
AV 81.9 62.1 2.9 FASTST M M 4 MAX(MPH)
MISC ----> # 20 310 28 320
================================================================================
NOTES:
# LAST OF SEVERAL OCCURRENCES
COLUMN 17 PEAK WIND IN M.P.H.
PRELIMINARY LOCAL CLIMATOLOGICAL DATA (WS FORM: F-6) , PAGE 2
STATION: NEW PHILADELPHIA OH
MONTH: AUGUST
YEAR: 2022
LATITUDE: 40 28 N
LONGITUDE: 81 25 W
[TEMPERATURE DATA] [PRECIPITATION DATA] SYMBOLS USED IN COLUMN 16
AVERAGE MONTHLY: 72.0 TOTAL FOR MONTH: 3.68 1 = FOG OR MIST
DPTR FM NORMAL: 0.7 DPTR FM NORMAL: 0.03 2 = FOG REDUCING VISIBILITY
HIGHEST: 90 ON 3 GRTST 24HR 1.29 ON 20-21 TO 1/4 MILE OR LESS
LOWEST: 51 ON 13 3 = THUNDER
SNOW, ICE PELLETS, HAIL 4 = ICE PELLETS
TOTAL MONTH: M 5 = HAIL
GRTST 24HR M ON M 6 = FREEZING RAIN OR DRIZZLE
GRTST DEPTH: M ON M 7 = DUSTSTORM OR SANDSTORM:
VSBY 1/2 MILE OR LESS
8 = SMOKE OR HAZE
[NO. OF DAYS WITH] [WEATHER - DAYS WITH] 9 = BLOWING SNOW
X = TORNADO
MAX 32 OR BELOW: 0 0.01 INCH OR MORE: 16
MAX 90 OR ABOVE: 1 0.10 INCH OR MORE: 6
MIN 32 OR BELOW: 0 0.50 INCH OR MORE: 5
MIN 0 OR BELOW: 0 1.00 INCH OR MORE: 0
[HDD (BASE 65) ]
TOTAL THIS MO. 1 CLEAR (SCALE 0-3) 13
DPTR FM NORMAL -7 PTCLDY (SCALE 4-7) 16
TOTAL FM JUL 1 1 CLOUDY (SCALE 8-10) 2
DPTR FM NORMAL -5
[CDD (BASE 65) ]
TOTAL THIS MO. 225
DPTR FM NORMAL 20 [PRESSURE DATA]
TOTAL FM JAN 1 810 HIGHEST SLP M ON M
DPTR FM NORMAL 124 LOWEST SLP 29.84 ON 1
[REMARKS]
#FINAL-08-22#