000
CXUS53 KUNR 011030
CF6PHP
PRELIMINARY LOCAL CLIMATOLOGICAL DATA (WS FORM: F-6)
STATION: PHILIP SD
MONTH: JANUARY
YEAR: 2024
LATITUDE: 44 3 N
LONGITUDE: 101 36 W
TEMPERATURE IN F: :PCPN: SNOW: WIND :SUNSHINE: SKY :PK WND
================================================================================
1 2 3 4 5 6A 6B 7 8 9 10 11 12 13 14 15 16 17 18
12Z AVG MX 2MIN
DY MAX MIN AVG DEP HDD CDD WTR SNW DPTH SPD SPD DIR MIN PSBL S-S WX SPD DR
================================================================================
1 36 0 18 -4 47 0 0.00 M M 5.0 13 270 M M 1 1 15 280
2 36 12 24 2 41 0 0.00 M M 5.2 13 290 M M 0 15 280
3 26 12 19 -3 46 0 0.00 M M 9.1 18 350 M M 8 1 24 340
4 34 20 27 5 38 0 0.00 M M 7.5 16 150 M M 8 23 160
5 35 15 25 3 40 0 T M M 9.3 25 330 M M 6 1 31 330
6 32 6 19 -3 46 0 T M M 10.8 29 320 M M 5 1 39 330
7 21 0 11 -11 54 0 T M M 10.2 18 50 M M 6 12 23 90
8 21 2 12 -10 53 0 0.03 M M 10.4 23 340 M M 8 1 29 330
9 24 -1 12 -10 53 0 0.00 M M 6.3 14 240 M M 2 17 250
10 38 5 22 0 43 0 0.00 M M 9.6 22 360 M M 5 28 300
11 7 -3 2 -20 63 0 0.00 M M 8.2 16 330 M M 1 21 320
12 0 -16 -8 -30 73 0 T M M 15.1 29 340 M M 3 8 40 330
13 -12 -23 -17 -39 82 0 0.00 M M 22.1 39 300 M M 0 8 49 310
14 -6 -22 -14 -36 79 0 0.00 M M 9.9 18 300 M M 1 24 300
15 -2 -15 -8 -30 73 0 0.00 M M 21.0 37 300 M M 0 48 300
16 21 -12 5 -17 60 0 0.00 M M 10.1 17 240 M M 1 22 240
17 24 10 17 -5 48 0 T M M M M M M M 4 M M
18 17 -3 7 -15 58 0 0.05 M M M M M M M 3 1 M M
19 9 -13 -2 -24 67 0 0.00 M M M M M M M 0 M M
20 24 -16 4 -18 61 0 0.00 M M M M M M M 0 M M
21 44 15 30 8 35 0 0.00 M M M M M M M 0 M M
22 27 13 20 -2 45 0 0.00 M M 7.9 14 80 M M 1 12 17 80
23 29 14 22 0 43 0 0.00 M M M M M M M 5 1 M M
24 44 12 28 6 37 0 0.00 M M M M M M M 3 12 M M
25 41 19 30 8 35 0 0.00 M M M M M M M 1 12 M M
26 45 14 30 8 35 0 0.00 M M M M M M M 0 1 M M
27 45 20 33 10 32 0 0.00 M M M M M M M 0 1 M M
28 51 21 36 13 29 0 0.00 M M M M M M M 0 M M
29 56 32 44 21 21 0 0.00 M M M M M M M 0 M M
30 60 30 45 22 20 0 0.00 M M M M M M M 0 M M
31 63 27 45 22 20 0 0.00 M M M M M M M 0 M M
================================================================================
SM 890 175 1477 0 0.08 M 177.7 M 72
================================================================================
AV 28.7 5.6 10.5 FASTST M M 2 MAX(MPH)
MISC ----> 39 300 49 310
================================================================================
NOTES:
# LAST OF SEVERAL OCCURRENCES
COLUMN 17 PEAK WIND IN M.P.H.
PRELIMINARY LOCAL CLIMATOLOGICAL DATA (WS FORM: F-6) , PAGE 2
STATION: PHILIP SD
MONTH: JANUARY
YEAR: 2024
LATITUDE: 44 3 N
LONGITUDE: 101 36 W
[TEMPERATURE DATA] [PRECIPITATION DATA] SYMBOLS USED IN COLUMN 16
AVERAGE MONTHLY: 17.2 TOTAL FOR MONTH: 0.08 1 = FOG OR MIST
DPTR FM NORMAL: -4.9 DPTR FM NORMAL: -0.35 2 = FOG REDUCING VISIBILITY
HIGHEST: 63 ON 31 GRTST 24HR 0.13 ON 7- 8 TO 1/4 MILE OR LESS
LOWEST: -23 ON 13 3 = THUNDER
SNOW, ICE PELLETS, HAIL 4 = ICE PELLETS
TOTAL MONTH: M 5 = HAIL
GRTST 24HR M ON M 6 = FREEZING RAIN OR DRIZZLE
GRTST DEPTH: M ON M 7 = DUSTSTORM OR SANDSTORM:
VSBY 1/2 MILE OR LESS
8 = SMOKE OR HAZE
[NO. OF DAYS WITH] [WEATHER - DAYS WITH] 9 = BLOWING SNOW
X = TORNADO
MAX 32 OR BELOW: 17 0.01 INCH OR MORE: 2
MAX 90 OR ABOVE: 0 0.10 INCH OR MORE: 0
MIN 32 OR BELOW: 31 0.50 INCH OR MORE: 0
MIN 0 OR BELOW: 12 1.00 INCH OR MORE: 0
[HDD (BASE 65) ]
TOTAL THIS MO. 1477 CLEAR (SCALE 0-3) 20
DPTR FM NORMAL 149 PTCLDY (SCALE 4-7) 10
TOTAL FM JUL 1 3925 CLOUDY (SCALE 8-10) 1
DPTR FM NORMAL -249
[CDD (BASE 65) ]
TOTAL THIS MO. 0
DPTR FM NORMAL 0 [PRESSURE DATA]
TOTAL FM JAN 1 0 HIGHEST SLP 30.69 ON 19
DPTR FM NORMAL 0 LOWEST SLP 29.35 ON 10
[REMARKS]
#FINAL-01-24#