000
CXUS53 KILX 011725
CLSPIA
CLIMATE REPORT
NATIONAL WEATHER SERVICE LINCOLN IL
1125 AM CST TUE MAR 01 2022
...................................
...THE PEORIA IL CLIMATE SUMMARY FOR THE WINTER SEASON, FROM
12/1/2021 TO 2/28/2022...
CLIMATE NORMAL PERIOD 1991 TO 2020
CLIMATE RECORD PERIOD 1883 TO 2022
WEATHER OBSERVED NORMAL DEPART LAST YEAR`S
VALUE DATE(S) VALUE FROM VALUE
NORMAL
..............................................................
TEMPERATURE (F)
RECORD
HIGH 74 02/20/2017
02/10/1932
02/10/1932
LOW -27 01/05/1884
HIGHEST 69 12/15 MM MM 59
LOWEST -5 01/07 MM MM -8
AVG. MAXIMUM 38.6 36.9 1.7 33.8
AVG. MINIMUM 19.0 20.7 -1.7 19.6
MEAN 28.8 28.8 0.0 26.7
DAYS MAX >= 90 0 0.0 0.0 0
DAYS MAX <= 32 27 32.8 -5.8 36
DAYS MIN <= 32 78 77.5 0.5 87
DAYS MIN <= 0 6 6.2 -0.2 7
PRECIPITATION (INCHES)
RECORD
MAXIMUM 13.18 1950
MINIMUM 1.37 1963
TOTALS 5.03 6.26 -1.23 5.30
DAILY AVG. 0.06 0.06
DAYS >= .01 24 28.8 -4.8 31
DAYS >= .10 11 14.1 -3.1 10
DAYS >= .50 6 3.6 2.4 3
DAYS >= 1.00 0 1.3 -1.3 1
GREATEST
24 HR. TOTAL 1.17 02/16 TO 02/17 1.48
SNOWFALL (INCHES)
RECORDS
TOTAL 52.5 2011
24 HR TOTAL 18.0 02/27/1900 TO 02/28/1900
TOTALS 27.9 20.8 7.1 24.2
SINCE 7/1 27.9 22.4 5.5 MM
DAYS >= TRACE 22 15.7 6.3 42
DAYS >= 1.0 7 6.5 0.5 7
GREATEST
SNOW DEPTH 9 02/03 11
02/04
24 HR TOTAL MM 5.4
DEGREE DAYS
HEATING TOTAL 3227 3258 -31 3408
SINCE 7/1 4140 4356 -216 MM
COOLING TOTAL 0 0 0 0
SINCE 1/1 0 0 0 MM
FREEZE DATES
RECORD
EARLIEST 09/20/1991
LATEST 05/25/1925
EARLIEST 11/01
LATEST 04/22
..............................................................
WIND (MPH)
AVERAGE WIND SPEED 8.8
HIGHEST WIND SPEED/DIRECTION 38/180 DATE 12/15
HIGHEST GUST SPEED/DIRECTION 54/260 DATE 12/11
SKY COVER
POSSIBLE SUNSHINE (PERCENT) MM
AVERAGE SKY COVER 0.37
NUMBER OF DAYS FAIR 48
NUMBER OF DAYS PC 23
NUMBER OF DAYS CLOUDY 18
AVERAGE RH (PERCENT) 67
WEATHER CONDITIONS. NUMBER OF DAYS WITH
THUNDERSTORM 1 MIXED PRECIP 0
HEAVY RAIN 1 RAIN 3
LIGHT RAIN 20 FREEZING RAIN 0
LT FREEZING RAIN 4 HAIL 0
HEAVY SNOW 3 SNOW 5
LIGHT SNOW 22 SLEET 0
FOG 33 FOG W/VIS <= 1/4 MILE 7
HAZE 20
- INDICATES NEGATIVE NUMBERS.
R INDICATES RECORD WAS SET OR TIED.
MM INDICATES DATA IS MISSING.
T INDICATES TRACE AMOUNT.
&&
RECORDS SET IN PEORIA IL DURING 2021-2022 WINTER SEASON (DEC-FEB)...
* 3RD WARMEST DECEMBER WITH MEAN TEMP 39.5
* 4TH SNOWIEST FEBRUARY WITH 19.2 INCHES OF SNOW
* 10TH SNOWIEST WINTER SEASON (DEC-FEB) WITH 27.9 INCHES OF SNOW
$$