000
CXUS55 KPIH 012235
CF6PIH
PRELIMINARY LOCAL CLIMATOLOGICAL DATA (WS FORM: F-6)
STATION: POCATELLO
MONTH: JULY
YEAR: 2022
LATITUDE: 42 55 N
LONGITUDE: 112 36 W
TEMPERATURE IN F: :PCPN: SNOW: WIND :SUNSHINE: SKY :PK WND
================================================================================
1 2 3 4 5 6A 6B 7 8 9 10 11 12 13 14 15 16 17 18
12Z AVG MX 2MIN
DY MAX MIN AVG DEP HDD CDD WTR SNW DPTH SPD SPD DIR MIN PSBL S-S WX SPD DR
================================================================================
1 93 50 72 5 0 7 0.00 0.0 0 5.8 29 170 M M 1 8 36 190
2 93 51 72 5 0 7 0.01 0.0 0 9.2 21 320 M M 1 3 29 310
3 87 51 69 1 0 4 0.00 0.0 0 9.6 20 90 M M 0 26 90
4 86 50 68 0 0 3 0.00 0.0 0 7.4 14 290 M M 0 17 290
5 88 53 71 3 0 6 0.00 0.0 0 8.1 15 250 M M 1 21 250
6 96 48 72 3 0 7 0.00 0.0 0 8.6 22 220 M M 2 29 220
7 93 52 73 4 0 8 0.00 0.0 0 8.0 18 320 M M 1 24 160
8 98 51 75 6 0 10 0.00 0.0 0 9.2 22 190 M M 0 31 210
9 97 52 75 5 0 10 0.00 0.0 0 7.4 21 260 M M 0 26 260
10 90 50 70 0 0 5 0.00 0.0 0 12.8 23 240 M M 0 29 230
11 88 56 72 2 0 7 0.00 0.0 0 6.2 15 210 M M 0 21 220
12 96 48 72 2 0 7 0.00 0.0 0 5.8 16 330 M M 0 19 330
13 100 56 78 7 0 13 0.07 0.0 0 9.9 41 260 M M 1 3 57 260
14 98 61 80 9 0 15 T 0.0 0 9.8 39 160 M M 1 3 53 210
15 94 58 76 5 0 11 0.00 0.0 0 12.2 32 170 M M 1 42 170
16 99 57 78 7 0 13 0.00 0.0 0 5.0 14 330 M M 1 19 250
17 99 54 77 5 0 12 T 0.0 0 9.1 30 170 M M 1 39 170
18 92 68 80 8 0 15 0.00 0.0 0 17.1 26 240 M M 1 35 250
19 92 51 72 0 0 7 0.00 0.0 0 9.1 15 220 M M 0 22 220
20 97 53 75 3 0 10 0.00 0.0 0 9.2 21 230 M M 1 27 240
21 96 54 75 3 0 10 0.00 0.0 0 6.9 16 220 M M 0 24 230
22 98 52 75 3 0 10 0.00 0.0 0 8.5 25 260 M M 1 31 260
23 92 63 78 6 0 13 0.00 0.0 0 5.6 17 340 M M 0 22 350
24 93 52 73 1 0 8 0.00 0.0 0 11.4 22 250 M M 0 28 240
25 90 48 69 -3 0 4 0.00 0.0 0 5.6 13 280 M M 0 19 270
26 94 47 71 -2 0 6 0.00 0.0 0 6.6 17 270 M M 0 24 280
27 95 53 74 1 0 9 0.00 0.0 0 5.8 16 270 M M 1 20 270
28 95 55 75 2 0 10 0.00 0.0 0 6.1 29 300 M M 1 40 290
29 96 59 78 6 0 13 0.00 0.0 0 6.9 23 240 M M 1 35 240
30 96 55 76 4 0 11 0.00 0.0 0 4.5 10 320 M M 1 13 310
31 99 52 76 4 0 11 0.00 0.0 0 5.2 15 340 M M 0 18 340
================================================================================
SM 2920 1660 0 282 0.08 0.0 252.6 M 18
================================================================================
AV 94.2 53.5 8.1 FASTST M M 1 MAX(MPH)
MISC ----> 41 260 57 260
================================================================================
NOTES:
# LAST OF SEVERAL OCCURRENCES
COLUMN 17 PEAK WIND IN M.P.H.
PRELIMINARY LOCAL CLIMATOLOGICAL DATA (WS FORM: F-6) , PAGE 2
STATION: POCATELLO
MONTH: JULY
YEAR: 2022
LATITUDE: 42 55 N
LONGITUDE: 112 36 W
[TEMPERATURE DATA] [PRECIPITATION DATA] SYMBOLS USED IN COLUMN 16
AVERAGE MONTHLY: 73.9 TOTAL FOR MONTH: 0.08 1 = FOG OR MIST
DPTR FM NORMAL: 3.1 DPTR FM NORMAL: -0.43 2 = FOG REDUCING VISIBILITY
HIGHEST: 100 ON 13 GRTST 24HR 0.07 ON 13-13 TO 1/4 MILE OR LESS
LOWEST: 47 ON 26 3 = THUNDER
SNOW, ICE PELLETS, HAIL 4 = ICE PELLETS
TOTAL MONTH: 0.0 INCH 5 = HAIL
GRTST 24HR 0.0 6 = FREEZING RAIN OR DRIZZLE
GRTST DEPTH: 0 7 = DUSTSTORM OR SANDSTORM:
VSBY 1/2 MILE OR LESS
8 = SMOKE OR HAZE
[NO. OF DAYS WITH] [WEATHER - DAYS WITH] 9 = BLOWING SNOW
X = TORNADO
MAX 32 OR BELOW: 0 0.01 INCH OR MORE: 2
MAX 90 OR ABOVE: 27 0.10 INCH OR MORE: 0
MIN 32 OR BELOW: 0 0.50 INCH OR MORE: 0
MIN 0 OR BELOW: 0 1.00 INCH OR MORE: 0
[HDD (BASE 65) ]
TOTAL THIS MO. 0 CLEAR (SCALE 0-3) 31
DPTR FM NORMAL -16 PTCLDY (SCALE 4-7) 0
TOTAL FM JUL 1 0 CLOUDY (SCALE 8-10) 0
DPTR FM NORMAL -12
[CDD (BASE 65) ]
TOTAL THIS MO. 282
DPTR FM NORMAL 87 [PRESSURE DATA]
TOTAL FM JAN 1 337 HIGHEST SLP 30.14 ON 11
DPTR FM NORMAL 91 LOWEST SLP 25.44 ON 18
[REMARKS]
#FINAL-07-22#