000
CXUS55 KPIH 011205
CF6PIH
PRELIMINARY LOCAL CLIMATOLOGICAL DATA (WS FORM: F-6)
STATION: POCATELLO ID
MONTH: JANUARY
YEAR: 2021
LATITUDE: 42 55 N
LONGITUDE: 112 36 W
TEMPERATURE IN F: :PCPN: SNOW: WIND :SUNSHINE: SKY :PK WND
================================================================================
1 2 3 4 5 6A 6B 7 8 9 10 11 12 13 14 15 16 17 18
12Z AVG MX 2MIN
DY MAX MIN AVG DEP HDD CDD WTR SNW DPTH SPD SPD DIR MIN PSBL S-S WX SPD DR
================================================================================
1 33 21 27 3 38 0 0.00 0.0 0 4.5 10 10 M M 9 13 60
2 40 22 31 7 34 0 T T 0 12.9 23 230 M M 7 29 230
3 40 32 36 12 29 0 0.01 T 0 16.1 25 230 M M 7 1 34 240
4 46 20 33 9 32 0 0.11 T 0 10.4 49 230 M M 6 68 220
5 38 22 30 6 35 0 0.06 T 0 14.1 31 230 M M 6 1 39 260
6 40 16 28 4 37 0 0.00 0.0 0 6.0 10 60 M M 1 14 50
7 35 22 29 5 36 0 T T 0 7.5 21 250 M M 9 18 26 240
8 38 21 30 6 35 0 T T 0 4.5 12 10 M M 6 12 17 30
9 31 17 24 0 41 0 0.00 0.0 0 3.4 12 240 M M 6 13 250
10 31 21 26 2 39 0 0.00 0.0 0 3.5 10 50 M M 10 13 40
11 34 12 23 -1 42 0 0.00 0.0 0 4.3 13 80 M M 1 16 80
12 37 11 24 0 41 0 0.00 0.0 0 5.3 17 210 M M 4 22 200
13 49 25 37 13 28 0 0.01 0.0 0 19.2 41 240 M M 6 53 240
14 37 20 29 5 36 0 0.00 0.0 0 8.4 17 260 M M 0 24 260
15 37 14 26 2 39 0 T 0.1 0 5.7 14 210 M M 2 1 16 220
16 36 28 32 8 33 0 0.00 0.0 T 6.2 14 240 M M 9 17 240
17 44 28 36 12 29 0 0.00 0.0 0 9.7 23 230 M M 9 28 230
18 36 17 27 3 38 0 0.00 0.0 0 6.0 15 240 M M 6 19 250
19 39 8 24 0 41 0 0.00 0.0 0 3.0 12 50 M M 0 16 40
20 37 6 22 -2 43 0 0.00 0.0 0 3.7 9 10 M M 2 11 10
21 37 19 28 4 37 0 0.01 T 0 3.6 10 350 M M 9 18 12 330
22 41 25 33 8 32 0 T T T 5.4 12 20 M M 9 1 15 20
23 37 20 29 4 36 0 T 0.1 T 9.2 22 250 M M 7 1 26 250
24 34 15 25 0 40 0 0.00 0.0 0 2.7 9 40 M M 8 13 320
25 34 14 24 -1 41 0 0.00 0.0 0 4.5 13 20 M M 4 15 30
26 29 11 20 -5 45 0 T T 0 5.9 15 240 M M 8 18 230
27 36 21 29 4 36 0 T T 0 22.8 39 170 M M 6 8 53 170
28 45 34 40 15 25 0 T 0.0 0 13.3 35 180 M M 9 48 170
29 46 32 39 14 26 0 0.07 0.4 0 15.1 30 170 M M 10 1 41 160
30 39 24 32 7 33 0 0.00 0.0 T 15.9 25 230 M M 5 33 230
31 44 13 29 4 36 0 0.00 0.0 0 4.8 16 190 M M 0 21 190
================================================================================
SM 1180 611 1113 0 0.27 0.6 257.6 M 181
================================================================================
AV 38.1 19.7 8.3 FASTST M M 6 MAX(MPH)
MISC ----> 49 230 68 220
================================================================================
NOTES:
# LAST OF SEVERAL OCCURRENCES
COLUMN 17 PEAK WIND IN M.P.H.
8TH: VERY FINE AND LIGHT SNOW WITH 1/4FG THAT ASOS DID NOT PICKUP.
USED BACKUP EQUIP LOCATED AT THE WFO 1.4 MILES SW OF PIH ASOS(10-
7211) SENSOR.
PRELIMINARY LOCAL CLIMATOLOGICAL DATA (WS FORM: F-6) , PAGE 2
STATION: POCATELLO ID
MONTH: JANUARY
YEAR: 2021
LATITUDE: 42 55 N
LONGITUDE: 112 36 W
[TEMPERATURE DATA] [PRECIPITATION DATA] SYMBOLS USED IN COLUMN 16
AVERAGE MONTHLY: 28.9 TOTAL FOR MONTH: 0.27 1 = FOG OR MIST
DPTR FM NORMAL: 4.6 DPTR FM NORMAL: -0.72 2 = FOG REDUCING VISIBILITY
HIGHEST: 49 ON 13 GRTST 24HR 0.29 ON 29-29 TO 1/4 MILE OR LESS
LOWEST: 6 ON 20 3 = THUNDER
SNOW, ICE PELLETS, HAIL 4 = ICE PELLETS
TOTAL MONTH: 0.6 INCH 5 = HAIL
GRTST 24HR 0.4 ON 29-29 6 = FREEZING RAIN OR DRIZZLE
GRTST DEPTH: T 7 = DUSTSTORM OR SANDSTORM:
VSBY 1/2 MILE OR LESS
8 = SMOKE OR HAZE
[NO. OF DAYS WITH] [WEATHER - DAYS WITH] 9 = BLOWING SNOW
X = TORNADO
MAX 32 OR BELOW: 3 0.01 INCH OR MORE: 6
MAX 90 OR ABOVE: 0 0.10 INCH OR MORE: 1
MIN 32 OR BELOW: 30 0.50 INCH OR MORE: 0
MIN 0 OR BELOW: 0 1.00 INCH OR MORE: 0
[HDD (BASE 65) ]
TOTAL THIS MO. 1113 CLEAR (SCALE 0-3) 7
DPTR FM NORMAL -149 PTCLDY (SCALE 4-7) 15
TOTAL FM JUL 1 3895 CLOUDY (SCALE 8-10) 9
DPTR FM NORMAL -350
[CDD (BASE 65) ]
TOTAL THIS MO. 0
DPTR FM NORMAL 0 [PRESSURE DATA]
TOTAL FM JAN 1 0 HIGHEST SLP 30.66 ON 15
DPTR FM NORMAL 0 LOWEST SLP 29.59 ON 29
[REMARKS]
#FINAL-01-21#