000
CXUS55 KPIH 021719
CLMPIH
CLIMATE REPORT
NATIONAL WEATHER SERVICE POCATELLO ID
955 AM MST TUE JAN 02 2024
...................................
...THE POCATELLO CLIMATE SUMMARY FOR THE MONTH OF DECEMBER 2023...
CLIMATE NORMAL PERIOD 1991 TO 2020
CLIMATE RECORD PERIOD 1939 TO 2024
WEATHER OBSERVED NORMAL DEPART LAST YEAR`S
VALUE DATE(S) VALUE FROM VALUE DATE(S)
NORMAL
................................................................
TEMPERATURE (F)
RECORD
HIGH 64 12/01/1995
LOW -29 12/23/1990
HIGHEST 56 12/06 64 -8 47 12/27
LOWEST 3 12/26 -29 32 -11 12/22
AVG. MAXIMUM 37.4 34.3 3.1 32.0
AVG. MINIMUM 20.7 17.3 3.4 15.6
MEAN 29.0 25.8 3.2 23.8
DAYS MAX >= 90 0 0.0 0.0 0
DAYS MAX <= 32 9 12.6 -3.6 13
DAYS MIN <= 32 29 28.5 0.5 31
DAYS MIN <= 0 0 2.3 -2.3 5
PRECIPITATION (INCHES)
RECORD
MAXIMUM 3.39 1983
MINIMUM 0.07 1989
TOTALS 1.03 1.13 -0.10 1.60
DAILY AVG. 0.03 0.04 -0.01 0.05
DAYS >= .01 7 10.9 -3.9 15
DAYS >= .10 5 3.6 1.4 5
DAYS >= .50 0 0.3 -0.3 0
DAYS >= 1.00 0 0.0 0.0 0
GREATEST
24 HR. TOTAL 0.33 12/07 TO 12/08 0.44
SNOWFALL (INCHES)
RECORDS
TOTAL 33.7 1983
TOTALS 8.6 10.1 -1.5 10.1
SINCE 7/1 21.5 15.3 6.2 MM
SNOWDEPTH AVG. 2 2
DAYS >= 1.0 4 3.0 1.0 2
GREATEST
SNOW DEPTH 7 12/01 6 12/15
12/02
12/16
24 HR TOTAL MM MM
DEGREE DAYS
HEATING TOTAL 1108 1215 -107 1269
SINCE 7/1 2672 2894 -222 MM
COOLING TOTAL 0 0 0 0
SINCE 1/1 443 430 13 MM
................................................................
WIND (MPH)
AVERAGE WIND SPEED 7.5
HIGHEST WIND SPEED/DIRECTION 40/250 DATE 12/07
HIGHEST GUST SPEED/DIRECTION 51/240 DATE 12/07
SKY COVER
POSSIBLE SUNSHINE (PERCENT) MM
AVERAGE SKY COVER 0.52
NUMBER OF DAYS FAIR 12
NUMBER OF DAYS PC 6
NUMBER OF DAYS CLOUDY 13
AVERAGE RH (PERCENT) 81
WEATHER CONDITIONS. NUMBER OF DAYS WITH
THUNDERSTORM 0 MIXED PRECIP 0
HEAVY RAIN 0 RAIN 1
LIGHT RAIN 3 FREEZING RAIN 0
LT FREEZING RAIN 0 HAIL 0
HEAVY SNOW 1 SNOW 4
LIGHT SNOW 6 SLEET 0
FOG 20 FOG W/VIS <= 1/4 MILE 13
HAZE 4
- INDICATES NEGATIVE NUMBERS.
R INDICATES RECORD WAS SET OR TIED.
MM INDICATES DATA IS MISSING.
T INDICATES TRACE AMOUNT.
&&
$$