000
CXUS51 KRLX 012030
CLMPKB
CLIMATE REPORT
NATIONAL WEATHER SERVICE CHARLESTON WV
430 PM EDT TUE AUG 01 2023
...................................
...THE PARKERSBURG WV CLIMATE SUMMARY FOR THE MONTH OF JULY 2023...
CLIMATE NORMAL PERIOD: 1991 TO 2020
CLIMATE RECORD PERIOD: 1926 TO 2023
WEATHER OBSERVED NORMAL DEPART LAST YEAR`S
VALUE DATE(S) VALUE FROM VALUE
NORMAL
..............................................................
TEMPERATURE (F)
RECORD
HIGH 104 07/28/1930
LOW 44 07/01/1988
HIGHEST 90 07/05 90
07/13
07/26
LOWEST 57 07/23 59
AVG. MAXIMUM 85.3 85.3 0.0 83.7
AVG. MINIMUM 64.6 64.1 0.5 66.4
MEAN 75.0 74.7 0.3 75.1
DAYS MAX >= 90 3 6.7 -3.7 1
DAYS MAX >= 80 31 24
DAYS MAX >= 100 0 0
DAYS MIN <= 32 0 0.0 0.0 0
PRECIPITATION (INCHES)
RECORD
MAXIMUM 12.05 1958
MINIMUM 0.69 1901
TOTALS 6.65 4.45 2.20 6.15
DAILY AVG. 0.21 0.14 0.07 0.20
DAYS >= .01 15 12.1 2.9 19
DAYS >= .10 11 8.0 3.0 12
DAYS >= .50 6 3.3 2.7 4
DAYS >= 1.00 1 1.7 -0.7 3
GREATEST
24 HR. TOTAL 1.43 07/06 TO 07/06 2.30
DEGREE DAYS
HEATING TOTAL 0 1 -1 0
SINCE 7/1 0 0 0 MM
COOLING TOTAL 318 301 17 321
SINCE 1/1 470 594 -124 MM
..............................................................
WIND (MPH)
AVERAGE WIND SPEED 3.5
HIGHEST WIND SPEED/DIRECTION 35/290 DATE 07/28
HIGHEST GUST SPEED/DIRECTION 56/270 DATE 07/28
SKY COVER
AVERAGE SKY COVER 0.38
NUMBER OF DAYS FAIR 14
NUMBER OF DAYS PC 17
NUMBER OF DAYS CLOUDY 0
AVERAGE RH (PERCENT) 75
WEATHER CONDITIONS. NUMBER OF DAYS WITH
THUNDERSTORM 17 MIXED PRECIP 0
HEAVY RAIN 10 RAIN 12
LIGHT RAIN 18 FREEZING RAIN 0
LT FREEZING RAIN 0 HAIL 0
HEAVY SNOW 0 SNOW 0
LIGHT SNOW 0 SLEET 0
FOG 29 FOG W/VIS <= 1/4 MILE 9
HAZE 5
- INDICATES NEGATIVE NUMBERS.
R INDICATES RECORD WAS SET OR TIED.
MM INDICATES DATA IS MISSING.
T INDICATES TRACE AMOUNT.
$$