000
CXUS53 KAPX 010730
CF6PLN
PRELIMINARY LOCAL CLIMATOLOGICAL DATA (WS FORM: F-6)
STATION: PELLSTON
MONTH: JULY
YEAR: 2023
LATITUDE: 45 34 N
LONGITUDE: 84 48 W
TEMPERATURE IN F: :PCPN: SNOW: WIND :SUNSHINE: SKY :PK WND
================================================================================
1 2 3 4 5 6A 6B 7 8 9 10 11 12 13 14 15 16 17 18
12Z AVG MX 2MIN
DY MAX MIN AVG DEP HDD CDD WTR SNW DPTH SPD SPD DIR MIN PSBL S-S WX SPD DR
================================================================================
1 89 56 73 8 0 8 0.00 M M 3.7 16 320 M M 3 12 20 310
2 84 55 70 5 0 5 0.00 M M 3.2 13 20 M M 2 1 20 340
3 86 54 70 5 0 5 0.00 M M 3.9 15 320 M M 1 1 20 320
4 92 51 72 7 0 7 0.00 M M 3.5 15 330 M M 0 19 330
5 88 60 74 8 0 9 0.43 M M 4.6 16 270 M M 4 13 27 280
6 78 50 64 -2 1 0 0.14 M M 7.5 18 330 M M 6 1 26 310
7 76 44 60 -6 5 0 0.00 M M 5.0 13 310 M M 0 20 320
8 78 50 64 -2 1 0 0.00 M M 3.4 12 110 M M 1 17 140
9 79 50 65 -1 0 0 0.00 M M 3.8 13 250 M M 0 23 270
10 85 57 71 5 0 6 T M M 10.9 23 260 M M 2 38 260
11 71 53 62 -4 3 0 0.11 M M 9.2 20 330 M M 4 27 330
12 71 50 61 -5 4 0 0.00 M M 3.9 12 300 M M 2 14 300
13 78 48 63 -3 2 0 0.00 M M 5.4 15 290 M M 1 19 290
14 80 48 64 -2 1 0 0.05 M M 3.2 13 280 M M 3 13 18 270
15 78 58 68 2 0 3 0.58 M M 4.3 13 260 M M 4 1 19 270
16 78 57 68 2 0 3 0.02 M M 4.4 17 260 M M 5 1 26 250
17 71 52 62 -4 3 0 0.09 M M 6.9 20 310 M M 6 1 27 310
18 77 48 63 -3 2 0 0.00 M M 4.2 16 290 M M 6 1 23 260
19 80 58 69 3 0 4 0.03 M M 2.5 13 310 M M 7 17 290
20 73 61 67 1 0 2 0.66 M M 6.5 20 320 M M 8 13 27 330
21 81 53 67 1 0 2 0.00 M M 7.6 17 330 M M 0 24 330
22 82 46 64 -2 1 0 0.00 M M 2.7 12 80 M M 1 1 16 90
23 82 52 67 1 0 2 0.00 M M 3.5 22 100 M M 3 3 29 100
24 81 55 68 2 0 3 0.00 M M 3.9 14 320 M M 2 12 18 340
25 82 55 69 3 0 4 0.00 M M 2.2 12 260 M M 3 18 19 260
26 82 61 72 6 0 7 0.17 M M 4.5 12 350 M M 5 18 16 340
27 84 61 73 7 0 8 T M M 5.4 15 260 M M 5 123 25 280
28 86 63 75 9 0 10 0.02 M M 6.2 22 320 M M 1 13 27 330
29 80 50 65 -1 0 0 0.00 M M 6.7 20 340 M M 4 25 330
30 78 45 62 -4 3 0 0.00 M M 6.9 20 280 M M 0 30 280
31 76 49 63 -3 2 0 0.00 M M 3.9 14 310 M M 2 1 20 280
================================================================================
SM 2486 1650 28 88 2.30 M 153.5 M 91
================================================================================
AV 80.2 53.2 5.0 FASTST M M 3 MAX(MPH)
MISC ----> 23 260 38 260
================================================================================
NOTES:
# LAST OF SEVERAL OCCURRENCES
COLUMN 17 PEAK WIND IN M.P.H.
PRELIMINARY LOCAL CLIMATOLOGICAL DATA (WS FORM: F-6) , PAGE 2
STATION: PELLSTON
MONTH: JULY
YEAR: 2023
LATITUDE: 45 34 N
LONGITUDE: 84 48 W
[TEMPERATURE DATA] [PRECIPITATION DATA] SYMBOLS USED IN COLUMN 16
AVERAGE MONTHLY: 66.7 TOTAL FOR MONTH: 2.30 1 = FOG OR MIST
DPTR FM NORMAL: 0.7 DPTR FM NORMAL: -0.37 2 = FOG REDUCING VISIBILITY
HIGHEST: 92 ON 4 GRTST 24HR 0.69 ON 19-20 TO 1/4 MILE OR LESS
LOWEST: 44 ON 7 3 = THUNDER
SNOW, ICE PELLETS, HAIL 4 = ICE PELLETS
TOTAL MONTH: M 5 = HAIL
GRTST 24HR M ON M 6 = FREEZING RAIN OR DRIZZLE
GRTST DEPTH: M ON M 7 = DUSTSTORM OR SANDSTORM:
VSBY 1/2 MILE OR LESS
8 = SMOKE OR HAZE
[NO. OF DAYS WITH] [WEATHER - DAYS WITH] 9 = BLOWING SNOW
X = TORNADO
MAX 32 OR BELOW: 0 0.01 INCH OR MORE: 11
MAX 90 OR ABOVE: 1 0.10 INCH OR MORE: 6
MIN 32 OR BELOW: 0 0.50 INCH OR MORE: 2
MIN 0 OR BELOW: 0 1.00 INCH OR MORE: 0
[HDD (BASE 65) ]
TOTAL THIS MO. 28 CLEAR (SCALE 0-3) 19
DPTR FM NORMAL -32 PTCLDY (SCALE 4-7) 12
TOTAL FM JUL 1 28 CLOUDY (SCALE 8-10) 0
DPTR FM NORMAL -37
[CDD (BASE 65) ]
TOTAL THIS MO. 88
DPTR FM NORMAL -4 [PRESSURE DATA]
TOTAL FM JAN 1 163 HIGHEST SLP 30.16 ON 31
DPTR FM NORMAL 7 LOWEST SLP 29.70 ON 10
[REMARKS]
#FINAL-07-23#