000
CXUS53 KPAH 010730
CF6POF
PRELIMINARY LOCAL CLIMATOLOGICAL DATA (WS FORM: F-6)
STATION: POPLAR BLUFF MO
MONTH: MAY
YEAR: 2023
LATITUDE: 36 46 N
LONGITUDE: 90 19 W
TEMPERATURE IN F: :PCPN: SNOW: WIND :SUNSHINE: SKY :PK WND
================================================================================
1 2 3 4 5 6A 6B 7 8 9 10 11 12 13 14 15 16 17 18
12Z AVG MX 2MIN
DY MAX MIN AVG DEP HDD CDD WTR SNW DPTH SPD SPD DIR MIN PSBL S-S WX SPD DR
================================================================================
1 68 44 56 -8 9 0 0.00 M M 10.2 22 310 M M 0 33 280
2 70 45 58 -6 7 0 0.00 M M 10.1 26 330 M M 0 39 340
3 73 44 59 -5 6 0 0.00 M M 5.1 14 310 M M 0 21 320
4 72 43 58 -7 7 0 T M M 3.5 14 220 M M 3 17 210
5 63 56 60 -5 5 0 0.06 M M 7.0 16 140 M M 10 1 22 120
6 84 56 70 5 0 5 0.00 M M 9.0 18 180 M M 6 27 190
7 86 71 79 13 0 14 0.03 M M 10.4 21 210 M M 6 3 30 240
8 89 64 77 11 0 12 0.24 M M 9.9 37 320 M M 4 13 49 310
9 80 62 71 5 0 6 0.00 M M 6.8 14 320 M M 4 19 20
10 83 65 74 8 0 9 0.10 M M 7.4 21 160 M M 5 13 32 150
11 83 65 74 7 0 9 0.01 M M 6.9 22 110 M M 7 32 120
12 82 68 75 8 0 10 T M M 6.9 15 210 M M 6 1 20 200
13 81 68 75 8 0 10 0.57 M M 6.8 18 150 M M 7 13 25 160
14 88 65 77 9 0 12 0.00 M M 3.5 9 30 M M 1 14 330
15 89 68 79 11 0 14 T M M 5.4 15 50 M M 3 3 21 20
16 76 66 71 3 0 6 0.00 M M 6.9 15 350 M M 9 20 330
17 81 61 71 3 0 6 0.00 M M 5.7 13 30 M M 3 8 19 40
18 84 57 71 2 0 6 0.00 M M 4.6 12 350 M M 1 8 15 350
19 85 59 72 3 0 7 0.05 M M 5.6 20 20 M M 3 1 26 10
20 76 54 65 -4 0 0 0.08 M M 9.0 18 350 M M 3 18 26 40
21 79 51 65 -5 0 0 0.00 M M 5.6 13 20 M M 0 20 50
22 82 52 67 -3 0 2 0.00 M M 6.9 16 50 M M 0 22 20
23 86 58 72 2 0 7 0.00 M M 5.0 15 130 M M 1 21 140
24 87 61 74 3 0 9 0.00 M M 4.5 15 10 M M 2 1 20 10
25 87 59 73 2 0 8 0.00 M M 7.9 17 10 M M 1 24 40
26 79 55 67 -4 0 2 0.00 M M 9.0 18 360 M M 0 30 40
27 83 50 67 -5 0 2 0.00 M M 5.5 13 30 M M 0 19 30
28 83 58 71 -1 0 6 0.00 M M 5.1 13 360 M M 0 17 10
29 85 55 70 -2 0 5 0.00 M M 3.0 9 320 M M 0 13 60
30 88 57 73 1 0 8 0.00 M M 2.6 10 260 M M 3 15 340
31 88 63 76 3 0 11 T M M 2.3 14 160 M M 3 21 150
================================================================================
SM 2520 1800 34 186 1.14 M 198.1 M 91
================================================================================
AV 81.3 58.1 6.4 FASTST M M 3 MAX(MPH)
MISC ----> 37 320 49 310
================================================================================
NOTES:
# LAST OF SEVERAL OCCURRENCES
COLUMN 17 PEAK WIND IN M.P.H.
PRELIMINARY LOCAL CLIMATOLOGICAL DATA (WS FORM: F-6) , PAGE 2
STATION: POPLAR BLUFF MO
MONTH: MAY
YEAR: 2023
LATITUDE: 36 46 N
LONGITUDE: 90 19 W
[TEMPERATURE DATA] [PRECIPITATION DATA] SYMBOLS USED IN COLUMN 16
AVERAGE MONTHLY: 69.7 TOTAL FOR MONTH: 1.14 1 = FOG OR MIST
DPTR FM NORMAL: 1.5 DPTR FM NORMAL: -3.93 2 = FOG REDUCING VISIBILITY
HIGHEST: 89 ON 15, 8 GRTST 24HR 0.57 ON 12-13 TO 1/4 MILE OR LESS
LOWEST: 43 ON 4 3 = THUNDER
SNOW, ICE PELLETS, HAIL 4 = ICE PELLETS
TOTAL MONTH: M 5 = HAIL
GRTST 24HR M ON M 6 = FREEZING RAIN OR DRIZZLE
GRTST DEPTH: M ON M 7 = DUSTSTORM OR SANDSTORM:
VSBY 1/2 MILE OR LESS
8 = SMOKE OR HAZE
[NO. OF DAYS WITH] [WEATHER - DAYS WITH] 9 = BLOWING SNOW
X = TORNADO
MAX 32 OR BELOW: 0 0.01 INCH OR MORE: 8
MAX 90 OR ABOVE: 0 0.10 INCH OR MORE: 3
MIN 32 OR BELOW: 0 0.50 INCH OR MORE: 1
MIN 0 OR BELOW: 0 1.00 INCH OR MORE: 0
[HDD (BASE 65) ]
TOTAL THIS MO. 34 CLEAR (SCALE 0-3) 18
DPTR FM NORMAL -17 PTCLDY (SCALE 4-7) 11
TOTAL FM JUL 1 3446 CLOUDY (SCALE 8-10) 2
DPTR FM NORMAL -486
[CDD (BASE 65) ]
TOTAL THIS MO. 186
DPTR FM NORMAL 35 [PRESSURE DATA]
TOTAL FM JAN 1 209 HIGHEST SLP M ON M
DPTR FM NORMAL 20 LOWEST SLP 29.71 ON 1
[REMARKS]
#FINAL-05-23#