000
CXUS53 KPAH 010700
CF6POF
PRELIMINARY LOCAL CLIMATOLOGICAL DATA (WS FORM: F-6)
STATION: POPLAR BLUFF MO
MONTH: SEPTEMBER
YEAR: 2021
LATITUDE: 36 46 N
LONGITUDE: 90 19 W
TEMPERATURE IN F: :PCPN: SNOW: WIND :SUNSHINE: SKY :PK WND
================================================================================
1 2 3 4 5 6A 6B 7 8 9 10 11 12 13 14 15 16 17 18
12Z AVG MX 2MIN
DY MAX MIN AVG DEP HDD CDD WTR SNW DPTH SPD SPD DIR MIN PSBL S-S WX SPD DR
================================================================================
1 85 67 76 1 0 11 0.00 M M 5.7 15 360 M M 4 1 21 350
2 85 63 74 -1 0 9 0.00 M M 4.1 10 50 M M 0 15 60
3 83 60 72 -2 0 7 0.00 M M 1.7 7 150 M M 2 1 12 190
4 88 65 77 3 0 12 1.43 M M 5.4 14 210 M M 2 13 20 200
5 83 60 72 -2 0 7 0.88 M M 5.0 13 360 M M 4 123 20 350
6 86 58 72 -2 0 7 0.00 M M 1.4 7 70 M M 0 12 12 70
7 86 57 72 -1 0 7 0.00 M M 4.1 12 240 M M 0 1 17 240
8 85 59 72 -1 0 7 0.00 M M 5.4 15 330 M M 2 24 360
9 85 56 71 -2 0 6 0.00 M M 3.5 13 340 M M 0 19 340
10 83 54 69 -3 0 4 0.00 M M 3.6 10 180 M M 1 17 220
11 84 62 73 1 0 8 0.00 M M 6.9 15 220 M M 1 24 220
12 84 58 71 -1 0 6 0.00 M M 4.1 14 210 M M 0 1 21 210
13 90 61 76 4 0 11 0.00 M M 4.4 13 210 M M 1 18 20 160
14 91 67 79 8 0 14 0.00 M M 5.0 14 200 M M 3 18 22 210
15 87 67 77 6 0 12 0.00 M M 4.6 12 20 M M 3 18 19 20
16 84 65 75 4 0 10 0.00 M M 4.2 9 90 M M 3 18 14 50
17 83 66 75 5 0 10 0.33 M M 3.3 12 30 M M 5 1 17 30
18 87 70 79 9 0 14 0.20 M M 4.2 14 110 M M 6 13 22 110
19 82 67 75 5 0 10 T M M 2.5 9 80 M M 6 13 14 70
20 88 70 79 10 0 14 0.00 M M 5.3 12 220 M M 6 1 16 210
21 79 59 69 0 0 4 0.14 M M 6.7 18 340 M M 6 1 26 340
22 77 51 64 -5 1 0 0.00 M M 8.0 18 330 M M 2 27 340
23 76 48 62 -6 3 0 0.00 M M 2.3 13 300 M M 0 18 19 320
24 80 45 63 -5 2 0 0.00 M M 3.8 13 180 M M 0 12 18 230
25 78 49 64 -4 1 0 T M M 3.8 12 40 M M 1 18 18 50
26 84 46 65 -2 0 0 0.00 M M 4.2 13 210 M M 0 1 19 190
27 87 53 70 3 0 5 0.00 M M 5.1 16 210 M M 0 18 25 190
28 88 54 71 5 0 6 0.00 M M 1.1 12 220 M M 1 128 19 150
29 88 60 74 8 0 9 0.00 M M 2.0 9 120 M M 3 18 14 130
30 76 65 71 5 0 6 0.48 M M 2.2 12 70 M M 6 1 19 80
================================================================================
SM 2522 1782 7 216 3.46 M 123.6 M 68
================================================================================
AV 84.1 59.4 4.1 FASTST M M 2 MAX(MPH)
MISC ----> # 18 340 27 340
================================================================================
NOTES:
# LAST OF SEVERAL OCCURRENCES
COLUMN 17 PEAK WIND IN M.P.H.
PRELIMINARY LOCAL CLIMATOLOGICAL DATA (WS FORM: F-6) , PAGE 2
STATION: POPLAR BLUFF MO
MONTH: SEPTEMBER
YEAR: 2021
LATITUDE: 36 46 N
LONGITUDE: 90 19 W
[TEMPERATURE DATA] [PRECIPITATION DATA] SYMBOLS USED IN COLUMN 16
AVERAGE MONTHLY: 71.7 TOTAL FOR MONTH: 3.46 1 = FOG OR MIST
DPTR FM NORMAL: 1.1 DPTR FM NORMAL: -0.52 2 = FOG REDUCING VISIBILITY
HIGHEST: 91 ON 14 GRTST 24HR 2.31 ON 4- 5 TO 1/4 MILE OR LESS
LOWEST: 45 ON 24 3 = THUNDER
SNOW, ICE PELLETS, HAIL 4 = ICE PELLETS
TOTAL MONTH: M 5 = HAIL
GRTST 24HR M ON M 6 = FREEZING RAIN OR DRIZZLE
GRTST DEPTH: M ON M 7 = DUSTSTORM OR SANDSTORM:
VSBY 1/2 MILE OR LESS
8 = SMOKE OR HAZE
[NO. OF DAYS WITH] [WEATHER - DAYS WITH] 9 = BLOWING SNOW
X = TORNADO
MAX 32 OR BELOW: 0 0.01 INCH OR MORE: 6
MAX 90 OR ABOVE: 2 0.10 INCH OR MORE: 6
MIN 32 OR BELOW: 0 0.50 INCH OR MORE: 2
MIN 0 OR BELOW: 0 1.00 INCH OR MORE: 1
[HDD (BASE 65) ]
TOTAL THIS MO. 7 CLEAR (SCALE 0-3) 22
DPTR FM NORMAL -18 PTCLDY (SCALE 4-7) 8
TOTAL FM JUL 1 7 CLOUDY (SCALE 8-10) 0
DPTR FM NORMAL -16
[CDD (BASE 65) ]
TOTAL THIS MO. 216
DPTR FM NORMAL 23 [PRESSURE DATA]
TOTAL FM JAN 1 1531 HIGHEST SLP M ON M
DPTR FM NORMAL -53 LOWEST SLP 29.71 ON 1
[REMARKS]
#FINAL-09-21#