000
CXUS56 KLOX 011630
CLMPRB
CLIMATE REPORT
NATIONAL WEATHER SERVICE LOS ANGELES/OXNARD
930 AM PDT WED NOV 01 2023
...................................
...THE PASO ROBLES AIRPORT CA CLIMATE SUMMARY FOR THE MONTH OF OCTOBER 2023...
CLIMATE NORMAL PERIOD: 1991 TO 2020
CLIMATE RECORD PERIOD: 1948 TO 2023
WEATHER OBSERVED NORMAL DEPART LAST YEAR`S
VALUE DATE(S) VALUE FROM VALUE
NORMAL
..............................................................
TEMPERATURE (F)
HIGHEST 99 10/07
10/19
LOWEST 28 10/29
AVG. MAXIMUM 83.5 80.6 2.9
AVG. MINIMUM 44.2 43.6 0.6
MEAN 63.9 62.1 1.8
DAYS MAX >= 90 8
DAYS MAX <= 32 0
DAYS MIN <= 32 3
DAYS MIN <= 0 0
PRECIPITATION (INCHES)
TOTALS 0.00 0.56 -0.56
DAILY AVG. 0.00
DAYS >= .01 0
DAYS >= .10 0
DAYS >= .50 0
DAYS >= 1.00 0
GREATEST
24 HR. TOTAL T 09/30 TO 09/30
STORM TOTAL 0.00
DEGREE DAYS
HEATING TOTAL 93 131 -38 97
SINCE 7/1 111 157 -46 MM
COOLING TOTAL 64 41 23 92
SINCE 1/1 963 957 6 MM
..............................................................
WIND (MPH)
AVERAGE WIND SPEED 4.8
HIGHEST WIND SPEED/DIRECTION 23/310 DATE 10/11
HIGHEST GUST SPEED/DIRECTION 29/320 DATE 10/11
SKY COVER
POSSIBLE SUNSHINE (PERCENT) MM
AVERAGE SKY COVER 0.10
NUMBER OF DAYS FAIR 27
NUMBER OF DAYS PC 4
NUMBER OF DAYS CLOUDY 0
AVERAGE RH (PERCENT) 53
WEATHER CONDITIONS. NUMBER OF DAYS WITH
THUNDERSTORM 0 MIXED PRECIP 0
HEAVY RAIN 0 RAIN 0
LIGHT RAIN 0 FREEZING RAIN 0
LT FREEZING RAIN 0 HAIL 0
HEAVY SNOW 0 SNOW 0
LIGHT SNOW 0 SLEET 0
FOG 6 FOG W/VIS <= 1/4 MILE 2
HAZE 0
- INDICATES NEGATIVE NUMBERS.
R INDICATES RECORD WAS SET OR TIED.
MM INDICATES DATA IS MISSING.
T INDICATES TRACE AMOUNT.
$$