000
CXUS56 KFGZ 280910
CF6PRC
PRELIMINARY LOCAL CLIMATOLOGICAL DATA (WS FORM: F-6)
STATION: PRESCOTT AZ AIRPORT
MONTH: MARCH
YEAR: 2024
LATITUDE: 34 39 N
LONGITUDE: 112 26 W
TEMPERATURE IN F: :PCPN: SNOW: WIND :SUNSHINE: SKY :PK WND
================================================================================
1 2 3 4 5 6A 6B 7 8 9 10 11 12 13 14 15 16 17 18
12Z AVG MX 2MIN
DY MAX MIN AVG DEP HDD CDD WTR SNW DPTH SPD SPD DIR MIN PSBL S-S WX SPD DR
================================================================================
1 61 35 48 3 17 0 0.00 M M 9.9 23 230 M M 0 33 240
2 57 40 49 4 16 0 0.00 M M 12.1 30 200 M M 2 44 200
3 55 42 49 4 16 0 0.00 M M 13.4 24 190 M M 5 34 190
4 57 32 45 0 20 0 0.00 M M 6.7 15 130 M M 2 21 120
5 60 32 46 0 19 0 0.00 M M 6.3 18 230 M M 0 26 230
6 58 35 47 1 18 0 0.00 M M 6.0 20 230 M M 0 31 220
7 46 37 42 -4 23 0 0.12 M M 5.8 18 220 M M 9 13 23 220
8 56 37 47 1 18 0 0.01 M M 4.1 21 40 M M 8 1 32 30
9 57 29 43 -3 22 0 0.00 M M 5.0 15 150 M M 1 20 180
10 62 29 46 -1 19 0 0.00 M M 6.5 17 140 M M 0 25 160
11 63 37 50 3 15 0 0.00 M M 9.2 21 240 M M 0 34 230
12 59 33 46 -1 19 0 0.00 M M 8.2 17 230 M M 0 26 240
13 54 35 45 -2 20 0 0.04 M M 8.6 25 310 M M 7 3 32 310
14 48 26 37 -11 28 0 0.05 M M 5.9 17 150 M M 6 1 29 160
15 46 32 39 -9 26 0 0.38 M M 6.9 16 130 M M 9 1 25 210
16 45 33 39 -9 26 0 0.07 M M 7.4 17 130 M M 9 1 23 130
17 54 32 43 -5 22 0 T M M 4.5 24 40 M M 6 3 34 50
18 55 31 43 -5 22 0 0.13 M M 7.6 22 40 M M 6 3 34 130
19 59 30 45 -3 20 0 0.00 M M 4.6 16 180 M M 4 123 22 180
20 61 32 47 -2 18 0 0.01 M M 5.1 20 240 M M 2 38 23 240
21 68 35 52 3 13 0 0.00 M M 6.9 20 250 M M 0 27 260
22 67 36 52 3 13 0 0.00 M M 5.0 17 190 M M 0 25 180
23 64 39 52 3 13 0 0.15 M M 12.5 30 210 M M 2 13 43 200
24 48 33 41 -9 24 0 0.29 M M 12.4 25 320 M M 6 1 37 230
25 54 28 41 -9 24 0 0.02 M M 8.0 38 240 M M 3 49 250
26 53 36 45 -5 20 0 T M M 9.6 28 280 M M 5 3 37 230
27 61 29 45 -5 20 0 0.00 M M 4.4 15 240 M M 0 19 240
================================================================================
SM 1528 905 531 0 1.27 M 202.6 M 92
================================================================================
AV 56.6 33.5 7.5 FASTST M M 3 MAX(MPH)
MISC ----> 38 240 49 250
================================================================================
NOTES:
# LAST OF SEVERAL OCCURRENCES
COLUMN 17 PEAK WIND IN M.P.H.
PRELIMINARY LOCAL CLIMATOLOGICAL DATA (WS FORM: F-6) , PAGE 2
STATION: PRESCOTT AZ AIRPORT
MONTH: MARCH
YEAR: 2024
LATITUDE: 34 39 N
LONGITUDE: 112 26 W
[TEMPERATURE DATA] [PRECIPITATION DATA] SYMBOLS USED IN COLUMN 16
AVERAGE MONTHLY: 45.1 TOTAL FOR MONTH: 1.27 1 = FOG OR MIST
DPTR FM NORMAL: -2.4 DPTR FM NORMAL: 0.40 2 = FOG REDUCING VISIBILITY
HIGHEST: 68 ON 21 GRTST 24HR 0.41 ON 23-24 TO 1/4 MILE OR LESS
LOWEST: 26 ON 14 3 = THUNDER
SNOW, ICE PELLETS, HAIL 4 = ICE PELLETS
TOTAL MONTH: M 5 = HAIL
GRTST 24HR M ON M 6 = FREEZING RAIN OR DRIZZLE
GRTST DEPTH: M ON M 7 = DUSTSTORM OR SANDSTORM:
VSBY 1/2 MILE OR LESS
8 = SMOKE OR HAZE
[NO. OF DAYS WITH] [WEATHER - DAYS WITH] 9 = BLOWING SNOW
X = TORNADO
MAX 32 OR BELOW: 0 0.01 INCH OR MORE: 11
MAX 90 OR ABOVE: 0 0.10 INCH OR MORE: 5
MIN 32 OR BELOW: 12 0.50 INCH OR MORE: 0
MIN 0 OR BELOW: 0 1.00 INCH OR MORE: 0
[HDD (BASE 65) ]
TOTAL THIS MO. 531 CLEAR (SCALE 0-3) 14
DPTR FM NORMAL 56 PTCLDY (SCALE 4-7) 10
TOTAL FM JUL 1 3320 CLOUDY (SCALE 8-10) 3
DPTR FM NORMAL -183
[CDD (BASE 65) ]
TOTAL THIS MO. 0
DPTR FM NORMAL 0 [PRESSURE DATA]
TOTAL FM JAN 1 0 HIGHEST SLP M ON M
DPTR FM NORMAL 0 LOWEST SLP 29.41 ON 24
[REMARKS]