000
CXUS56 KFGZ 010910
CF6PRC
PRELIMINARY LOCAL CLIMATOLOGICAL DATA (WS FORM: F-6)
STATION: PRESCOTT AZ AIRPORT
MONTH: APRIL
YEAR: 2023
LATITUDE: 34 39 N
LONGITUDE: 112 26 W
TEMPERATURE IN F: :PCPN: SNOW: WIND :SUNSHINE: SKY :PK WND
================================================================================
1 2 3 4 5 6A 6B 7 8 9 10 11 12 13 14 15 16 17 18
12Z AVG MX 2MIN
DY MAX MIN AVG DEP HDD CDD WTR SNW DPTH SPD SPD DIR MIN PSBL S-S WX SPD DR
================================================================================
1 67 29 48 -3 17 0 0.00 M M 4.9 16 240 M M 0 8 21 140
2 66 33 50 -1 15 0 0.00 M M 11.2 22 220 M M 0 28 220
3 61 33 47 -4 18 0 0.00 M M 21.2 44 220 M M 2 8 56 210
4 43 24 34 -17 31 0 T M M 13.8 31 310 M M 3 42 290
5 53 19 36 -16 29 0 0.00 M M 6.5 17 350 M M 0 22 360
6 64 23 44 -8 21 0 0.00 M M 6.0 15 140 M M 0 19 140
7 66 32 49 -3 16 0 0.00 M M 7.3 22 230 M M 0 27 230
8 69 35 52 0 13 0 0.00 M M 6.7 16 150 M M 0 22 120
9 76 36 56 4 9 0 0.00 M M 4.8 12 190 M M 0 14 20
10 81 38 60 8 5 0 0.00 M M 7.1 17 150 M M 0 23 130
11 83 44 64 12 1 0 0.00 M M 9.6 23 150 M M 0 28 150
12 74 47 61 8 4 0 0.00 M M 9.8 24 210 M M 0 30 210
13 67 44 56 3 9 0 0.00 M M 9.3 25 200 M M 1 33 210
14 63 40 52 -1 13 0 0.00 M M 9.9 20 240 M M 0 28 240
15 70 32 51 -2 14 0 0.00 M M 4.5 15 160 M M 0 20 150
16 74 36 55 1 10 0 0.00 M M 7.2 17 230 M M 0 22 230
17 73 39 56 2 9 0 0.00 M M 8.8 22 230 M M 0 33 230
18 67 51 59 5 6 0 0.00 M M 11.7 25 250 M M 0 32 250
19 63 41 52 -2 13 0 0.00 M M 11.3 22 240 M M 0 28 240
20 68 32 50 -4 15 0 0.00 M M 7.1 22 330 M M 0 28 320
21 75 35 55 0 10 0 0.00 M M 5.7 17 260 M M 0 23 280
22 73 44 59 4 6 0 0.00 M M 7.5 18 310 M M 0 25 300
23 75 40 58 3 7 0 0.00 M M 6.3 23 220 M M 1 29 220
24 74 49 62 7 3 0 0.00 M M 11.9 26 240 M M 1 33 250
25 74 48 61 5 4 0 0.00 M M 13.0 28 240 M M 1 38 220
26 74 40 57 1 8 0 0.00 M M 7.2 16 360 M M 0 23 20
27 78 39 59 3 6 0 0.00 M M 7.3 17 240 M M 0 22 270
28 80 44 62 6 3 0 0.00 M M 5.3 20 10 M M 0 24 20
29 84 42 63 6 2 0 0.00 M M 5.2 12 240 M M 0 16 190
30 84 48 66 9 0 1 0.00 M M 7.4 22 220 M M 0 30 240
================================================================================
SM 2119 1137 317 1 T M 255.5 M 9
================================================================================
AV 70.6 37.9 8.5 FASTST M M 0 MAX(MPH)
MISC ----> 44 220 56 210
================================================================================
NOTES:
# LAST OF SEVERAL OCCURRENCES
COLUMN 17 PEAK WIND IN M.P.H.
PRELIMINARY LOCAL CLIMATOLOGICAL DATA (WS FORM: F-6) , PAGE 2
STATION: PRESCOTT AZ AIRPORT
MONTH: APRIL
YEAR: 2023
LATITUDE: 34 39 N
LONGITUDE: 112 26 W
[TEMPERATURE DATA] [PRECIPITATION DATA] SYMBOLS USED IN COLUMN 16
AVERAGE MONTHLY: 54.3 TOTAL FOR MONTH: T 1 = FOG OR MIST
DPTR FM NORMAL: 0.8 DPTR FM NORMAL: -0.47 2 = FOG REDUCING VISIBILITY
HIGHEST: 84 ON 30,29 GRTST 24HR T ON 3- 3 TO 1/4 MILE OR LESS
LOWEST: 19 ON 5 3 = THUNDER
SNOW, ICE PELLETS, HAIL 4 = ICE PELLETS
TOTAL MONTH: M 5 = HAIL
GRTST 24HR M ON M 6 = FREEZING RAIN OR DRIZZLE
GRTST DEPTH: M ON M 7 = DUSTSTORM OR SANDSTORM:
VSBY 1/2 MILE OR LESS
8 = SMOKE OR HAZE
[NO. OF DAYS WITH] [WEATHER - DAYS WITH] 9 = BLOWING SNOW
X = TORNADO
MAX 32 OR BELOW: 0 0.01 INCH OR MORE: 0
MAX 90 OR ABOVE: 0 0.10 INCH OR MORE: 0
MIN 32 OR BELOW: 7 0.50 INCH OR MORE: 0
MIN 0 OR BELOW: 0 1.00 INCH OR MORE: 0
[HDD (BASE 65) ]
TOTAL THIS MO. 317 CLEAR (SCALE 0-3) 30
DPTR FM NORMAL -27 PTCLDY (SCALE 4-7) 0
TOTAL FM JUL 1 4311 CLOUDY (SCALE 8-10) 0
DPTR FM NORMAL 406
[CDD (BASE 65) ]
TOTAL THIS MO. 1
DPTR FM NORMAL 0 [PRESSURE DATA]
TOTAL FM JAN 1 1 HIGHEST SLP M ON M
DPTR FM NORMAL 0 LOWEST SLP 29.44 ON 3
[REMARKS]
#FINAL-04-23#