000
CXUS56 KFGZ 010910
CF6PRC
PRELIMINARY LOCAL CLIMATOLOGICAL DATA (WS FORM: F-6)
STATION: PRESCOTT AZ AIRPORT
MONTH: NOVEMBER
YEAR: 2022
LATITUDE: 34 39 N
LONGITUDE: 112 26 W
TEMPERATURE IN F: :PCPN: SNOW: WIND :SUNSHINE: SKY :PK WND
================================================================================
1 2 3 4 5 6A 6B 7 8 9 10 11 12 13 14 15 16 17 18
12Z AVG MX 2MIN
DY MAX MIN AVG DEP HDD CDD WTR SNW DPTH SPD SPD DIR MIN PSBL S-S WX SPD DR
================================================================================
1 65 40 53 1 12 0 0.00 M M 7.5 21 200 M M 0 26 200
2 60 44 52 0 13 0 T M M 13.7 26 190 M M 1 34 180
3 47 31 39 -13 26 0 0.08 M M 10.6 24 250 M M 6 13 31 200
4 49 25 37 -14 28 0 0.00 M M 6.0 15 310 M M 0 8 19 310
5 65 30 48 -3 17 0 0.00 M M 5.7 14 240 M M 0 8 16 230
6 64 31 48 -3 17 0 0.00 M M 6.3 15 150 M M 0 20 150
7 65 45 55 5 10 0 0.00 M M 8.2 18 200 M M 0 24 150
8 61 40 51 1 14 0 0.00 M M 10.7 23 150 M M 0 31 190
9 49 29 39 -11 26 0 0.11 M M 13.2 32 230 M M 6 18 40 230
10 50 23 37 -12 28 0 0.00 M M 4.5 13 310 M M 0 14 310
11 52 23 38 -11 27 0 0.00 M M 3.4 12 310 M M 0 8 14 310
12 58 21 40 -8 25 0 0.00 M M 4.3 13 230 M M 0 21 130
13 49 27 38 -10 27 0 0.00 M M 8.4 24 230 M M 2 31 230
14 52 23 38 -10 27 0 0.00 M M 5.3 10 280 M M 0 12 10
15 53 20 37 -10 28 0 0.00 M M 4.4 12 360 M M 0 8 17 330
16 50 20 35 -12 30 0 0.00 M M 7.3 21 20 M M 0 8 28 50
17 55 18 37 -10 28 0 0.00 M M 4.7 12 190 M M 0 14 200
18 52 20 36 -10 29 0 0.00 M M 2.6 8 20 M M 0 10 350
19 55 23 39 -7 26 0 0.00 M M 4.4 13 130 M M 1 18 130
20 M M M M M M 0.00 M M 4.0 10 190 M M 0 18 12 190
21 58 M M M M M 0.00 M M 4.9 12 200 M M 0 14 200
22 59 24 42 -3 23 0 0.00 M M 4.1 12 200 M M 0 13 200
23 61 22 42 -2 23 0 0.00 M M 6.6 23 350 M M 0 27 340
24 53 27 40 -4 25 0 0.00 M M 10.4 26 30 M M 0 31 30
25 57 23 40 -4 25 0 0.00 M M 4.9 10 190 M M 0 8 13 190
26 59 23 41 -2 24 0 0.00 M M 5.8 14 230 M M 0 18 240
27 58 22 40 -3 25 0 0.00 M M 4.3 9 160 M M 0 13 340
28 55 29 42 0 23 0 0.00 M M 9.2 24 230 M M 0 34 210
29 54 26 40 -2 25 0 0.00 M M 4.0 10 170 M M 0 13 160
30 58 23 41 -1 24 0 0.00 M M 4.2 21 140 M M 0 28 140
================================================================================
SM 1623 752 655 0 0.19 M 193.6 M 16
================================================================================
AV 56.0 26.9 6.5 FASTST M M 1 MAX(MPH)
MISC ----> 32 230 40 230
================================================================================
NOTES:
# LAST OF SEVERAL OCCURRENCES
COLUMN 17 PEAK WIND IN M.P.H.
PRELIMINARY LOCAL CLIMATOLOGICAL DATA (WS FORM: F-6) , PAGE 2
STATION: PRESCOTT AZ AIRPORT
MONTH: NOVEMBER
YEAR: 2022
LATITUDE: 34 39 N
LONGITUDE: 112 26 W
[TEMPERATURE DATA] [PRECIPITATION DATA] SYMBOLS USED IN COLUMN 16
AVERAGE MONTHLY: 41.4 TOTAL FOR MONTH: 0.19 1 = FOG OR MIST
DPTR FM NORMAL: -5.7 DPTR FM NORMAL: -0.50 2 = FOG REDUCING VISIBILITY
HIGHEST: 65 ON 7, 5 GRTST 24HR 0.11 ON 9- 9 TO 1/4 MILE OR LESS
LOWEST: 18 ON 17 3 = THUNDER
SNOW, ICE PELLETS, HAIL 4 = ICE PELLETS
TOTAL MONTH: M 5 = HAIL
GRTST 24HR M ON M 6 = FREEZING RAIN OR DRIZZLE
GRTST DEPTH: M ON M 7 = DUSTSTORM OR SANDSTORM:
VSBY 1/2 MILE OR LESS
8 = SMOKE OR HAZE
[NO. OF DAYS WITH] [WEATHER - DAYS WITH] 9 = BLOWING SNOW
X = TORNADO
MAX 32 OR BELOW: 0 0.01 INCH OR MORE: 2
MAX 90 OR ABOVE: 0 0.10 INCH OR MORE: 1
MIN 32 OR BELOW: 24 0.50 INCH OR MORE: 0
MIN 0 OR BELOW: 0 1.00 INCH OR MORE: 0
[HDD (BASE 65) ]
TOTAL THIS MO. 655 CLEAR (SCALE 0-3) 28
DPTR FM NORMAL 118 PTCLDY (SCALE 4-7) 2
TOTAL FM JUL 1 926 CLOUDY (SCALE 8-10) 0
DPTR FM NORMAL 129
[CDD (BASE 65) ]
TOTAL THIS MO. 0
DPTR FM NORMAL 0 [PRESSURE DATA]
TOTAL FM JAN 1 1111 HIGHEST SLP M ON M
DPTR FM NORMAL 43 LOWEST SLP 29.69 ON 29
[REMARKS]
#FINAL-11-22#