000
CXUS56 KFGZ 010910
CF6PRC
PRELIMINARY LOCAL CLIMATOLOGICAL DATA (WS FORM: F-6)
STATION: PRESCOTT AZ AIRPORT
MONTH: JULY
YEAR: 2023
LATITUDE: 34 39 N
LONGITUDE: 112 26 W
TEMPERATURE IN F: :PCPN: SNOW: WIND :SUNSHINE: SKY :PK WND
================================================================================
1 2 3 4 5 6A 6B 7 8 9 10 11 12 13 14 15 16 17 18
12Z AVG MX 2MIN
DY MAX MIN AVG DEP HDD CDD WTR SNW DPTH SPD SPD DIR MIN PSBL S-S WX SPD DR
================================================================================
1 96 57 77 1 0 12 0.00 M M 6.3 15 330 M M 0 19 330
2 99 60 80 4 0 15 0.00 M M 6.8 21 270 M M 0 33 250
3 99 65 82 6 0 17 0.00 M M 8.3 24 240 M M 0 31 250
4 93 62 78 2 0 13 0.00 M M 11.1 24 240 M M 0 33 220
5 92 57 75 -1 0 10 0.00 M M 9.6 22 230 M M 0 29 240
6 92 58 75 -1 0 10 0.00 M M 11.9 24 230 M M 0 34 180
7 92 58 75 -1 0 10 0.00 M M 10.5 22 200 M M 0 31 230
8 92 60 76 0 0 11 0.00 M M 8.9 23 230 M M 0 29 170
9 92 65 79 2 0 14 0.00 M M 9.3 21 200 M M 1 24 190
10 93 65 79 2 0 14 0.00 M M 7.1 17 190 M M 0 23 180
11 93 72 83 6 0 18 0.00 M M 7.7 22 240 M M 2 25 250
12 94 72 83 6 0 18 0.00 M M 9.0 21 230 M M 1 27 250
13 97 68 83 6 0 18 0.00 M M 8.0 20 250 M M 0 27 230
14 100 67 84 7 0 19 0.00 M M 6.6 17 250 M M 0 24 280
15 103 66 85 8 0 20 0.00 M M 5.0 16 290 M M 0 20 20
16 103 65 84 7 0 19 0.00 M M 6.4 20 230 M M 0 24 220
17 100 75 88 11 0 23 T M M 7.9 28 40 M M 2 3 41 30
18 99 71 85 8 0 20 T M M 8.1 21 220 M M 1 3 30 180
19 98 69 84 7 0 19 0.00 M M 7.5 21 260 M M 0 27 260
20 100 67 84 7 0 19 0.00 M M 7.2 22 280 M M 0 32 260
21 102 69 86 9 0 21 0.04 M M 5.3 25 120 M M 1 38 38 130
22 99 71 85 8 0 20 0.01 M M 8.1 28 320 M M 2 3 36 170
23 96 68 82 5 0 17 0.61 M M 6.3 32 160 M M 2 3 45 150
24 89 65 77 0 0 12 0.32 M M 5.0 22 280 M M 3 3 32 280
25 95 65 80 3 0 15 0.00 M M 5.9 21 360 M M 1 3 26 350
26 98 66 82 6 0 17 T M M 5.9 17 260 M M 3 3 24 280
27 98 67 83 7 0 18 0.00 M M 7.3 20 250 M M 1 38 25 190
28 92 66 79 3 0 14 0.42 M M 7.2 26 260 M M 2 3 36 260
29 95 63 79 3 0 14 T M M 4.7 24 20 M M 1 3 31 20
30 89 63 76 0 0 11 0.01 M M 6.9 16 10 M M 2 3 20 250
31 87 63 75 -1 0 10 0.30 M M 5.4 25 240 M M 2 13 32 250
================================================================================
SM 2967 2025 0 488 1.71 M 231.2 M 27
================================================================================
AV 95.7 65.3 7.5 FASTST M M 1 MAX(MPH)
MISC ----> 32 160 45 150
================================================================================
NOTES:
# LAST OF SEVERAL OCCURRENCES
COLUMN 17 PEAK WIND IN M.P.H.
PRELIMINARY LOCAL CLIMATOLOGICAL DATA (WS FORM: F-6) , PAGE 2
STATION: PRESCOTT AZ AIRPORT
MONTH: JULY
YEAR: 2023
LATITUDE: 34 39 N
LONGITUDE: 112 26 W
[TEMPERATURE DATA] [PRECIPITATION DATA] SYMBOLS USED IN COLUMN 16
AVERAGE MONTHLY: 80.5 TOTAL FOR MONTH: 1.71 1 = FOG OR MIST
DPTR FM NORMAL: 4.0 DPTR FM NORMAL: -0.16 2 = FOG REDUCING VISIBILITY
HIGHEST: 103 ON 16,15 GRTST 24HR 0.93 ON 23-24 TO 1/4 MILE OR LESS
LOWEST: 57 ON 5, 1 3 = THUNDER
SNOW, ICE PELLETS, HAIL 4 = ICE PELLETS
TOTAL MONTH: M 5 = HAIL
GRTST 24HR M ON M 6 = FREEZING RAIN OR DRIZZLE
GRTST DEPTH: M ON M 7 = DUSTSTORM OR SANDSTORM:
VSBY 1/2 MILE OR LESS
8 = SMOKE OR HAZE
[NO. OF DAYS WITH] [WEATHER - DAYS WITH] 9 = BLOWING SNOW
X = TORNADO
MAX 32 OR BELOW: 0 0.01 INCH OR MORE: 7
MAX 90 OR ABOVE: 28 0.10 INCH OR MORE: 4
MIN 32 OR BELOW: 0 0.50 INCH OR MORE: 1
MIN 0 OR BELOW: 0 1.00 INCH OR MORE: 0
[HDD (BASE 65) ]
TOTAL THIS MO. 0 CLEAR (SCALE 0-3) 31
DPTR FM NORMAL 0 PTCLDY (SCALE 4-7) 0
TOTAL FM JUL 1 0 CLOUDY (SCALE 8-10) 0
DPTR FM NORMAL 0
[CDD (BASE 65) ]
TOTAL THIS MO. 488
DPTR FM NORMAL 132 [PRESSURE DATA]
TOTAL FM JAN 1 583 HIGHEST SLP M ON M
DPTR FM NORMAL -35 LOWEST SLP 29.69 ON 7
[REMARKS]
#FINAL-07-23#