000
CXUS54 KFWD 010730
CF6PRX
PRELIMINARY LOCAL CLIMATOLOGICAL DATA (WS FORM: F-6)
STATION: PARIS
MONTH: OCTOBER
YEAR: 2022
LATITUDE: 33 37 N
LONGITUDE: 95 27 W
TEMPERATURE IN F: :PCPN: SNOW: WIND :SUNSHINE: SKY :PK WND
================================================================================
1 2 3 4 5 6A 6B 7 8 9 10 11 12 13 14 15 16 17 18
12Z AVG MX 2MIN
DY MAX MIN AVG DEP HDD CDD WTR SNW DPTH SPD SPD DIR MIN PSBL S-S WX SPD DR
================================================================================
1 83 50 67 -4 0 2 0.00 M M 4.3 8 100 M M 0 M M
2 85 52 69 -1 0 4 0.00 M M 4.3 10 80 M M 0 M M
3 87 53 70 0 0 5 0.00 M M 5.2 10 100 M M 0 20 100
4 85 56 71 1 0 6 0.00 M M 5.8 8 50 M M 0 M M
5 88 55 72 2 0 7 0.00 M M 3.3 9 80 M M 0 M M
6 90 57 74 5 0 9 0.00 M M 6.2 13 330 M M 0 M M
7 87 58 73 4 0 8 0.00 M M 6.3 12 340 M M 2 M M
8 78 58 68 0 0 3 0.00 M M 6.6 12 70 M M 7 M M
9 78 55 67 -1 0 2 0.00 M M 4.1 7 350 M M 3 M M
10 88 58 73 5 0 8 0.00 M M 6.7 14 140 M M 2 M M
11 84 58 71 3 0 6 T M M 9.6 17 190 M M 3 23 200
12 92 62 77 10 0 12 0.00 M M 11.3 18 220 M M 1 24 210
13 81 49 65 -2 0 0 0.00 M M 6.8 14 310 M M 0 M M
14 88 51 70 3 0 5 0.00 M M 6.8 15 190 M M 0 30 270
15 92 61 77 11 0 12 0.00 M M 9.6 15 210 M M 0 21 200
16 73 64 69 3 0 4 2.02 M M 8.8 22 350 M M 6 13 26 350
17 68 47 58 -8 7 0 0.00 M M 10.4 20 340 M M 3 25 340
18 60 36 48 -17 17 0 0.00 M M 8.8 16 340 M M 0 24 10
19 63 32 48 -17 17 0 0.00 M M 5.6 10 330 M M 0 M M
20 80 42 61 -4 4 0 0.00 M M 6.2 9 270 M M 0 M M
21 88 46 67 3 0 2 0.00 M M 7.0 16 180 M M 0 17 190
22 85 62 74 10 0 9 0.00 M M 17.6 25 190 M M 0 37 190
23 86 66 76 12 0 11 0.00 M M 17.8 26 180 M M 5 35 160
24 76 60 68 5 0 3 2.55 M M 14.0 24 160 M M 10 1 33 160
25 66 47 57 -6 8 0 0.06 M M 13.5 24 300 M M 4 1 36 240
26 70 45 58 -5 7 0 0.02 M M 6.4 12 90 M M 0 8 M M
27 69 43 56 -6 9 0 T M M 9.6 17 130 M M 0 M M
28 59 51 55 -7 10 0 2.30 M M 11.4 30 40 M M 9 13 40 40
29 63 57 60 -2 5 0 0.69 M M 8.4 16 70 M M 9 1 M M
30 68 53 61 0 4 0 0.00 M M 6.0 10 290 M M 7 M M
31 76 47 62 1 3 0 0.00 M M 2.4 6 230 M M 0 1 M M
================================================================================
SM 2436 1631 91 118 7.64 M 251.0 M 71
================================================================================
AV 78.6 52.6 8.1 FASTST M M 2 MAX(MPH)
MISC ----> 30 40 40 40
================================================================================
NOTES:
# LAST OF SEVERAL OCCURRENCES
COLUMN 17 PEAK WIND IN M.P.H.
PRELIMINARY LOCAL CLIMATOLOGICAL DATA (WS FORM: F-6) , PAGE 2
STATION: PARIS
MONTH: OCTOBER
YEAR: 2022
LATITUDE: 33 37 N
LONGITUDE: 95 27 W
[TEMPERATURE DATA] [PRECIPITATION DATA] SYMBOLS USED IN COLUMN 16
AVERAGE MONTHLY: 65.6 TOTAL FOR MONTH: 7.64 1 = FOG OR MIST
DPTR FM NORMAL: -0.3 DPTR FM NORMAL: 2.54 2 = FOG REDUCING VISIBILITY
HIGHEST: 92 ON 15,12 GRTST 24HR 2.79 ON 28-29 TO 1/4 MILE OR LESS
LOWEST: 32 ON 19 3 = THUNDER
SNOW, ICE PELLETS, HAIL 4 = ICE PELLETS
TOTAL MONTH: M 5 = HAIL
GRTST 24HR M ON M 6 = FREEZING RAIN OR DRIZZLE
GRTST DEPTH: M ON M 7 = DUSTSTORM OR SANDSTORM:
VSBY 1/2 MILE OR LESS
8 = SMOKE OR HAZE
[NO. OF DAYS WITH] [WEATHER - DAYS WITH] 9 = BLOWING SNOW
X = TORNADO
MAX 32 OR BELOW: 0 0.01 INCH OR MORE: 6
MAX 90 OR ABOVE: 3 0.10 INCH OR MORE: 4
MIN 32 OR BELOW: 1 0.50 INCH OR MORE: 4
MIN 0 OR BELOW: 0 1.00 INCH OR MORE: 3
[HDD (BASE 65) ]
TOTAL THIS MO. 91 CLEAR (SCALE 0-3) 23
DPTR FM NORMAL 0 PTCLDY (SCALE 4-7) 5
TOTAL FM JUL 1 91 CLOUDY (SCALE 8-10) 3
DPTR FM NORMAL -11
[CDD (BASE 65) ]
TOTAL THIS MO. 118
DPTR FM NORMAL -1 [PRESSURE DATA]
TOTAL FM JAN 1 2716 HIGHEST SLP 30.41 ON 8
DPTR FM NORMAL 196 LOWEST SLP 29.63 ON 24
[REMARKS]
#FINAL-10-22#