000
CXUS54 KFWD 010830
CF6PRX
PRELIMINARY LOCAL CLIMATOLOGICAL DATA (WS FORM: F-6)
STATION: PARIS
MONTH: DECEMBER
YEAR: 2021
LATITUDE: 33 37 N
LONGITUDE: 95 27 W
TEMPERATURE IN F: :PCPN: SNOW: WIND :SUNSHINE: SKY :PK WND
================================================================================
1 2 3 4 5 6A 6B 7 8 9 10 11 12 13 14 15 16 17 18
12Z AVG MX 2MIN
DY MAX MIN AVG DEP HDD CDD WTR SNW DPTH SPD SPD DIR MIN PSBL S-S WX SPD DR
================================================================================
1 74 47 61 13 4 0 0.00 M M 6.3 14 230 M M 0 1 M M
2 79 41 60 12 5 0 0.00 M M 4.7 9 150 M M 0 M M
3 71 53 62 14 3 0 0.00 M M 8.8 15 210 M M 7 12 M M
4 74 60 67 20 0 2 0.07 M M 4.9 12 180 M M 8 1 M M
5 76 60 68 21 0 3 0.00 M M 11.3 18 190 M M 7 1 24 210
6 69 36 53 6 12 0 0.04 M M 15.0 23 10 M M 1 37 340
7 53 32 43 -3 22 0 0.00 M M 8.5 17 90 M M 1 M M
8 62 34 48 2 17 0 0.00 M M 7.5 10 140 M M 0 M M
9 77 47 62 16 3 0 0.00 M M 12.1 23 210 M M 5 1 27 210
10 80 60 70 24 0 5 0.00 M M 13.1 26 210 M M 5 1 32 200
11 68 30 49 4 16 0 T M M 10.4 30 320 M M 1 41 320
12 56 25 41 -4 24 0 0.00 M M 7.7 15 150 M M 0 M M
13 64 33 49 4 16 0 T M M 9.4 15 140 M M 5 M M
14 70 56 63 18 2 0 0.23 M M 8.1 15 170 M M 10 12 M M
15 79 68 74 30 0 9 0.01 M M 17.1 29 190 M M 8 44 190
16 74 59 67 23 0 2 0.21 M M 9.0 18 320 M M 9 18 M M
17 78 60 69 25 0 4 T M M 13.0 24 190 M M 9 1 31 200
18 70 35 53 9 12 0 0.42 M M 16.7 25 360 M M 4 13 33 350
19 46 30 38 -6 27 0 0.00 M M 6.0 13 340 M M 0 M M
20 42 32 37 -7 28 0 0.02 M M 3.9 7 80 M M 9 1 M M
21 58 29 44 0 21 0 0.00 M M 3.0 9 180 M M 4 12 M M
22 63 33 48 5 17 0 0.00 M M 7.6 13 150 M M 1 M M
23 72 44 58 15 7 0 0.00 M M 12.2 23 200 M M 4 30 210
24 77 61 69 26 0 4 0.00 M M 19.0 26 200 M M 4 36 190
25 82 60 71 28 0 6 0.00 M M 10.3 18 210 M M 2 29 210
26 74 57 66 23 0 1 0.00 M M 9.9 20 190 M M 5 12 24 180
27 78 62 70 27 0 5 0.00 M M 11.1 18 200 M M 7 24 200
28 79 52 66 23 0 1 0.00 M M 11.7 22 220 M M 5 31 210
29 66 50 58 15 7 0 0.79 M M 4.7 9 100 M M 6 123 M M
30 72 55 64 21 1 0 0.02 M M 4.3 9 140 M M 6 12 M M
31 71 55 63 20 2 0 T M M 8.9 20 200 M M 6 1 24 200
================================================================================
SM 2154 1456 246 42 1.81 M 296.2 M 139
================================================================================
AV 69.5 47.0 9.6 FASTST M M 4 MAX(MPH)
MISC ----> 30 320 44 190
================================================================================
NOTES:
# LAST OF SEVERAL OCCURRENCES
COLUMN 17 PEAK WIND IN M.P.H.
PRELIMINARY LOCAL CLIMATOLOGICAL DATA (WS FORM: F-6) , PAGE 2
STATION: PARIS
MONTH: DECEMBER
YEAR: 2021
LATITUDE: 33 37 N
LONGITUDE: 95 27 W
[TEMPERATURE DATA] [PRECIPITATION DATA] SYMBOLS USED IN COLUMN 16
AVERAGE MONTHLY: 58.2 TOTAL FOR MONTH: 1.81 1 = FOG OR MIST
DPTR FM NORMAL: 13.5 DPTR FM NORMAL: -2.18 2 = FOG REDUCING VISIBILITY
HIGHEST: 82 ON 25 GRTST 24HR 0.80 ON 29-30 TO 1/4 MILE OR LESS
LOWEST: 25 ON 12 3 = THUNDER
SNOW, ICE PELLETS, HAIL 4 = ICE PELLETS
TOTAL MONTH: M 5 = HAIL
GRTST 24HR M ON M 6 = FREEZING RAIN OR DRIZZLE
GRTST DEPTH: M ON M 7 = DUSTSTORM OR SANDSTORM:
VSBY 1/2 MILE OR LESS
8 = SMOKE OR HAZE
[NO. OF DAYS WITH] [WEATHER - DAYS WITH] 9 = BLOWING SNOW
X = TORNADO
MAX 32 OR BELOW: 0 0.01 INCH OR MORE: 9
MAX 90 OR ABOVE: 0 0.10 INCH OR MORE: 4
MIN 32 OR BELOW: 6 0.50 INCH OR MORE: 1
MIN 0 OR BELOW: 0 1.00 INCH OR MORE: 0
[HDD (BASE 65) ]
TOTAL THIS MO. 246 CLEAR (SCALE 0-3) 10
DPTR FM NORMAL -384 PTCLDY (SCALE 4-7) 15
TOTAL FM JUL 1 626 CLOUDY (SCALE 8-10) 6
DPTR FM NORMAL -439
[CDD (BASE 65) ]
TOTAL THIS MO. 42
DPTR FM NORMAL 39 [PRESSURE DATA]
TOTAL FM JAN 1 1970 HIGHEST SLP 30.47 ON 19
DPTR FM NORMAL -572 LOWEST SLP 29.62 ON 28
[REMARKS]
#FINAL-12-21#