000
CXUS54 KFWD 010730
CF6PRX
PRELIMINARY LOCAL CLIMATOLOGICAL DATA (WS FORM: F-6)
STATION: PARIS
MONTH: MARCH
YEAR: 2020
LATITUDE: 33 37 N
LONGITUDE: 95 27 W
TEMPERATURE IN F: :PCPN: SNOW: WIND :SUNSHINE: SKY :PK WND
================================================================================
1 2 3 4 5 6A 6B 7 8 9 10 11 12 13 14 15 16 17 18
12Z AVG MX 2MIN
DY MAX MIN AVG DEP HDD CDD WTR SNW DPTH SPD SPD DIR MIN PSBL S-S WX SPD DR
================================================================================
1 70 56 63 12 2 0 0.00 0.0 0 14.5 21 200 M M 8 35 200
2 74 60 67 15 0 2 0.00 0.0 0 12.6 20 210 M M 7 25 210
3 63 51 57 5 8 0 T 0.0 0 6.9 12 60 M M 7 M M
4 57 49 53 1 12 0 0.78 0.0 0 8.2 16 120 M M 10 3 20 120
5 70 40 55 3 10 0 T 0.0 0 8.5 15 350 M M 1 20 340
6 65 39 52 -1 13 0 0.00 0.0 0 6.5 12 20 M M 0 30 350
7 63 40 52 -1 13 0 0.00 0.0 0 10.4 16 140 M M 0 8 M M
8 66 40 53 0 12 0 0.00 0.0 0 11.5 16 160 M M 2 M M
9 67 56 62 8 3 0 0.03 0.0 0 13.7 17 200 M M 8 24 180
10 77 44 61 7 4 0 0.00 0.0 0 6.1 16 320 M M 2 M M
11 84 58 71 17 0 6 0.00 0.0 0 11.5 18 230 M M 5 23 220
12 82 64 73 19 0 8 T 0.0 0 13.9 21 190 M M 5 28 210
13 70 48 59 4 6 0 1.78 0.0 0 17.1 25 80 M M 10 13 32 80
14 53 48 51 -4 14 0 1.22 0.0 0 10.5 18 100 M M 9 123 20 10
15 53 48 51 -4 14 0 0.10 0.0 0 11.0 16 90 M M 10 1 M M
16 55 47 51 -5 14 0 0.95 0.0 0 8.2 18 120 M M 10 13 30 120
17 61 51 56 0 9 0 0.06 0.0 0 10.9 16 100 M M 10 123 M M
18 76 56 66 10 0 1 2.80 0.0 0 10.6 15 130 M M 8 13 M M
19 78 62 70 14 0 5 0.31 0.0 0 15.1 23 200 M M 5 3 37 180
20 62 43 53 -4 12 0 T 0.0 0 11.8 22 340 M M 8 1 31 330
21 53 42 48 -9 17 0 T 0.0 0 7.6 14 130 M M 8 M M
22 53 46 50 -7 15 0 0.07 0.0 0 6.2 9 90 M M 8 1 M M
23 62 52 57 -1 8 0 T 0.0 0 7.1 12 120 M M 10 12 M M
24 82 59 71 13 0 6 0.00 0.0 0 12.0 18 220 M M 6 1 24 220
25 85 52 69 11 0 4 0.00 0.0 0 8.1 14 150 M M 0 21 150
26 87 60 74 16 0 9 0.00 0.0 0 12.4 17 170 M M 0 23 170
27 84 66 75 16 0 10 0.00 0.0 0 11.9 21 220 M M 3 32 210
28 73 52 63 4 2 0 0.45 0.0 0 10.7 17 170 M M 2 13 20 220
29 73 47 60 1 5 0 0.00 0.0 0 5.3 12 340 M M 0 8 16 320
30 61 52 57 -3 8 0 0.60 0.0 0 9.1 18 90 M M 10 13 M M
31 67 50 59 -1 6 0 T 0.0 0 7.6 15 330 M M 6 1 21 360
================================================================================
SM 2126 1578 207 51 9.15 0.0 317.5 M 178
================================================================================
AV 68.6 50.9 10.2 FASTST M M 6 MAX(MPH)
MISC ----> # 25 80 # 37 180
================================================================================
NOTES:
# LAST OF SEVERAL OCCURRENCES
COLUMN 17 PEAK WIND IN M.P.H.
PRELIMINARY LOCAL CLIMATOLOGICAL DATA (WS FORM: F-6) , PAGE 2
STATION: PARIS
MONTH: MARCH
YEAR: 2020
LATITUDE: 33 37 N
LONGITUDE: 95 27 W
[TEMPERATURE DATA] [PRECIPITATION DATA] SYMBOLS USED IN COLUMN 16
AVERAGE MONTHLY: 59.7 TOTAL FOR MONTH: 9.15 1 = FOG OR MIST
DPTR FM NORMAL: 4.1 DPTR FM NORMAL: 4.71 2 = FOG REDUCING VISIBILITY
HIGHEST: 87 ON 26 GRTST 24HR 2.80 ON 18-18 TO 1/4 MILE OR LESS
LOWEST: 39 ON 6 3 = THUNDER
SNOW, ICE PELLETS, HAIL 4 = ICE PELLETS
TOTAL MONTH: 0.0 INCH 5 = HAIL
GRTST 24HR 0.0 6 = FREEZING RAIN OR DRIZZLE
GRTST DEPTH: 0 7 = DUSTSTORM OR SANDSTORM:
VSBY 1/2 MILE OR LESS
8 = SMOKE OR HAZE
[NO. OF DAYS WITH] [WEATHER - DAYS WITH] 9 = BLOWING SNOW
X = TORNADO
MAX 32 OR BELOW: 0 0.01 INCH OR MORE: 12
MAX 90 OR ABOVE: 0 0.10 INCH OR MORE: 9
MIN 32 OR BELOW: 0 0.50 INCH OR MORE: 6
MIN 0 OR BELOW: 0 1.00 INCH OR MORE: 3
[HDD (BASE 65) ]
TOTAL THIS MO. 207 CLEAR (SCALE 0-3) 10
DPTR FM NORMAL -107 PTCLDY (SCALE 4-7) 11
TOTAL FM JUL 1 2381 CLOUDY (SCALE 8-10) 10
DPTR FM NORMAL -173
[CDD (BASE 65) ]
TOTAL THIS MO. 51
DPTR FM NORMAL 28 [PRESSURE DATA]
TOTAL FM JAN 1 53 HIGHEST SLP 30.62 ON 6
DPTR FM NORMAL 27 LOWEST SLP 29.67 ON 28
[REMARKS]
#FINAL-03-20#