698
CXUS56 KPDT 020532
CF6PSC
PRELIMINARY LOCAL CLIMATOLOGICAL DATA (WS FORM: F-6)
STATION: PASCO WA
MONTH: AUGUST
YEAR: 2020
LATITUDE: 46 16 N
LONGITUDE: 119 7 W
TEMPERATURE IN F: :PCPN: SNOW: WIND :SUNSHINE: SKY :PK WND
================================================================================
1 2 3 4 5 6A 6B 7 8 9 10 11 12 13 14 15 16 17 18
12Z AVG MX 2MIN
DY MAX MIN AVG DEP HDD CDD WTR SNW DPTH SPD SPD DIR MIN PSBL S-S WX SPD DR
================================================================================
1 93 65 79 4 0 14 0.00 M M 6.4 14 210 M M 0 17 210
2 99 70 85 10 0 20 0.00 M M 9.8 17 210 M M 0 22 200
3 95 59 77 2 0 12 0.00 M M 4.4 13 280 M M 0 8 24 220
4 96 57 77 2 0 12 0.00 M M 3.2 9 350 M M 0 14 350
5 100 57 79 4 0 14 T M M 5.6 24 230 M M 0 8 31 230
6 91 58 75 0 0 10 T M M 12.5 25 280 M M 4 31 280
7 84 50 67 -8 0 2 0.00 M M 3.6 12 190 M M 0 18 260
8 89 59 74 -1 0 9 0.00 M M 6.8 28 310 M M 0 33 310
9 89 53 71 -3 0 6 0.00 M M 3.4 12 10 M M 0 16 270
10 98 54 76 2 0 11 0.00 M M 5.6 18 310 M M 0 23 320
11 96 59 78 4 0 13 0.00 M M 7.4 24 230 M M 0 28 240
12 83 61 72 -2 0 7 0.00 M M 8.3 21 210 M M 2 28 190
13 84 49 67 -7 0 2 0.00 M M 3.7 12 120 M M 0 17 130
14 92 48 70 -4 0 5 0.00 M M 2.3 7 70 M M 0 10 310
15 97 52 75 2 0 10 0.00 M M 4.9 12 320 M M 0 14 330
16 104 58 81 8 0 16 T M M 6.2 25 210 M M 0 31 210
17 106 67 87 14 0 22 0.16 M M 7.8 43 220 M M 0 3 52 220
18 105 73 89 16 0 24 0.00 M M 3.4 15 260 M M 0 3 18 270
19 98 71 85 13 0 20 0.00 M M 5.2 14 210 M M 0 18 200
20 95 66 81 9 0 16 0.00 M M 6.7 18 210 M M 0 22 200
21 96 67 82 10 0 17 0.00 M M 11.6 25 280 M M 2 31 290
22 86 53 70 -2 0 5 0.00 M M 3.5 18 240 M M 1 21 240
23 92 48 70 -1 0 5 0.00 M M 3.5 8 10 M M 0 11 310
24 94 53 74 3 0 9 0.00 M M 6.5 15 200 M M 0 19 190
25 91 55 73 2 0 8 0.00 M M 3.6 15 310 M M 0 18 300
26 89 52 71 1 0 6 0.00 M M 2.0 8 180 M M 0 15 60
27 91 51 71 1 0 6 0.00 M M 3.4 13 330 M M 0 14 330
28 93 49 71 1 0 6 0.00 M M 3.0 8 360 M M 0 12 360
29 93 52 73 3 0 8 0.00 M M 7.2 28 330 M M 0 35 330
30 83 49 66 -3 0 1 0.01 M M 3.9 13 230 M M 0 16 220
31 85 58 72 3 0 7 T M M 5.0 15 160 M M 4 19 160
================================================================================
SM 2887 1773 0 323 0.17 M 170.4 M 13
================================================================================
AV 93.1 57.2 5.5 FASTST M M 0 MAX(MPH)
MISC ----> # 43 220 # 52 220
================================================================================
NOTES:
# LAST OF SEVERAL OCCURRENCES
COLUMN 17 PEAK WIND IN M.P.H.
PRELIMINARY LOCAL CLIMATOLOGICAL DATA (WS FORM: F-6) , PAGE 2
STATION: PASCO WA
MONTH: AUGUST
YEAR: 2020
LATITUDE: 46 16 N
LONGITUDE: 119 7 W
[TEMPERATURE DATA] [PRECIPITATION DATA] SYMBOLS USED IN COLUMN 16
AVERAGE MONTHLY: 75.2 TOTAL FOR MONTH: 0.17 1 = FOG OR MIST
DPTR FM NORMAL: 2.4 DPTR FM NORMAL: -0.10 2 = FOG REDUCING VISIBILITY
HIGHEST: 106 ON 17 GRTST 24HR 0.16 ON 17-17 TO 1/4 MILE OR LESS
LOWEST: 48 ON 23,14 3 = THUNDER
SNOW, ICE PELLETS, HAIL 4 = ICE PELLETS
TOTAL MONTH: M 5 = HAIL
GRTST 24HR M ON M 6 = FREEZING RAIN OR DRIZZLE
GRTST DEPTH: M ON M 7 = DUSTSTORM OR SANDSTORM:
VSBY 1/2 MILE OR LESS
8 = SMOKE OR HAZE
[NO. OF DAYS WITH] [WEATHER - DAYS WITH] 9 = BLOWING SNOW
X = TORNADO
MAX 32 OR BELOW: 0 0.01 INCH OR MORE: 2
MAX 90 OR ABOVE: 22 0.10 INCH OR MORE: 1
MIN 32 OR BELOW: 0 0.50 INCH OR MORE: 0
MIN 0 OR BELOW: 0 1.00 INCH OR MORE: 0
[HDD (BASE 65) ]
TOTAL THIS MO. 0 CLEAR (SCALE 0-3) 29
DPTR FM NORMAL -7 PTCLDY (SCALE 4-7) 2
TOTAL FM JUL 1 0 CLOUDY (SCALE 8-10) 0
DPTR FM NORMAL -12
[CDD (BASE 65) ]
TOTAL THIS MO. 323
DPTR FM NORMAL 76 [PRESSURE DATA]
TOTAL FM JAN 1 855 HIGHEST SLP 30.17 ON 9
DPTR FM NORMAL 198 LOWEST SLP 29.62 ON 5
[REMARKS]
#FINAL-08-20#