000
CXUS54 KFWD 290731
CF6PSN
PRELIMINARY LOCAL CLIMATOLOGICAL DATA (WS FORM: F-6)
STATION: PALESTINE
MONTH: MARCH
YEAR: 2024
LATITUDE: 31 46 N
LONGITUDE: 95 42 W
TEMPERATURE IN F: :PCPN: SNOW: WIND :SUNSHINE: SKY :PK WND
================================================================================
1 2 3 4 5 6A 6B 7 8 9 10 11 12 13 14 15 16 17 18
12Z AVG MX 2MIN
DY MAX MIN AVG DEP HDD CDD WTR SNW DPTH SPD SPD DIR MIN PSBL S-S WX SPD DR
================================================================================
1 68 43 56 3 9 0 0.02 M M 2.3 8 170 M M 5 18 M M
2 75 50 63 10 2 0 0.00 M M 7.4 13 190 M M 1 1 20 190
3 81 61 71 18 0 6 0.00 M M 9.0 14 200 M M 6 1 20 160
4 84 66 75 21 0 10 0.00 M M 7.0 15 170 M M 7 1 20 190
5 81 61 71 17 0 6 0.67 M M 4.6 14 20 M M 4 13 23 20
6 79 61 70 16 0 5 0.00 M M 5.4 10 190 M M 3 1 16 190
7 70 63 67 13 0 2 0.02 M M 5.5 14 120 M M 4 8 17 140
8 72 55 64 10 1 0 0.12 M M 6.4 15 M M M 7 1 23 310
9 57 41 49 -6 16 0 0.00 M M 13.1 17 340 M M 6 24 340
10 66 36 51 -4 14 0 0.00 M M 2.7 9 90 M M 0 13 0
11 70 52 61 6 4 0 0.00 M M 4.9 9 140 M M 6 13 180
12 75 52 64 8 1 0 0.00 M M 7.4 16 210 M M 4 23 210
13 79 64 72 16 0 7 0.00 M M 9.8 16 170 M M 8 18 24 170
14 82 70 76 20 0 11 0.00 M M 8.6 14 170 M M 8 18 26 170
15 73 63 68 12 0 3 0.02 M M 7.8 15 10 M M 9 13 22 40
16 66 59 63 7 2 0 0.21 M M 5.6 9 100 M M 10 1 15 70
17 68 57 63 6 2 0 0.12 M M 6.4 13 40 M M 10 1 21 40
18 63 39 51 -6 14 0 0.00 M M 10.8 16 10 M M 2 24 40
19 64 36 50 -7 15 0 0.00 M M 4.6 8 110 M M 0 14 99
20 64 45 55 -3 10 0 0.00 M M 3.8 9 200 M M 7 14 200
21 63 57 60 2 5 0 0.39 M M 6.9 15 260 M M 10 1 20 120
22 66 48 57 -1 8 0 0.08 M M 7.5 16 10 M M 7 25 350
23 73 46 60 2 5 0 0.00 M M 3.4 10 110 M M 3 12 15 110
24 70 54 62 4 3 0 0.00 M M 11.9 16 160 M M 6 25 150
25 70 54 62 3 3 0 0.58 M M 8.3 16 160 M M 5 13 24 150
26 61 41 51 -8 14 0 0.00 M M 7.1 13 340 M M 1 18 350
27 68 39 54 -5 11 0 0.00 M M 2.9 8 60 M M 0 14 60
28 73 41 57 -2 8 0 0.00 M M 5.0 12 210 M M 0 17 210
================================================================================
SM 1981 1454 147 50 2.23 M 186.1 M 139
================================================================================
AV 70.8 51.9 6.6 FASTST M M 5 MAX(MPH)
MISC ----> 17 340 26 170
================================================================================
NOTES:
# LAST OF SEVERAL OCCURRENCES
COLUMN 17 PEAK WIND IN M.P.H.
PRELIMINARY LOCAL CLIMATOLOGICAL DATA (WS FORM: F-6) , PAGE 2
STATION: PALESTINE
MONTH: MARCH
YEAR: 2024
LATITUDE: 31 46 N
LONGITUDE: 95 42 W
[TEMPERATURE DATA] [PRECIPITATION DATA] SYMBOLS USED IN COLUMN 16
AVERAGE MONTHLY: 61.3 TOTAL FOR MONTH: 2.23 1 = FOG OR MIST
DPTR FM NORMAL: 5.2 DPTR FM NORMAL: -1.32 2 = FOG REDUCING VISIBILITY
HIGHEST: 84 ON 4 GRTST 24HR 0.67 ON 5- 5 TO 1/4 MILE OR LESS
LOWEST: 36 ON 19,10 3 = THUNDER
SNOW, ICE PELLETS, HAIL 4 = ICE PELLETS
TOTAL MONTH: M 5 = HAIL
GRTST 24HR M ON M 6 = FREEZING RAIN OR DRIZZLE
GRTST DEPTH: M ON M 7 = DUSTSTORM OR SANDSTORM:
VSBY 1/2 MILE OR LESS
8 = SMOKE OR HAZE
[NO. OF DAYS WITH] [WEATHER - DAYS WITH] 9 = BLOWING SNOW
X = TORNADO
MAX 32 OR BELOW: 0 0.01 INCH OR MORE: 10
MAX 90 OR ABOVE: 0 0.10 INCH OR MORE: 6
MIN 32 OR BELOW: 0 0.50 INCH OR MORE: 2
MIN 0 OR BELOW: 0 1.00 INCH OR MORE: 0
[HDD (BASE 65) ]
TOTAL THIS MO. 147 CLEAR (SCALE 0-3) 9
DPTR FM NORMAL -119 PTCLDY (SCALE 4-7) 13
TOTAL FM JUL 1 1736 CLOUDY (SCALE 8-10) 6
DPTR FM NORMAL -499
[CDD (BASE 65) ]
TOTAL THIS MO. 50
DPTR FM NORMAL 33 [PRESSURE DATA]
TOTAL FM JAN 1 81 HIGHEST SLP M ON M
DPTR FM NORMAL 55 LOWEST SLP M ON M
[REMARKS]