000
CXUS55 KPUB 021925
CF6PUB
PRELIMINARY LOCAL CLIMATOLOGICAL DATA (WS FORM: F-6)
STATION: PUEBLO CO
MONTH: JUNE
YEAR: 2022
LATITUDE: 38 16 N
LONGITUDE: 104 31 W
TEMPERATURE IN F: :PCPN: SNOW: WIND :SUNSHINE: SKY :PK WND
================================================================================
1 2 3 4 5 6A 6B 7 8 9 10 11 12 13 14 15 16 17 18
12Z AVG MX 2MIN
DY MAX MIN AVG DEP HDD CDD WTR SNW DPTH SPD SPD DIR MIN PSBL S-S WX SPD DR
================================================================================
1 56 45 51 -16 14 0 0.29 0.0 0 7.1 23 360 M M 10 1 31 360
2 72 52 62 -6 3 0 0.00 0.0 0 7.4 15 70 M M 7 24 110
3 77 49 63 -5 2 0 T 0.0 0 5.4 16 20 M M 2 20 10
4 92 48 70 2 0 5 0.00 0.0 0 6.4 17 70 M M 0 24 80
5 91 56 74 5 0 9 0.00 0.0 0 7.2 17 10 M M 0 25 10
6 89 54 72 3 0 7 T 0.0 0 8.4 33 30 M M 2 45 40
7 88 58 73 4 0 8 0.00 0.0 0 9.6 38 360 M M 0 50 350
8 81 61 71 1 0 6 0.00 0.0 0 11.2 36 10 M M 3 48 10
9 89 55 72 2 0 7 T 0.0 0 5.9 22 150 M M 0 3 29 130
10 95 54 75 5 0 10 0.00 0.0 0 6.9 18 110 M M 0 23 100
11 102 58 80 9 0 15 T 0.0 0 7.6 38 220 M M 0 63 230
12 102 62 82 11 0 17 0.00 0.0 0 5.1 29 290 M M 0 37 300
13 102 57 80 9 0 15 0.00 0.0 0 8.9 26 220 M M 2 35 230
14 96 58 77 5 0 12 0.00 0.0 0 11.2 25 90 M M 2 37 90
15 90 58 74 2 0 9 0.00 0.0 0 9.9 18 110 M M 1 25 140
16 98 59 79 7 0 14 0.00 0.0 0 9.5 30 140 M M 0 40 150
17 100 64 82 10 0 17 0.00 0.0 0 9.4 28 260 M M 0 3 36 250
18 94 67 81 8 0 16 T 0.0 0 9.8 31 170 M M 2 42 180
19 91 62 77 4 0 12 T 0.0 0 9.4 35 260 M M 1 3 46 270
20 94 57 76 3 0 11 0.00 0.0 0 6.1 29 40 M M 0 37 40
21 75 55 65 -9 0 0 0.00 0.0 0 6.6 22 10 M M 1 32 360
22 85 48 67 -7 0 2 0.00 0.0 0 5.4 22 190 M M 0 28 190
23 96 56 76 2 0 11 T 0.0 0 8.8 35 280 M M 1 3 51 280
24 96 59 78 4 0 13 T 0.0 0 10.2 30 300 M M 1 3 40 290
25 79 64 72 -2 0 7 0.00 0.0 0 9.3 33 20 M M 3 42 20
26 69 58 64 -11 1 0 0.02 0.0 0 10.7 21 120 M M 8 29 130
27 81 58 70 -5 0 5 0.00 0.0 0 6.9 18 110 M M 0 23 140
28 95 51 73 -2 0 8 0.00 0.0 0 6.7 21 130 M M 0 29 130
29 100 52 76 1 0 11 0.00 0.0 0 8.2 38 10 M M 0 47 10
30 98 65 82 6 0 17 T 0.0 0 11.3 39 360 M M 2 3 52 360
================================================================================
SM 2673 1700 20 264 0.31 0.0 246.5 M 48
================================================================================
AV 89.1 56.7 8.2 FASTST M M 2 MAX(MPH)
MISC ----> 39 360 63 230
================================================================================
NOTES:
# LAST OF SEVERAL OCCURRENCES
COLUMN 17 PEAK WIND IN M.P.H.
PRELIMINARY LOCAL CLIMATOLOGICAL DATA (WS FORM: F-6) , PAGE 2
STATION: PUEBLO CO
MONTH: JUNE
YEAR: 2022
LATITUDE: 38 16 N
LONGITUDE: 104 31 W
[TEMPERATURE DATA] [PRECIPITATION DATA] SYMBOLS USED IN COLUMN 16
AVERAGE MONTHLY: 72.9 TOTAL FOR MONTH: 0.31 1 = FOG OR MIST
DPTR FM NORMAL: 1.1 DPTR FM NORMAL: -0.97 2 = FOG REDUCING VISIBILITY
HIGHEST: 102 ON 12,13# GRTST 24HR 0.29 ON 1 TO 1/4 MILE OR LESS
LOWEST: 45 ON 1 3 = THUNDER
SNOW, ICE PELLETS, HAIL 4 = ICE PELLETS
TOTAL MONTH: 0.0 INCH 5 = HAIL
GRTST 24HR 0.0 6 = FREEZING RAIN OR DRIZZLE
GRTST DEPTH: 0 7 = DUSTSTORM OR SANDSTORM:
VSBY 1/2 MILE OR LESS
8 = SMOKE OR HAZE
[NO. OF DAYS WITH] [WEATHER - DAYS WITH] 9 = BLOWING SNOW
X = TORNADO
MAX 32 OR BELOW: 0 0.01 INCH OR MORE: 2
MAX 90 OR ABOVE: 18 0.10 INCH OR MORE: 1
MIN 32 OR BELOW: 0 0.50 INCH OR MORE: 0
MIN 0 OR BELOW: 0 1.00 INCH OR MORE: 0
[HDD (BASE 65) ]
TOTAL THIS MO. 20 CLEAR (SCALE 0-3) 27
DPTR FM NORMAL 4 PTCLDY (SCALE 4-7) 1
TOTAL FM JUL 1 4968 CLOUDY (SCALE 8-10) 2
DPTR FM NORMAL -362
[CDD (BASE 65) ]
TOTAL THIS MO. 264
DPTR FM NORMAL 44 [PRESSURE DATA]
TOTAL FM JAN 1 332 HIGHEST SLP 30.38 ON 26
DPTR FM NORMAL 63 LOWEST SLP 29.33 ON 13
[REMARKS]
#FINAL-06-22#