000
CXUS55 KPUB 021900
CLSPUB
CLIMATE REPORT
NATIONAL WEATHER SERVICE
100 PM MDT THU JUN 02 2022
...................................
...THE PUEBLO CO CLIMATE SUMMARY FOR THE SEASON, FROM
3/1/2022 TO 5/31/2022...
CLIMATE NORMAL PERIOD 1991 TO 2020
CLIMATE RECORD PERIOD 1888 TO 2022
WEATHER OBSERVED NORMAL DEPART LAST YEAR`S
VALUE DATE(S) VALUE FROM VALUE DATE(S)
NORMAL
................................................................
TEMPERATURE (F)
RECORD
HIGH 102 05/31/2002
05/30/2000
05/29/2000
LOW -20 03/05/1948
HIGHEST 95 05/17 91 05/01
LOWEST 4 03/10 16 03/01
AVG. MAXIMUM 69.2 68.4 0.8 67.2
AVG. MINIMUM 34.4 36.0 -1.6 35.8
MEAN 51.8 52.2 -0.4 51.4
DAYS MAX >= 90 7
DAYS MAX <= 32 4
DAYS MIN <= 32 43
DAYS MIN <= 0 0
PRECIPITATION (INCHES)
RECORD
MAXIMUM 9.78 1900
MINIMUM 0.42 2002
TOTALS 4.25 3.96 0.29 6.20
DAILY AVG. 0.05 0.04 0.01
DAYS >= .01 18
DAYS >= .10 11
DAYS >= .50 2
DAYS >= 1.00 0
GREATEST
24 HR. TOTAL 0.87 05/20 TO 05/21
SNOWFALL (INCHES)
RECORDS
MAXIMUM 31.5 1990
MINIMUM T 2018
1910
TOTALS 12.1 7.9 4.2 7.9
SINCE 7/1 25.8 28.3 -2.5
SNOWDEPTH AVG. 0
DAYS >= TRACE 12 5.2 6.8
DAYS >= 1.0 4 2.6 1.4
GREATEST
SNOW DEPTH 5 03/07 3
24 HR TOTAL 5.8 03/06 TO 03/07 3.8
DEGREE DAYS
HEATING TOTAL 1267 1227 40 1258
SINCE 7/1 4947 5318 -371 5442
COOLING TOTAL 69 49 20 36
SINCE 1/1 69 49 20 36
................................................................
WIND (MPH)
AVERAGE WIND SPEED 10.0
HIGHEST WIND SPEED/DIRECTION 49/280 DATE 04/22
HIGHEST GUST SPEED/DIRECTION 68/290 DATE 05/27
SKY COVER
POSSIBLE SUNSHINE (PERCENT) MM
AVERAGE SKY COVER 0.21
NUMBER OF DAYS FAIR 69
NUMBER OF DAYS PC 13
NUMBER OF DAYS CLOUDY 10
AVERAGE RH (PERCENT) 45
WEATHER CONDITIONS. NUMBER OF DAYS WITH
THUNDERSTORM 3 MIXED PRECIP 0
HEAVY RAIN 5 RAIN 9
LIGHT RAIN 20 FREEZING RAIN 0
LT FREEZING RAIN 0 HAIL 1
HEAVY SNOW 2 SNOW 6
LIGHT SNOW 11 SLEET 0
FOG 18 FOG W/VIS <= 1/4 MILE 3
HAZE 9
- INDICATES NEGATIVE NUMBERS.
R INDICATES RECORD WAS SET OR TIED.
MM INDICATES DATA IS MISSING.
T INDICATES TRACE AMOUNT.
$$