000
CXUS54 KOUN 010910
CF6PWA
PRELIMINARY LOCAL CLIMATOLOGICAL DATA (WS FORM: F-6)
STATION: BETHANY/WILEY POST
MONTH: JANUARY
YEAR: 2022
LATITUDE: 35 31 N
LONGITUDE: 97 38 W
TEMPERATURE IN F: :PCPN: SNOW: WIND :SUNSHINE: SKY :PK WND
================================================================================
1 2 3 4 5 6A 6B 7 8 9 10 11 12 13 14 15 16 17 18
12Z AVG MX 2MIN
DY MAX MIN AVG DEP HDD CDD WTR SNW DPTH SPD SPD DIR MIN PSBL S-S WX SPD DR
================================================================================
1 59 12 36 -3 29 0 0.23 M 0 18.4 29 340 M M 10 168 37 320
2 29 13 21 -18 44 0 T M M 12.2 29 350 M M 3 37 350
3 54 20 37 -2 28 0 0.00 0.0 0 11.5 24 170 M M 0 31 170
4 58 35 47 8 18 0 0.00 0.0 0 17.0 32 190 M M 0 39 190
5 48 29 39 0 26 0 0.00 0.0 0 13.5 26 10 M M 0 33 10
6 28 14 21 -18 44 0 0.00 0.0 0 18.4 30 10 M M 2 38 20
7 40 13 27 -12 38 0 0.00 0.0 0 11.4 23 180 M M 0 30 180
8 56 39 48 9 17 0 T 0.0 0 21.8 30 180 M M 10 1 40 190
9 51 24 38 -1 27 0 0.00 0.0 0 17.5 28 20 M M 3 1 35 10
10 56 18 37 -2 28 0 0.00 0.0 0 4.9 10 250 M M 0 14 230
11 61 27 44 5 21 0 0.00 0.0 0 14.5 23 210 M M 0 29 200
12 63 33 48 9 17 0 0.00 0.0 0 8.1 20 210 M M 0 25 210
13 69 30 50 11 15 0 0.00 0.0 0 6.5 18 360 M M 0 23 360
14 64 38 51 12 14 0 0.00 0.0 0 17.0 45 340 M M 1 8 58 350
15 39 23 31 -8 34 0 T T 0 22.7 36 340 M M 10 49 350
16 54 18 36 -3 29 0 0.00 0.0 0 6.4 17 220 M M 2 12 23 350
17 61 24 43 4 22 0 0.00 0.0 0 8.6 20 190 M M 0 23 210
18 67 40 54 15 11 0 0.00 0.0 0 11.5 18 160 M M 0 23 170
19 43 21 32 -7 33 0 0.00 0.0 0 21.9 35 10 M M 5 44 360
20 27 14 21 -18 44 0 0.00 0.0 0 14.9 30 10 M M 5 36 10
21 40 8 24 -15 41 0 0.00 0.0 0 5.0 14 180 M M 0 16 180
22 51 16 34 -5 31 0 0.00 0.0 0 7.6 15 220 M M 0 19 230
23 60 29 45 5 20 0 0.00 0.0 0 6.1 12 350 M M 0 15 330
24 68 28 48 8 17 0 0.00 0.0 0 10.3 28 40 M M 0 32 40
25 44 28 36 -4 29 0 0.00 M M 16.0 22 30 M M 2 29 30
26 35 25 30 -10 35 0 T M M 6.6 18 40 M M 10 18 23 40
27 41 24 33 -7 32 0 0.00 M M 7.7 13 350 M M 4 1 16 360
28 53 23 38 -2 27 0 0.00 M M 8.3 18 300 M M 0 25 300
29 70 21 46 6 19 0 0.00 M M 10.0 22 250 M M 0 28 260
30 66 24 45 5 20 0 0.00 M M 5.7 10 160 M M 0 13 160
31 73 29 51 11 14 0 0.00 0.0 M 11.9 23 170 M M 0 30 170
================================================================================
SM 1628 740 824 0 0.23 T 373.9 M 67
================================================================================
AV 52.5 23.9 12.1 FASTST M M 2 MAX(MPH)
MISC ----> 45 340 58 350
================================================================================
NOTES:
# LAST OF SEVERAL OCCURRENCES
COLUMN 17 PEAK WIND IN M.P.H.
PRELIMINARY LOCAL CLIMATOLOGICAL DATA (WS FORM: F-6) , PAGE 2
STATION: BETHANY/WILEY POST
MONTH: JANUARY
YEAR: 2022
LATITUDE: 35 31 N
LONGITUDE: 97 38 W
[TEMPERATURE DATA] [PRECIPITATION DATA] SYMBOLS USED IN COLUMN 16
AVERAGE MONTHLY: 38.2 TOTAL FOR MONTH: 0.23 1 = FOG OR MIST
DPTR FM NORMAL: -0.9 DPTR FM NORMAL: -0.55 2 = FOG REDUCING VISIBILITY
HIGHEST: 73 ON 31 GRTST 24HR 0.41 ON 31- 1 TO 1/4 MILE OR LESS
LOWEST: 8 ON 21 3 = THUNDER
SNOW, ICE PELLETS, HAIL 4 = ICE PELLETS
TOTAL MONTH: T 5 = HAIL
GRTST 24HR T ON 15-15 6 = FREEZING RAIN OR DRIZZLE
GRTST DEPTH: 0 7 = DUSTSTORM OR SANDSTORM:
VSBY 1/2 MILE OR LESS
8 = SMOKE OR HAZE
[NO. OF DAYS WITH] [WEATHER - DAYS WITH] 9 = BLOWING SNOW
X = TORNADO
MAX 32 OR BELOW: 3 0.01 INCH OR MORE: 1
MAX 90 OR ABOVE: 0 0.10 INCH OR MORE: 1
MIN 32 OR BELOW: 26 0.50 INCH OR MORE: 0
MIN 0 OR BELOW: 0 1.00 INCH OR MORE: 0
[HDD (BASE 65) ]
TOTAL THIS MO. 824 CLEAR (SCALE 0-3) 23
DPTR FM NORMAL 23 PTCLDY (SCALE 4-7) 4
TOTAL FM JUL 1 1662 CLOUDY (SCALE 8-10) 4
DPTR FM NORMAL -507
[CDD (BASE 65) ]
TOTAL THIS MO. 0
DPTR FM NORMAL 0 [PRESSURE DATA]
TOTAL FM JAN 1 0 HIGHEST SLP 30.73 ON 10
DPTR FM NORMAL 0 LOWEST SLP 29.53 ON 1
[REMARKS]
#FINAL-01-22#