000
CXUS54 KFWD 110129
CF6RBD
PRELIMINARY LOCAL CLIMATOLOGICAL DATA (WS FORM: F-6)
STATION: DALLAS EXECUTIVE
MONTH: JUNE
YEAR: 2020
LATITUDE: 32 40 N
LONGITUDE: 96 52 W
TEMPERATURE IN F: :PCPN: SNOW: WIND :SUNSHINE: SKY :PK WND
================================================================================
1 2 3 4 5 6A 6B 7 8 9 10 11 12 13 14 15 16 17 18
12Z AVG MX 2MIN
DY MAX MIN AVG DEP HDD CDD WTR SNW DPTH SPD SPD DIR MIN PSBL S-S WX SPD DR
================================================================================
1 87 70 79 2 0 14 0.00 0.0 0 7.4 14 110 M M 1 20 130
2 90 72 81 3 0 16 0.00 0.0 0 7.1 15 160 M M 3 19 140
3 92 74 83 5 0 18 0.00 0.0 0 7.4 14 180 M M 0 19 180
4 95 75 85 7 0 20 0.00 0.0 0 9.8 18 180 M M 2 24 170
5 95 77 86 8 0 21 0.00 0.0 0 8.5 21 350 M M 1 27 360
6 96 75 86 8 0 21 T 0.0 0 5.3 18 90 M M 1 26 100
7 M 76 M M M M 0.00 0.0 0 6.7 15 110 M M 2 22 110
8 97 76 87 8 0 22 0.00 0.0 0 4.6 13 180 M M 2 19 170
9 98 74 86 7 0 21 0.00 0.0 0 15.0 26 330 M M 1 39 320
10 90 65 78 -1 0 13 0.00 0.0 0 11.9 23 330 M M 0 32 300
11 93 63 78 -1 0 13 0.00 0.0 0 5.5 14 90 M M 0 19 60
12 93 65 79 -1 0 14 0.00 0.0 0 4.6 13 110 M M 0 18 110
13 93 69 81 1 0 16 0.00 0.0 0 5.5 14 160 M M 0 19 140
14 93 70 82 2 0 17 0.00 0.0 0 7.4 20 110 M M 0 25 150
15 98 71 85 5 0 20 0.00 0.0 0 7.2 15 120 M M 3 22 100
16 95 74 85 5 0 20 0.00 0.0 0 9.1 18 100 M M 0 24 100
17 95 72 84 4 0 19 0.00 0.0 0 10.2 21 160 M M 0 27 160
18 95 72 84 4 0 19 0.00 0.0 0 11.8 22 140 M M 0 30 150
19 96 67 82 1 0 17 1.88 0.0 0 12.6 33 360 M M 5 13 49 350
20 88 68 78 -3 0 13 2.40 0.0 0 6.9 22 320 M M 4 13 28 360
21 89 70 80 -1 0 15 T 0.0 0 11.5 29 180 M M 3 3 39 180
22 92 68 80 -1 0 15 0.50 0.0 0 9.9 31 360 M M 3 13 40 350
23 80 70 75 -6 0 10 0.61 0.0 0 7.2 17 70 M M 7 13 26 80
24 92 70 81 -1 0 16 0.00 0.0 0 7.0 14 60 M M 2 19 50
25 89 73 81 -1 0 16 0.00 0.0 0 6.9 20 150 M M 4 25 140
26 90 75 83 1 0 18 0.00 0.0 0 13.2 25 190 M M 5 36 190
27 92 74 83 1 0 18 0.00 0.0 0 13.4 23 170 M M 6 8 31 170
28 90 78 84 2 0 19 0.06 0.0 0 16.0 26 160 M M 5 3 39 170
29 93 79 86 4 0 21 T 0.0 0 17.7 28 180 M M 6 43 170
30 92 80 86 4 0 21 0.00 0.0 0 14.7 24 170 M M 6 36 170
================================================================================
SM 2678 2162 0 503 5.45 0.0 282.0 M 72
================================================================================
AV 92.3 72.1 9.4 FASTST M M 2 MAX(MPH)
MISC ----> # 33 360 # 49 350
================================================================================
NOTES:
# LAST OF SEVERAL OCCURRENCES
COLUMN 17 PEAK WIND IN M.P.H.
PRELIMINARY LOCAL CLIMATOLOGICAL DATA (WS FORM: F-6) , PAGE 2
STATION: DALLAS EXECUTIVE
MONTH: JUNE
YEAR: 2020
LATITUDE: 32 40 N
LONGITUDE: 96 52 W
[TEMPERATURE DATA] [PRECIPITATION DATA] SYMBOLS USED IN COLUMN 16
AVERAGE MONTHLY: 82.2 TOTAL FOR MONTH: 5.45 1 = FOG OR MIST
DPTR FM NORMAL: 2.2 DPTR FM NORMAL: 1.32 2 = FOG REDUCING VISIBILITY
HIGHEST: 98 ON 15, 9 GRTST 24HR 2.40 ON 20-20 TO 1/4 MILE OR LESS
LOWEST: 63 ON 11 3 = THUNDER
SNOW, ICE PELLETS, HAIL 4 = ICE PELLETS
TOTAL MONTH: 0.0 INCH 5 = HAIL
GRTST 24HR 0.0 6 = FREEZING RAIN OR DRIZZLE
GRTST DEPTH: 0 7 = DUSTSTORM OR SANDSTORM:
VSBY 1/2 MILE OR LESS
8 = SMOKE OR HAZE
[NO. OF DAYS WITH] [WEATHER - DAYS WITH] 9 = BLOWING SNOW
X = TORNADO
MAX 32 OR BELOW: 0 0.01 INCH OR MORE: 5
MAX 90 OR ABOVE: 24 0.10 INCH OR MORE: 4
MIN 32 OR BELOW: 0 0.50 INCH OR MORE: 4
MIN 0 OR BELOW: 0 1.00 INCH OR MORE: 2
[HDD (BASE 65) ]
TOTAL THIS MO. 0 CLEAR (SCALE 0-3) 19
DPTR FM NORMAL 0 PTCLDY (SCALE 4-7) 11
TOTAL FM JUL 1 1857 CLOUDY (SCALE 8-10) 0
DPTR FM NORMAL -390
[CDD (BASE 65) ]
TOTAL THIS MO. 503
DPTR FM NORMAL 53 [PRESSURE DATA]
TOTAL FM JAN 1 984 HIGHEST SLP 30.06 ON 20
DPTR FM NORMAL 147 LOWEST SLP 29.70 ON 28
[REMARKS]
#FINAL-06-20#