000
CXUS56 KSTO 021129
CLMRDD
CLIMATE REPORT
NATIONAL WEATHER SERVICE SACRAMENTO
429 AM PDT WED AUG 02 2023
...................................
...THE SACRAMENTO CITY CLIMATE SUMMARY FOR THE MONTH OF JULY 2023...
CLIMATE NORMAL PERIOD: 1991 TO 2020
CLIMATE RECORD PERIOD: 1849 TO 2023
WEATHER OBSERVED NORMAL DEPART LAST YEAR`S
VALUE DATE(S) VALUE FROM VALUE DATE(S)
NORMAL
................................................................
TEMPERATURE (F)
RECORD
HIGH 114 07/17/1925
LOW 47 07/03/1901
HIGHEST 109 07/01 MM MM 106 07/16
07/02
07/16
LOWEST 54 07/09 MM MM 55 07/02
07/04
AVG. MAXIMUM 97.8 94.4 3.4 95.6
AVG. MINIMUM 63.3 61.4 1.9 61.5
MEAN 80.5 77.9 2.6 78.6
DAYS MAX >= 90 26 24.0 2.0 25
DAYS MAX <= 32 0 0.0 0.0 0
DAYS MAX >= 45 31 31
DAYS MAX >= 120 0 0
DAYS MAX <= 32 0 0
DAYS MIN <= 32 0 0.0 0.0 0
DAYS MIN <= 0 0 0.0 0.0 0
DAYS MIN >= 80 0 0
DAYS MIN <= -20 0 0
DAYS MIN <= 15 0 0
PRECIPITATION (INCHES)
RECORD
MAXIMUM 0.00 2021
MINIMUM 0.00 2022
TOTALS 0.00R 0.00 0.00 0.00
DAYS >= .01 0
DAYS >= .10 0
DAYS >= .50 0
DAYS >= 1.00 0
SNOWFALL (INCHES)
RECORDS
TOTAL MM MM
24 HR TOTAL MM
TOTALS 0.0 0.0 0.0
LIQUID EQUIV 0.00 0.00 0.00
SINCE 7/1 0.0 0.0 0.0
LIQUID 7/1 0.00
DAYS >= TRACE 0 0.0 0.0
DAYS >= 1.0 0 0.0 0.0
GREATEST
SNOW DEPTH 0
24 HR TOTAL MM
STORM TOTAL 0.0
(MM/DD(HH))
DEGREE DAYS
HEATING TOTAL 0 0 0
SINCE 7/1 0 0 0
COOLING TOTAL 492 400 92
SINCE 1/1 866 834 32
................................................................
WIND (MPH)
AVERAGE WIND SPEED MM
SKY COVER
POSSIBLE SUNSHINE (PERCENT) MM
AVERAGE SKY COVER MM
AVERAGE RH (PERCENT) MM
WEATHER CONDITIONS. NUMBER OF DAYS WITH
THUNDERSTORM 0 MIXED PRECIP 0
HEAVY RAIN 0 RAIN 0
LIGHT RAIN 0 FREEZING RAIN 0
LT FREEZING RAIN 0 HAIL 0
HEAVY SNOW 0 SNOW 0
LIGHT SNOW 0 SLEET 0
FOG 0 FOG W/VIS <= 1/4 MILE 0
HAZE 0
- INDICATES NEGATIVE NUMBERS.
R INDICATES RECORD WAS SET OR TIED.
MM INDICATES DATA IS MISSING.
T INDICATES TRACE AMOUNT.
$$