000
CXUS51 KPHI 020620
CLMRDG
CLIMATE REPORT
NATIONAL WEATHER SERVICE MOUNT HOLLY NJ
120 AM EST SAT MAR 02 2024
...................................
...THE READING PA CLIMATE SUMMARY FOR THE MONTH OF FEBRUARY 2024...
CLIMATE NORMAL PERIOD: 1991 TO 2020
CLIMATE RECORD PERIOD: 1869 TO 2024
WEATHER OBSERVED NORMAL DEPART LAST YEAR`S
VALUE DATE(S) VALUE FROM VALUE
NORMAL
..............................................................
TEMPERATURE (F)
RECORD
HIGH 82 02/21/2018
LOW -13 02/10/1899
HIGHEST 65 MM MM 68
LOWEST 19 MM MM 11
AVG. MAXIMUM 47.3 41.9 5.4 51.0
AVG. MINIMUM 28.8 24.4 4.4 29.4
MEAN 38.1 33.1 5.0 40.2
DAYS MAX >= 90 0 0.0 0.0 0
DAYS MAX <= 32 0 5.2 -5.2 1
DAYS MIN <= 32 20 23.5 -3.5 19
DAYS MIN <= 0 0 0.2 -0.2 0
PRECIPITATION (INCHES)
RECORD
MAXIMUM 6.72 1902
MINIMUM 0.47 2009
TOTALS 2.18 2.61 -0.43 1.17
DAILY AVG. 0.08 0.09 -0.01 0.04
DAYS >= .01 9 10.2 -1.2 7
DAYS >= .10 4 5.7 -1.7 5
DAYS >= .50 1 1.7 -0.7 0
DAYS >= 1.00 1 0.4 0.6 0
GREATEST
24 HR. TOTAL 1.22 02/12 TO 02/13 0.45
DEGREE DAYS
HEATING TOTAL 772 892 -120 689
SINCE 7/1 3331 3911 -580 MM
COOLING TOTAL 0 0 0 0
SINCE 1/1 0 0 0 MM
..............................................................
WIND (MPH)
AVERAGE WIND SPEED 6.0
HIGHEST WIND SPEED/DIRECTION 37/290 DATE 02/28
HIGHEST GUST SPEED/DIRECTION 53/290 DATE 02/28
SKY COVER
POSSIBLE SUNSHINE (PERCENT) MM
AVERAGE SKY COVER 0.32
NUMBER OF DAYS FAIR 17
NUMBER OF DAYS PC 9
NUMBER OF DAYS CLOUDY 3
AVERAGE RH (PERCENT) 63
WEATHER CONDITIONS. NUMBER OF DAYS WITH
THUNDERSTORM 1 MIXED PRECIP 0
HEAVY RAIN 2 RAIN 3
LIGHT RAIN 10 FREEZING RAIN 0
LT FREEZING RAIN 0 HEAVY SNOW 1
SNOW 2 LIGHT SNOW 5
SLEET 0 FOG 12
FOG W/VIS <= 1/4 MILE 2 HAZE 0
- INDICATES NEGATIVE NUMBERS.
R INDICATES RECORD WAS SET OR TIED.
MM INDICATES DATA IS MISSING.
T INDICATES TRACE AMOUNT.
$$