000
CXUS56 KPDT 012152
CLMRDM
CLIMATE REPORT
NATIONAL WEATHER SERVICE PENDLETON, OR
252 PM PDT TUE AUG 01 2023
...................................
...THE REDMOND OR CLIMATE SUMMARY FOR THE MONTH OF JULY 2023...
CLIMATE NORMAL PERIOD 1991 TO 2020
CLIMATE RECORD PERIOD 1949 TO 2023
WEATHER OBSERVED NORMAL DEPART LAST YEAR`S
VALUE DATE(S) VALUE FROM VALUE DATE(S)
NORMAL
................................................................
TEMPERATURE (F)
RECORD
HIGH 109 07/29/2022
LOW 28 07/14/1962
HIGHEST 100 07/15 109 07/29
LOWEST 43 07/04 41 07/18
AVG. MAXIMUM 91.6 87.5 4.1 92.9
AVG. MINIMUM 49.5 48.5 1.0 51.6
MEAN 70.6 68.0 2.6 72.3
DAYS MAX >= 90 20 13.4 6.6 18
DAYS MAX <= 32 0 0.0 0.0 0
DAYS MIN <= 32 0 0.1 -0.1 0
DAYS MIN <= 0 0 0.0 0.0 0
PRECIPITATION (INCHES)
RECORD
MAXIMUM 3.73 1987
MINIMUM 0.00 2023
TOTALS 0.00R 0.40 -0.40 0.20
DAILY AVG. 0.00 0.01 -0.01 0.01
DAYS >= .01 0 2.9 -2.9 2
DAYS >= .10 0 1.2 -1.2 1
DAYS >= .50 0 0.2 -0.2 0
DAYS >= 1.00 0 0.0 0.0 0
GREATEST
24 HR. TOTAL 0.00 06/30 TO 06/30 0.13 07/02 TO 07/03
DEGREE DAYS
HEATING TOTAL 0 44 -44 1
SINCE 7/1 0 46 -46
COOLING TOTAL 182 136 46 234
SINCE 1/1 245 176 69
................................................................
WIND (MPH)
AVERAGE WIND SPEED 6.8
RESULTANT WIND SPEED/DIRECTION 4/330
HIGHEST WIND SPEED/DIRECTION 26/290 DATE 07/09
HIGHEST GUST SPEED/DIRECTION 33/280 DATE 07/09
AVERAGE RH (PERCENT) 40
WEATHER CONDITIONS. NUMBER OF DAYS WITH
THUNDERSTORM 0 MIXED PRECIP 0
HEAVY RAIN 0 RAIN 0
LIGHT RAIN 0 FREEZING RAIN 0
LT FREEZING RAIN 0 HAIL 0
HEAVY SNOW 0 SNOW 0
LIGHT SNOW 0 SLEET 0
FOG 0 FOG W/VIS <= 1/4 MILE 0
HAZE 10
- INDICATES NEGATIVE NUMBERS.
R INDICATES RECORD WAS SET OR TIED.
MM INDICATES DATA IS MISSING.
T INDICATES TRACE AMOUNT.
$$