000
CXUS56 KPDT 011517
CLMRDM
CLIMATE REPORT
NATIONAL WEATHER SERVICE PENDLETON, OR
717 AM PST MON JAN 01 2024
...................................
...THE REDMOND OR CLIMATE SUMMARY FOR THE MONTH OF DECEMBER 2023...
CLIMATE NORMAL PERIOD 1991 TO 2020
CLIMATE RECORD PERIOD 1949 TO 2023
WEATHER OBSERVED NORMAL DEPART LAST YEAR`S
VALUE DATE(S) VALUE FROM VALUE DATE(S)
NORMAL
................................................................
TEMPERATURE (F)
RECORD
HIGH 72 12/01/2021
LOW -28 12/08/1972
HIGHEST 65 12/05 55 12/26
LOWEST 15 12/23 -3 12/18
AVG. MAXIMUM 49.5 42.3 7.2 39.8
AVG. MINIMUM 30.6 23.3 7.3 18.2
MEAN 40.0 32.8 7.2 29.0
DAYS MAX >= 90 0 0.0 0.0 0
DAYS MAX <= 32 0 4.9 -4.9 5
DAYS MIN <= 32 20 26.6 -6.6 23
DAYS MIN <= 0 0 1.2 -1.2 1
PRECIPITATION (INCHES)
RECORD
MAXIMUM 5.48 1964
MINIMUM T 1976
TOTALS 0.68 0.97 -0.29 1.91
DAILY AVG. 0.02 0.03 -0.01 0.06
DAYS >= .01 9 8.7 0.3 12
DAYS >= .10 3 3.1 -0.1 3
DAYS >= .50 0 0.3 -0.3 1
DAYS >= 1.00 0 0.0 0.0 1
GREATEST
24 HR. TOTAL 0.21 12/02 TO 12/03 1.09 12/11 TO 12/12
12/03 TO 12/03
DEGREE DAYS
HEATING TOTAL 763 998 -235 1106
SINCE 7/1 2182 2571 -389
COOLING TOTAL 0 0 0 0
SINCE 1/1 440 317 123
................................................................
WIND (MPH)
AVERAGE WIND SPEED 5.9
RESULTANT WIND SPEED/DIRECTION 2/180
HIGHEST WIND SPEED/DIRECTION 36/280 DATE 12/02
HIGHEST GUST SPEED/DIRECTION 48/280 DATE 12/02
AVERAGE RH (PERCENT) 72
WEATHER CONDITIONS. NUMBER OF DAYS WITH
THUNDERSTORM 0 MIXED PRECIP 0
HEAVY RAIN 0 RAIN 1
LIGHT RAIN 15 FREEZING RAIN 0
LT FREEZING RAIN 0 HAIL 0
HEAVY SNOW 0 SNOW 0
LIGHT SNOW 3 SLEET 0
FOG 19 FOG W/VIS <= 1/4 MILE 10
HAZE 5
- INDICATES NEGATIVE NUMBERS.
R INDICATES RECORD WAS SET OR TIED.
MM INDICATES DATA IS MISSING.
T INDICATES TRACE AMOUNT.
$$