000
CXUS52 KRAH 011306
CF6RDU
PRELIMINARY LOCAL CLIMATOLOGICAL DATA (WS FORM: F-6)
STATION: RALEIGH NC
MONTH: JULY
YEAR: 2021
LATITUDE: 35 52 N
LONGITUDE: 78 47 W
TEMPERATURE IN F: :PCPN: SNOW: WIND :SUNSHINE: SKY :PK WND
================================================================================
1 2 3 4 5 6A 6B 7 8 9 10 11 12 13 14 15 16 17 18
12Z AVG MX 2MIN
DY MAX MIN AVG DEP HDD CDD WTR SNW DPTH SPD SPD DIR MIN PSBL S-S WX SPD DR
================================================================================
1 91 72 82 2 0 17 0.18 0.0 0 13.6 37 210 M M 5 13 48 210
2 79 66 73 -7 0 8 1.08 0.0 0 5.5 14 220 M M 10 13 23 10
3 81 59 70 -10 0 5 0.00 0.0 0 3.2 12 290 M M 4 19 280
4 84 60 72 -8 0 7 0.00 0.0 0 2.3 12 240 M M 2 15 240
5 90 65 78 -2 0 13 0.00 0.0 0 3.0 14 220 M M 4 1 17 220
6 90 68 79 -1 0 14 0.00 0.0 0 7.7 15 190 M M 3 18 190
7 91 70 81 1 0 16 0.00 0.0 0 8.7 17 220 M M 6 1 23 210
8 79 71 75 -5 0 10 2.52 0.0 0 8.1 22 110 M M 9 1 31 130
9 91 70 81 0 0 16 0.52 0.0 0 6.2 20 280 M M 6 13 31 270
10 92 70 81 0 0 16 0.00 0.0 0 3.0 6 190 M M 7 1 M M
11 91 73 82 1 0 17 T 0.0 0 6.7 13 190 M M 7 12 18 210
12 90 74 82 1 0 17 T 0.0 0 10.0 18 220 M M 5 23 220
13 90 73 82 1 0 17 T 0.0 0 9.3 17 200 M M 6 25 200
14 90 69 80 -1 0 15 0.02 0.0 0 6.2 14 220 M M 5 3 18 240
15 91 71 81 0 0 16 0.00 0.0 0 6.9 16 190 M M 5 24 210
16 93 73 83 2 0 18 T 0.0 0 6.6 16 230 M M 5 3 20 240
17 92 73 83 2 0 18 0.00 0.0 0 9.6 18 220 M M 5 25 210
18 87 71 79 -2 0 14 0.17 0.0 0 7.9 18 200 M M 8 13 23 210
19 76 67 72 -9 0 7 0.52 0.0 0 3.9 14 40 M M 10 1 18 30
20 84 66 75 -6 0 10 T 0.0 0 2.1 9 100 M M 8 1 12 120
21 89 71 80 -1 0 15 T 0.0 0 4.2 10 240 M M 4 1 15 310
22 86 70 78 -3 0 13 0.00 0.0 0 5.0 12 40 M M 5 18 14 40
23 87 66 77 -4 0 12 0.00 0.0 0 4.3 10 120 M M 3 1 18 130
24 87 68 78 -3 0 13 0.00 0.0 0 6.8 14 160 M M 6 17 170
25 89 70 80 -1 0 15 0.00 0.0 0 9.6 16 210 M M 7 22 220
26 92 73 83 3 0 18 0.02 0.0 0 7.2 17 70 M M 8 26 80
27 93 71 82 2 0 17 T 0.0 0 4.8 14 60 M M 8 1 18 70
28 95 71 83 3 0 18 0.00 0.0 0 4.7 16 150 M M 5 3 20 180
29 94 68 81 1 0 16 0.00 0.0 0 8.3 16 190 M M 4 23 230
30 96 76 86 6 0 21 0.00 0.0 0 6.8 15 250 M M 7 1 21 250
31 91 73 82 2 0 17 0.00 0.0 0 5.8 12 40 M M 6 16 40
================================================================================
SM 2751 2158 0 446 5.03 0.0 198.0 M 183
================================================================================
AV 88.7 69.6 6.4 FASTST M M 6 MAX(MPH)
MISC ----> 37 210 48 210
================================================================================
NOTES:
# LAST OF SEVERAL OCCURRENCES
COLUMN 17 PEAK WIND IN M.P.H.
PRELIMINARY LOCAL CLIMATOLOGICAL DATA (WS FORM: F-6) , PAGE 2
STATION: RALEIGH NC
MONTH: JULY
YEAR: 2021
LATITUDE: 35 52 N
LONGITUDE: 78 47 W
[TEMPERATURE DATA] [PRECIPITATION DATA] SYMBOLS USED IN COLUMN 16
AVERAGE MONTHLY: 79.2 TOTAL FOR MONTH: 5.03 1 = FOG OR MIST
DPTR FM NORMAL: -1.3 DPTR FM NORMAL: 0.01 2 = FOG REDUCING VISIBILITY
HIGHEST: 96 ON 30 GRTST 24HR 2.52 ON 8- 8 TO 1/4 MILE OR LESS
LOWEST: 59 ON 3 3 = THUNDER
SNOW, ICE PELLETS, HAIL 4 = ICE PELLETS
TOTAL MONTH: 0.0 INCH 5 = HAIL
GRTST 24HR 0.0 6 = FREEZING RAIN OR DRIZZLE
GRTST DEPTH: 0 7 = DUSTSTORM OR SANDSTORM:
VSBY 1/2 MILE OR LESS
8 = SMOKE OR HAZE
[NO. OF DAYS WITH] [WEATHER - DAYS WITH] 9 = BLOWING SNOW
X = TORNADO
MAX 32 OR BELOW: 0 0.01 INCH OR MORE: 8
MAX 90 OR ABOVE: 19 0.10 INCH OR MORE: 6
MIN 32 OR BELOW: 0 0.50 INCH OR MORE: 4
MIN 0 OR BELOW: 0 1.00 INCH OR MORE: 2
[HDD (BASE 65) ]
TOTAL THIS MO. 0 CLEAR (SCALE 0-3) 3
DPTR FM NORMAL 0 PTCLDY (SCALE 4-7) 23
TOTAL FM JUL 1 0 CLOUDY (SCALE 8-10) 5
DPTR FM NORMAL 0
[CDD (BASE 65) ]
TOTAL THIS MO. 446
DPTR FM NORMAL -34 [PRESSURE DATA]
TOTAL FM JAN 1 1004 HIGHEST SLP 30.28 ON 14
DPTR FM NORMAL -64 LOWEST SLP 29.71 ON 8
[REMARKS]
#FINAL-07-21#