000
CXUS53 KLOT 011635 CCA
CF6RFD
PRELIMINARY LOCAL CLIMATOLOGICAL DATA (WS FORM: F-6)
COR FOR SKY COVER
STATION: ROCKFORD IL
MONTH: NOVEMBER
YEAR: 2022
LATITUDE: 42 12 N
LONGITUDE: 89 6 W
TEMPERATURE IN F: :PCPN: SNOW: WIND :SUNSHINE: SKY :PK WND
================================================================================
1 2 3 4 5 6A 6B 7 8 9 10 11 12 13 14 15 16 17 18
12Z AVG MX 2MIN
DY MAX MIN AVG DEP HDD CDD WTR SNW DPTH SPD SPD DIR MIN PSBL S-S WX SPD DR
================================================================================
1 70 36 53 8 12 0 0.00 0.0 0 3.3 10 200 M M 1 18 18 270
2 72 38 55 10 10 0 0.00 0.0 0 5.2 16 180 M M 1 1 21 190
3 73 49 61 17 4 0 0.00 0.0 0 11.5 28 200 M M 7 38 200
4 66 59 63 19 2 0 0.70 0.0 0 7.0 16 190 M M 10 13 23 190
5 63 40 52 8 13 0 0.38 0.0 0 17.7 38 210 M M 8 1 58 230
6 59 40 50 7 15 0 0.00 0.0 0 10.7 23 210 M M 6 30 210
7 53 35 44 1 21 0 0.00 0.0 0 6.6 14 330 M M 3 18 290
8 57 37 47 5 18 0 0.00 0.0 0 6.7 14 130 M M 5 24 140
9 72 49 61 19 4 0 0.00 0.0 0 10.1 17 180 M M 5 23 170
10 76 49 63 22 2 0 0.00 0.0 0 12.2 23 200 M M 5 8 33 190
11 49 31 40 -1 25 0 0.01 0.0 0 14.1 21 300 M M 8 1 28 310
12 35 31 33 -7 32 0 0.01 0.2 0 11.1 17 320 M M 10 1 22 320
13 38 22 30 -10 35 0 0.00 0.0 0 5.2 13 320 M M 9 16 310
14 40 22 31 -9 34 0 0.00 0.0 0 4.6 14 180 M M 8 8 19 200
15 36 32 34 -5 31 0 0.16 1.3 0 4.4 12 310 M M 10 1 14 280
16 35 31 33 -5 32 0 0.12 0.8 0 9.6 14 300 M M 10 1 21 300
17 33 25 29 -9 36 0 T T 0 12.9 23 280 M M 10 8 31 280
18 27 20 24 -14 41 0 T T 0 15.3 23 260 M M 10 34 230
19 28 13 21 -16 44 0 T T 0 16.4 29 280 M M 5 39 280
20 37 11 24 -13 41 0 0.00 0.0 0 11.4 23 200 M M 2 29 210
21 46 22 34 -2 31 0 0.00 0.0 0 8.6 18 260 M M 1 26 250
22 50 18 34 -2 31 0 0.00 0.0 0 3.0 13 250 M M 1 1 17 250
23 57 22 40 5 25 0 0.00 0.0 0 5.2 14 210 M M 3 1 18 210
24 53 30 42 7 23 0 0.01 0.0 0 6.3 14 330 M M 7 20 320
25 52 25 39 5 26 0 0.00 0.0 0 6.3 16 330 M M 1 1 22 320
26 54 29 42 8 23 0 0.00 0.0 0 8.1 22 210 M M 4 28 220
27 46 23 35 1 30 0 0.05 0.0 0 6.1 18 350 M M 8 12 23 360
28 45 20 33 0 32 0 0.00 0.0 0 6.1 15 170 M M 8 12 22 170
29 56 27 42 9 23 0 0.02 0.0 0 14.9 30 220 M M 10 1 39 220
30 29 18 24 -8 41 0 T T 0 17.4 29 260 M M 7 42 250
================================================================================
SM 1507 904 737 0 1.46 2.3 278.0 M 183
================================================================================
AV 50.2 30.1 9.3 FASTST M M 6 MAX(MPH)
MISC ----> 38 210 58 230
================================================================================
NOTES:
# LAST OF SEVERAL OCCURRENCES
COLUMN 17 PEAK WIND IN M.P.H.
PRELIMINARY LOCAL CLIMATOLOGICAL DATA (WS FORM: F-6) , PAGE 2
STATION: ROCKFORD IL
MONTH: NOVEMBER
YEAR: 2022
LATITUDE: 42 12 N
LONGITUDE: 89 6 W
[TEMPERATURE DATA] [PRECIPITATION DATA] SYMBOLS USED IN COLUMN 16
AVERAGE MONTHLY: 40.2 TOTAL FOR MONTH: 1.46 1 = FOG OR MIST
DPTR FM NORMAL: 1.4 DPTR FM NORMAL: -0.81 2 = FOG REDUCING VISIBILITY
HIGHEST: 76 ON 10 GRTST 24HR 1.03 ON 4- 5 TO 1/4 MILE OR LESS
LOWEST: 11 ON 20 3 = THUNDER
SNOW, ICE PELLETS, HAIL 4 = ICE PELLETS
TOTAL MONTH: 2.3 INCHES 5 = HAIL
GRTST 24HR 1.3 ON 15-15 6 = FREEZING RAIN OR DRIZZLE
GRTST DEPTH: 0 7 = DUSTSTORM OR SANDSTORM:
VSBY 1/2 MILE OR LESS
8 = SMOKE OR HAZE
[NO. OF DAYS WITH] [WEATHER - DAYS WITH] 9 = BLOWING SNOW
X = TORNADO
MAX 32 OR BELOW: 3 0.01 INCH OR MORE: 9
MAX 90 OR ABOVE: 0 0.10 INCH OR MORE: 4
MIN 32 OR BELOW: 20 0.50 INCH OR MORE: 1
MIN 0 OR BELOW: 0 1.00 INCH OR MORE: 0
[HDD (BASE 65) ]
TOTAL THIS MO. 737 CLEAR (SCALE 0-3) 8
DPTR FM NORMAL -49 PTCLDY (SCALE 4-7) 9
TOTAL FM JUL 1 1276 CLOUDY (SCALE 8-10) 13
DPTR FM NORMAL -41
[CDD (BASE 65) ]
TOTAL THIS MO. 0
DPTR FM NORMAL 0 [PRESSURE DATA]
TOTAL FM JAN 1 978 HIGHEST SLP M ON M
DPTR FM NORMAL 139 LOWEST SLP 29.33 ON 5
[REMARKS]
#FINAL-11-22#