000
CXUS56 KSGX 181047
CF6RIV
PRELIMINARY LOCAL CLIMATOLOGICAL DATA (WS FORM: F-6)
STATION: RIVERSIDE/MARCH ARB CA
MONTH: APRIL
YEAR: 2024
LATITUDE: 33 53 N
LONGITUDE: 117-15 E
TEMPERATURE IN F: :PCPN: SNOW: WIND :SUNSHINE: SKY :PK WND
================================================================================
1 2 3 4 5 6A 6B 7 8 9 10 11 12 13 14 15 16 17 18
12Z AVG MX 2MIN
DY MAX MIN AVG DEP HDD CDD WTR SNW DPTH SPD SPD DIR MIN PSBL S-S WX SPD DR
================================================================================
1 69 38 54 -3 11 0 0.00 M M 4.5 14 330 M M 1 1 M M
2 76 39 58 1 7 0 0.00 M M 2.5 14 10 M M 0 21 10
3 76 41 59 2 6 0 0.00 M M 3.2 14 300 M M 0 20 320
4 62 42 52 -5 13 0 T M M 5.4 13 170 M M 7 1 18 200
5 55 38 47 -10 18 0 0.16 M M 7.3 17 250 M M 6 1 31 220
6 63 33 48 -9 17 0 0.00 M M 3.3 9 320 M M 0 M M
7 66 34 50 -7 15 0 0.00 M M 3.4 12 300 M M 1 M M
8 71 38 55 -3 10 0 0.00 M M 6.9 22 10 M M 2 1 37 300
9 77 37 57 -1 8 0 0.00 M M 3.3 10 280 M M 0 17 320
10 83 39 61 3 4 0 0.00 M M 1.9 10 300 M M 0 M M
11 86 43 65 7 0 0 0.00 M M 1.9 13 300 M M 0 M M
12 66 46 56 -2 9 0 0.00 M M 3.6 13 160 M M 2 8 M M
13 64 43 54 -4 11 0 0.07 M M 7.0 15 260 M M 9 24 260
14 59 37 48 -10 17 0 0.01 M M 1.9 9 210 M M 4 M M
15 67 38 53 -6 12 0 0.00 M M 2.5 9 320 M M 3 M M
16 82 40 61 2 4 0 0.00 M M 2.5 14 290 M M 0 18 300
17 81 42 62 3 3 0 0.00 M M 2.4 9 310 M M 0 M M
================================================================================
SM 1203 668 165 0 0.24 M 63.6 M 35
================================================================================
AV 70.8 39.3 3.7 FASTST M M 2 MAX(MPH)
MISC ----> 22 10 37 300
================================================================================
NOTES:
# LAST OF SEVERAL OCCURRENCES
COLUMN 17 PEAK WIND IN M.P.H.
PRELIMINARY LOCAL CLIMATOLOGICAL DATA (WS FORM: F-6) , PAGE 2
STATION: RIVERSIDE/MARCH ARB CA
MONTH: APRIL
YEAR: 2024
LATITUDE: 33 53 N
LONGITUDE: 117-15 E
[TEMPERATURE DATA] [PRECIPITATION DATA] SYMBOLS USED IN COLUMN 16
AVERAGE MONTHLY: 55.0 TOTAL FOR MONTH: 0.24 1 = FOG OR MIST
DPTR FM NORMAL: -2.7 DPTR FM NORMAL: -0.25 2 = FOG REDUCING VISIBILITY
HIGHEST: 86 ON 11 GRTST 24HR 0.16 ON 5- 5 TO 1/4 MILE OR LESS
LOWEST: 33 ON 6 3 = THUNDER
SNOW, ICE PELLETS, HAIL 4 = ICE PELLETS
TOTAL MONTH: M 5 = HAIL
GRTST 24HR M ON M 6 = FREEZING RAIN OR DRIZZLE
GRTST DEPTH: M ON M 7 = DUSTSTORM OR SANDSTORM:
VSBY 1/2 MILE OR LESS
8 = SMOKE OR HAZE
[NO. OF DAYS WITH] [WEATHER - DAYS WITH] 9 = BLOWING SNOW
X = TORNADO
MAX 32 OR BELOW: 0 0.01 INCH OR MORE: 3
MAX 90 OR ABOVE: 0 0.10 INCH OR MORE: 1
MIN 32 OR BELOW: 0 0.50 INCH OR MORE: 0
MIN 0 OR BELOW: 0 1.00 INCH OR MORE: 0
[HDD (BASE 65) ]
TOTAL THIS MO. 165 CLEAR (SCALE 0-3) 12
DPTR FM NORMAL 41 PTCLDY (SCALE 4-7) 4
TOTAL FM JUL 1 1857 CLOUDY (SCALE 8-10) 1
DPTR FM NORMAL -106
[CDD (BASE 65) ]
TOTAL THIS MO. 0
DPTR FM NORMAL 0 [PRESSURE DATA]
TOTAL FM JAN 1 0 HIGHEST SLP M ON M
DPTR FM NORMAL -1 LOWEST SLP M ON M
[REMARKS]