000
CXUS56 KSGX 011045
CF6RIV
PRELIMINARY LOCAL CLIMATOLOGICAL DATA (WS FORM: F-6)
STATION: RIVERSIDE/MARCH ARB CA
MONTH: JUNE
YEAR: 2022
LATITUDE: 33 53 N
LONGITUDE: 117-15 E
TEMPERATURE IN F: :PCPN: SNOW: WIND :SUNSHINE: SKY :PK WND
================================================================================
1 2 3 4 5 6A 6B 7 8 9 10 11 12 13 14 15 16 17 18
12Z AVG MX 2MIN
DY MAX MIN AVG DEP HDD CDD WTR SNW DPTH SPD SPD DIR MIN PSBL S-S WX SPD DR
================================================================================
1 94 53 74 M 0 9 0.00 M M 5.6 17 310 M M 0 23 300
2 91 56 74 M 0 9 0.00 M M 6.1 17 320 M M 0 M M
3 84 57 71 M 0 6 0.00 M M 5.4 16 320 M M 4 18 17 310
4 80 58 69 M 0 4 0.00 M M 6.7 14 310 M M 4 8 M M
5 83 60 72 M 0 7 0.00 M M 5.4 10 310 M M 5 17 290
6 88 56 72 M 0 7 0.00 M M 5.1 13 290 M M 0 M M
7 91 61 76 M 0 11 0.00 M M 4.9 14 300 M M 0 M M
8 94 60 77 M 0 12 0.00 M M 6.0 13 290 M M 0 18 M M
9 98 60 79 M 0 14 0.00 M M 6.2 15 310 M M 0 M M
10 97 64 81 M 0 16 0.00 M M 5.7 13 330 M M 1 M M
11 97 64 81 M 0 16 0.00 M M 5.3 17 310 M M 0 20 310
12 96 61 79 M 0 14 0.00 M M 4.9 14 300 M M 0 M M
13 83 58 71 M 0 6 0.00 M M 7.0 18 310 M M 2 M M
14 90 60 75 M 0 10 0.00 M M 6.9 15 310 M M 3 20 310
15 97 61 79 M 0 14 0.00 M M 6.4 16 310 M M 0 16 320
16 94 61 78 M 0 13 0.00 M M 5.6 15 320 M M 0 M M
17 81 58 70 M 0 5 0.00 M M 6.4 15 300 M M 4 1 18 320
18 81 57 69 M 0 4 0.00 M M 6.7 15 300 M M 2 M M
19 85 53 69 M 0 4 0.00 M M 5.3 13 300 M M 0 18 310
20 99 54 77 M 0 12 0.00 M M 4.1 15 280 M M 0 22 280
21 98 59 79 M 0 14 0.00 M M 5.2 16 180 M M 1 24 180
22 96 69 83 M 0 18 T M M 7.1 20 330 M M 6 3 24 320
23 97 68 83 M 0 18 0.00 M M 6.8 14 310 M M 0 21 340
24 99 61 80 M 0 15 0.00 M M 5.4 15 300 M M 0 22 310
25 101 55 78 M 0 13 0.00 M M 3.6 16 290 M M 0 16 300
26 102 58 80 M 0 15 0.00 M M 4.5 13 310 M M 0 20 330
27 105 70 88 M 0 23 0.00 M M 5.9 20 300 M M 0 21 300
28 100 67 84 M 0 19 0.00 M M 5.2 17 320 M M 0 22 320
29 99 67 83 M 0 18 0.00 M M 4.5 16 300 M M 0 23 300
30 95 66 81 M 0 16 0.00 M M 6.5 14 320 M M 0 18 310
================================================================================
SM 2795 1812 0 362 T M 170.4 M 32
================================================================================
AV 93.2 60.4 5.7 FASTST M M 1 MAX(MPH)
MISC ----> # 20 330 # 24 180
================================================================================
NOTES:
# LAST OF SEVERAL OCCURRENCES
COLUMN 17 PEAK WIND IN M.P.H.
PRELIMINARY LOCAL CLIMATOLOGICAL DATA (WS FORM: F-6) , PAGE 2
STATION: RIVERSIDE/MARCH ARB CA
MONTH: JUNE
YEAR: 2022
LATITUDE: 33 53 N
LONGITUDE: 117-15 E
[TEMPERATURE DATA] [PRECIPITATION DATA] SYMBOLS USED IN COLUMN 16
AVERAGE MONTHLY: 76.8 TOTAL FOR MONTH: T 1 = FOG OR MIST
DPTR FM NORMAL: 0.0 DPTR FM NORMAL: M 2 = FOG REDUCING VISIBILITY
HIGHEST: 105 ON 27 GRTST 24HR T ON 22-22 TO 1/4 MILE OR LESS
LOWEST: 53 ON 19, 1 3 = THUNDER
SNOW, ICE PELLETS, HAIL 4 = ICE PELLETS
TOTAL MONTH: M 5 = HAIL
GRTST 24HR M ON M 6 = FREEZING RAIN OR DRIZZLE
GRTST DEPTH: M ON M 7 = DUSTSTORM OR SANDSTORM:
VSBY 1/2 MILE OR LESS
8 = SMOKE OR HAZE
[NO. OF DAYS WITH] [WEATHER - DAYS WITH] 9 = BLOWING SNOW
X = TORNADO
MAX 32 OR BELOW: 0 0.01 INCH OR MORE: 0
MAX 90 OR ABOVE: 22 0.10 INCH OR MORE: 0
MIN 32 OR BELOW: 0 0.50 INCH OR MORE: 0
MIN 0 OR BELOW: 0 1.00 INCH OR MORE: 0
[HDD (BASE 65) ]
TOTAL THIS MO. 0 CLEAR (SCALE 0-3) 25
DPTR FM NORMAL M PTCLDY (SCALE 4-7) 5
TOTAL FM JUL 1 1632 CLOUDY (SCALE 8-10) 0
DPTR FM NORMAL M
[CDD (BASE 65) ]
TOTAL THIS MO. 362
DPTR FM NORMAL M [PRESSURE DATA]
TOTAL FM JAN 1 533 HIGHEST SLP M ON M
DPTR FM NORMAL M LOWEST SLP M ON M
[REMARKS]
#FINAL-06-22#