000
CXUS55 KRIW 031909
CF6RIW
PRELIMINARY LOCAL CLIMATOLOGICAL DATA (WS FORM: F-6)
STATION: RIVERTON WY
MONTH: NOVEMBER
YEAR: 2023
LATITUDE: 43 2 N
LONGITUDE: 108 27 W
TEMPERATURE IN F: :PCPN: SNOW: WIND :SUNSHINE: SKY :PK WND
================================================================================
1 2 3 4 5 6A 6B 7 8 9 10 11 12 13 14 15 16 17 18
12Z AVG MX 2MIN
DY MAX MIN AVG DEP HDD CDD WTR SNW DPTH SPD SPD DIR MIN PSBL S-S WX SPD DR
================================================================================
1 49 27 38 0 27 0 0.00 0.0 0 4.0 16 300 M M 1 22 290
2 60 32 46 9 19 0 0.00 0.0 0 10.6 24 290 M M 2 34 300
3 60 39 50 13 15 0 0.00 0.0 0 13.8 32 300 M M 3 46 300
4 58 30 44 8 21 0 0.00 0.0 0 6.2 16 250 M M 0 21 260
5 60 34 47 11 18 0 T 0.0 0 12.5 40 240 M M 1 55 260
6 60 38 49 14 16 0 0.00 0.0 0 8.1 20 300 M M 1 26 300
7 50 39 45 10 20 0 0.00 0.0 0 13.2 28 290 M M 6 37 290
8 45 33 39 5 26 0 0.00 0.0 0 13.3 29 300 M M 2 40 300
9 45 26 36 2 29 0 0.00 0.0 0 9.8 24 320 M M 0 34 310
10 47 25 36 3 29 0 0.00 0.0 0 8.6 20 260 M M 0 24 260
11 51 26 39 6 26 0 0.00 0.0 0 10.1 26 250 M M 0 33 250
12 53 30 42 10 23 0 0.00 0.0 0 7.0 16 260 M M 0 20 300
13 54 22 38 6 27 0 0.00 0.0 0 5.1 13 310 M M 0 15 330
14 58 23 41 9 24 0 0.00 0.0 0 4.3 12 340 M M 0 14 330
15 56 27 42 11 23 0 0.00 0.0 0 4.5 12 360 M M 0 14 340
16 58 37 48 17 17 0 0.00 0.0 0 9.5 23 280 M M 1 33 280
17 52 24 38 8 27 0 0.00 0.0 0 7.7 28 270 M M 0 37 290
18 48 23 36 6 29 0 0.00 0.0 0 4.8 13 270 M M 0 13 260
19 50 22 36 7 29 0 0.00 0.0 0 4.6 18 360 M M 4 26 360
20 45 24 35 6 30 0 0.01 0.0 0 8.4 18 10 M M 7 25 10
21 46 20 33 5 32 0 0.00 0.0 0 5.4 13 300 M M 0 14 320
22 52 23 38 10 27 0 0.00 0.0 0 3.5 14 60 M M 0 20 60
23 36 21 29 2 36 0 0.71 11.0 0 10.0 20 60 M M 9 12 28 80
24 21 9 15 -12 50 0 0.34 6.7 13 5.0 14 50 M M 10 1 18 70
25 18 -1 9 -17 56 0 0.00 0.0 11 3.4 16 230 M M 5 12 18 230
26 12 -6 3 -23 62 0 0.00 0.0 9 4.4 13 300 M M 2 12 14 300
27 14 -8 3 -22 62 0 0.00 0.0 7 1.1 8 330 M M 2 12 9 330
28 18 -9 5 -20 60 0 0.00 0.0 7 3.0 9 240 M M 2 12 15 300
29 16 -7 5 -19 60 0 0.00 0.0 7 2.1 8 230 M M 4 128 8 300
30 17 -1 8 -16 57 0 0.00 0.0 6 2.3 10 220 M M 4 1 12 230
================================================================================
SM 1309 622 977 0 1.06 17.7 206.3 M 66
================================================================================
AV 43.6 20.7 6.9 FASTST M M 2 MAX(MPH)
MISC ----> 40 240 55 260
================================================================================
NOTES:
# LAST OF SEVERAL OCCURRENCES
COLUMN 17 PEAK WIND IN M.P.H.
PRELIMINARY LOCAL CLIMATOLOGICAL DATA (WS FORM: F-6) , PAGE 2
STATION: RIVERTON WY
MONTH: NOVEMBER
YEAR: 2023
LATITUDE: 43 2 N
LONGITUDE: 108 27 W
[TEMPERATURE DATA] [PRECIPITATION DATA] SYMBOLS USED IN COLUMN 16
AVERAGE MONTHLY: 32.2 TOTAL FOR MONTH: 1.06 1 = FOG OR MIST
DPTR FM NORMAL: 1.4 DPTR FM NORMAL: 0.72 2 = FOG REDUCING VISIBILITY
HIGHEST: 60 ON 6, 5 GRTST 24HR 2.51 ON 23-24 TO 1/4 MILE OR LESS
LOWEST: -9 ON 28 3 = THUNDER
SNOW, ICE PELLETS, HAIL 4 = ICE PELLETS
TOTAL MONTH: 17.7 INCHES 5 = HAIL
GRTST 24HR 11.0 ON 23-23 6 = FREEZING RAIN OR DRIZZLE
GRTST DEPTH: 13 ON 24 7 = DUSTSTORM OR SANDSTORM:
VSBY 1/2 MILE OR LESS
8 = SMOKE OR HAZE
[NO. OF DAYS WITH] [WEATHER - DAYS WITH] 9 = BLOWING SNOW
X = TORNADO
MAX 32 OR BELOW: 7 0.01 INCH OR MORE: 3
MAX 90 OR ABOVE: 0 0.10 INCH OR MORE: 2
MIN 32 OR BELOW: 24 0.50 INCH OR MORE: 1
MIN 0 OR BELOW: 6 1.00 INCH OR MORE: 0
[HDD (BASE 65) ]
TOTAL THIS MO. 977 CLEAR (SCALE 0-3) 21
DPTR FM NORMAL -51 PTCLDY (SCALE 4-7) 7
TOTAL FM JUL 1 1699 CLOUDY (SCALE 8-10) 2
DPTR FM NORMAL -197
[CDD (BASE 65) ]
TOTAL THIS MO. 0
DPTR FM NORMAL 0 [PRESSURE DATA]
TOTAL FM JAN 1 401 HIGHEST SLP 30.63 ON 21
DPTR FM NORMAL -98 LOWEST SLP 29.67 ON 6
[REMARKS]
#FINAL-11-23#