000
CXUS54 KCRP 090234
CF6RKP
PRELIMINARY LOCAL CLIMATOLOGICAL DATA (WS FORM: F-6)
STATION: ROCKPORT
MONTH: JULY
YEAR: 2022
LATITUDE: 28 4 N
LONGITUDE: 97 3 W
TEMPERATURE IN F: :PCPN: SNOW: WIND :SUNSHINE: SKY :PK WND
================================================================================
1 2 3 4 5 6A 6B 7 8 9 10 11 12 13 14 15 16 17 18
12Z AVG MX 2MIN
DY MAX MIN AVG DEP HDD CDD WTR SNW DPTH SPD SPD DIR MIN PSBL S-S WX SPD DR
================================================================================
1 95 78 87 2 0 22 0.03 0.0 0 9.4 21 140 M M 3 18 30 170
2 95 84 90 5 0 25 0.00 0.0 0 13.0 21 140 M M 2 30 140
3 95 84 90 5 0 25 0.00 0.0 0 11.8 20 140 M M 2 29 170
4 95 84 90 5 0 25 0.00 0.0 0 12.9 18 140 M M 2 27 140
5 94 84 89 4 0 24 0.00 0.0 0 12.5 20 130 M M 2 26 140
6 94 84 89 4 0 24 0.00 0.0 0 10.9 18 140 M M 2 25 140
7 95 84 90 5 0 25 0.00 0.0 0 11.3 20 130 M M 1 28 140
8 95 83 89 4 0 24 0.00 0.0 0 10.9 17 130 M M 2 8 23 140
9 96 82 89 4 0 24 0.00 0.0 0 8.8 17 140 M M 1 24 150
10 97 80 89 4 0 24 0.00 0.0 0 8.4 17 140 M M 1 25 190
11 95 82 89 4 0 24 0.00 0.0 0 10.4 20 140 M M 0 26 190
12 95 83 89 4 0 24 0.00 0.0 0 9.8 17 140 M M 2 8 24 200
13 96 82 89 4 0 24 0.00 0.0 0 8.4 20 150 M M 1 18 27 140
14 95 79 87 2 0 22 0.00 0.0 0 7.7 20 150 M M 1 26 160
15 87 76 82 -3 0 17 1.60 0.0 0 7.1 20 120 M M 6 138 29 220
16 91 79 85 0 0 20 0.00 0.0 0 8.1 10 170 M M 1 8 20 160
17 93 79 86 1 0 21 0.00 0.0 0 8.8 17 140 M M 1 18 22 170
18 94 82 88 3 0 23 0.00 0.0 0 10.3 18 140 M M 1 26 150
19 93 83 88 3 0 23 0.00 0.0 0 12.6 23 150 M M 2 8 35 160
20 94 83 89 4 0 24 0.00 0.0 0 12.7 23 150 M M 4 18 32 140
21 94 83 89 3 0 24 0.00 0.0 0 12.0 22 140 M M 3 8 31 140
22 95 83 89 3 0 24 0.00 0.0 0 11.8 18 130 M M 1 27 140
23 95 83 89 3 0 24 0.00 0.0 0 11.9 21 140 M M 1 29 140
24 90 84 87 1 0 22 0.00 0.0 0 9.0 15 150 M M 3 25 150
25 94 79 87 1 0 22 0.00 0.0 0 9.7 17 140 M M 0 25 150
26 94 80 87 1 0 22 0.00 0.0 0 9.2 18 140 M M 1 25 140
27 93 81 87 1 0 22 0.00 0.0 0 9.4 18 140 M M 2 25 150
28 95 82 89 3 0 24 0.00 0.0 0 10.6 20 140 M M 3 28 130
29 95 83 89 3 0 24 0.00 0.0 M 11.2 20 140 M M 1 28 140
30 95 83 89 3 0 24 0.00 0.0 M 10.8 17 140 M M 2 23 140
31 94 84 89 3 0 24 0.00 0.0 0 10.2 17 140 M M 1 24 140
================================================================================
SM 2918 2540 0 720 1.63 0.0 321.6 M 55
================================================================================
AV 94.1 81.9 10.4 FASTST M M 2 MAX(MPH)
MISC ----> # 23 150 35 160
================================================================================
NOTES:
# LAST OF SEVERAL OCCURRENCES
COLUMN 17 PEAK WIND IN M.P.H.
PRELIMINARY LOCAL CLIMATOLOGICAL DATA (WS FORM: F-6) , PAGE 2
STATION: ROCKPORT
MONTH: JULY
YEAR: 2022
LATITUDE: 28 4 N
LONGITUDE: 97 3 W
[TEMPERATURE DATA] [PRECIPITATION DATA] SYMBOLS USED IN COLUMN 16
AVERAGE MONTHLY: 88.0 TOTAL FOR MONTH: 1.63 1 = FOG OR MIST
DPTR FM NORMAL: 2.7 DPTR FM NORMAL: -0.88 2 = FOG REDUCING VISIBILITY
HIGHEST: 97 ON 10 GRTST 24HR 1.60 ON 15-15 TO 1/4 MILE OR LESS
LOWEST: 76 ON 15 3 = THUNDER
SNOW, ICE PELLETS, HAIL 4 = ICE PELLETS
TOTAL MONTH: 0.0 INCH 5 = HAIL
GRTST 24HR 0.0 6 = FREEZING RAIN OR DRIZZLE
GRTST DEPTH: 0 7 = DUSTSTORM OR SANDSTORM:
VSBY 1/2 MILE OR LESS
8 = SMOKE OR HAZE
[NO. OF DAYS WITH] [WEATHER - DAYS WITH] 9 = BLOWING SNOW
X = TORNADO
MAX 32 OR BELOW: 0 0.01 INCH OR MORE: 2
MAX 90 OR ABOVE: 30 0.10 INCH OR MORE: 1
MIN 32 OR BELOW: 0 0.50 INCH OR MORE: 1
MIN 0 OR BELOW: 0 1.00 INCH OR MORE: 1
[HDD (BASE 65) ]
TOTAL THIS MO. 0 CLEAR (SCALE 0-3) 29
DPTR FM NORMAL 0 PTCLDY (SCALE 4-7) 2
TOTAL FM JUL 1 0 CLOUDY (SCALE 8-10) 0
DPTR FM NORMAL 0
[CDD (BASE 65) ]
TOTAL THIS MO. 720
DPTR FM NORMAL 91 [PRESSURE DATA]
TOTAL FM JAN 1 2439 HIGHEST SLP 30.12 ON 30
DPTR FM NORMAL 348 LOWEST SLP 29.78 ON 11
[REMARKS]
#FINAL-07-22#