000
CXUS55 KRIW 011010
CF6RKS
PRELIMINARY LOCAL CLIMATOLOGICAL DATA (WS FORM: F-6)
STATION: ROCK SPRINGS WY
MONTH: JULY
YEAR: 2022
LATITUDE: 41 35 N
LONGITUDE: 109 4 W
TEMPERATURE IN F: :PCPN: SNOW: WIND :SUNSHINE: SKY :PK WND
================================================================================
1 2 3 4 5 6A 6B 7 8 9 10 11 12 13 14 15 16 17 18
12Z AVG MX 2MIN
DY MAX MIN AVG DEP HDD CDD WTR SNW DPTH SPD SPD DIR MIN PSBL S-S WX SPD DR
================================================================================
1 81 51 66 0 0 1 0.01 M M 9.6 35 290 M M 2 3 47 290
2 84 51 68 2 0 3 0.09 M M 11.7 44 220 M M 3 3 62 220
3 86 63 75 8 0 10 T M M 15.4 39 200 M M 3 3 52 210
4 85 59 72 5 0 7 0.00 M M 11.5 30 200 M M 2 39 170
5 87 61 74 7 0 9 0.00 M M 8.9 24 290 M M 2 31 290
6 82 60 71 3 0 6 T M M 8.4 31 220 M M 3 39 230
7 87 54 71 3 0 6 0.00 M M 5.6 18 210 M M 1 27 210
8 90 59 75 7 0 10 0.00 M M 7.1 21 210 M M 1 34 190
9 92 56 74 5 0 9 0.00 M M 9.3 26 260 M M 1 37 240
10 92 58 75 6 0 10 0.00 M M 11.6 30 280 M M 0 41 250
11 89 54 72 3 0 7 0.00 M M 8.7 22 280 M M 0 30 280
12 91 56 74 5 0 9 0.00 M M 7.9 24 240 M M 0 32 320
13 91 62 77 7 0 12 0.05 M M 10.6 38 270 M M 2 3 48 260
14 91 59 75 5 0 10 T M M 8.1 30 330 M M 2 3 40 330
15 79 61 70 0 0 5 0.01 M M 9.0 29 260 M M 6 36 250
16 90 56 73 3 0 8 0.00 M M 8.3 29 60 M M 1 36 60
17 94 57 76 6 0 11 0.00 M M 7.4 25 250 M M 0 33 220
18 91 64 78 8 0 13 0.00 M M 15.4 33 260 M M 1 46 280
19 90 61 76 6 0 11 T M M 17.3 36 220 M M 2 49 250
20 90 58 74 3 0 9 0.00 M M 12.0 26 310 M M 0 40 310
21 91 59 75 4 0 10 0.00 M M 11.4 28 280 M M 0 40 270
22 92 56 74 3 0 9 T M M 8.6 39 210 M M 1 3 52 210
23 85 59 72 1 0 7 0.01 M M 7.7 28 160 M M 3 35 160
24 73 58 66 -5 0 1 0.01 M M 15.0 30 160 M M 2 38 180
25 89 51 70 -1 0 5 0.00 M M 8.3 25 270 M M 1 34 270
26 90 57 74 3 0 9 0.00 M M 8.0 21 250 M M 0 30 260
27 89 57 73 2 0 8 0.00 M M 9.1 40 60 M M 0 51 60
28 88 56 72 1 0 7 0.11 M M 12.7 32 160 M M 2 3 44 30
29 86 51 69 -2 0 4 0.00 M M 6.9 29 60 M M 1 3 37 50
30 89 56 73 2 0 8 0.00 M M 6.7 17 320 M M 1 24 310
31 89 63 76 5 0 11 T M M 8.5 20 160 M M 2 27 130
================================================================================
SM 2723 1783 0 245 0.29 M 306.7 M 45
================================================================================
AV 87.8 57.5 9.9 FASTST M M 1 MAX(MPH)
MISC ----> 44 220 62 220
================================================================================
NOTES:
# LAST OF SEVERAL OCCURRENCES
COLUMN 17 PEAK WIND IN M.P.H.
PRELIMINARY LOCAL CLIMATOLOGICAL DATA (WS FORM: F-6) , PAGE 2
STATION: ROCK SPRINGS WY
MONTH: JULY
YEAR: 2022
LATITUDE: 41 35 N
LONGITUDE: 109 4 W
[TEMPERATURE DATA] [PRECIPITATION DATA] SYMBOLS USED IN COLUMN 16
AVERAGE MONTHLY: 72.7 TOTAL FOR MONTH: 0.29 1 = FOG OR MIST
DPTR FM NORMAL: 3.3 DPTR FM NORMAL: -0.18 2 = FOG REDUCING VISIBILITY
HIGHEST: 94 ON 17 GRTST 24HR 0.13 ON 30- 1 TO 1/4 MILE OR LESS
LOWEST: 51 ON 29,25 3 = THUNDER
SNOW, ICE PELLETS, HAIL 4 = ICE PELLETS
TOTAL MONTH: M 5 = HAIL
GRTST 24HR M ON M 6 = FREEZING RAIN OR DRIZZLE
GRTST DEPTH: M ON M 7 = DUSTSTORM OR SANDSTORM:
VSBY 1/2 MILE OR LESS
8 = SMOKE OR HAZE
[NO. OF DAYS WITH] [WEATHER - DAYS WITH] 9 = BLOWING SNOW
X = TORNADO
MAX 32 OR BELOW: 0 0.01 INCH OR MORE: 7
MAX 90 OR ABOVE: 14 0.10 INCH OR MORE: 1
MIN 32 OR BELOW: 0 0.50 INCH OR MORE: 0
MIN 0 OR BELOW: 0 1.00 INCH OR MORE: 0
[HDD (BASE 65) ]
TOTAL THIS MO. 0 CLEAR (SCALE 0-3) 29
DPTR FM NORMAL -21 PTCLDY (SCALE 4-7) 2
TOTAL FM JUL 1 0 CLOUDY (SCALE 8-10) 0
DPTR FM NORMAL -16
[CDD (BASE 65) ]
TOTAL THIS MO. 245
DPTR FM NORMAL 86 [PRESSURE DATA]
TOTAL FM JAN 1 304 HIGHEST SLP 30.16 ON 15
DPTR FM NORMAL 104 LOWEST SLP 29.69 ON 3
[REMARKS]
#FINAL-07-22#