000
CXUS51 KRNK 011235
CLSRNK
CLIMATE REPORT
NATIONAL WEATHER SERVICE BLACKSBURG, VA
735 AM EST WED MAR 01 2023
...................................
...THE BLACKSBURG VA CLIMATE SUMMARY FOR THE SEASON, FROM
12/1/2022 TO 2/28/2023...
CLIMATE NORMAL PERIOD: 1991 TO 2020
CLIMATE RECORD PERIOD: 1893 TO 2023
WEATHER OBSERVED NORMAL DEPART LAST YEAR`S
VALUE DATE(S) VALUE FROM VALUE
NORMAL
..............................................................
TEMPERATURE (F)
RECORD
HIGH 80 02/22/2018
LOW -18 01/21/1985
HIGHEST 72 02/23 70
LOWEST -4 12/24 3
AVG. MAXIMUM 49.9 43.9 6.0 48.2
AVG. MINIMUM 29.7 23.8 5.9 25.5
MEAN 39.8 33.9 5.9 36.9
DAYS MAX >= 90 0 0.0 0.0 MM
DAYS MAX <= 32 4 13.9 -9.9 MM
DAYS MIN <= 32 56 74.3 -18.3 MM
DAYS MIN <= 0 2 1.0 1.0 MM
PRECIPITATION (INCHES)
RECORD
MAXIMUM 15.42 1993
MINIMUM 4.32 1980
TOTALS 9.85 9.36 0.49 7.82
DAYS >= .01 37 33.5 3.5 MM
DAYS >= .10 21 19.2 1.8 MM
DAYS >= .50 6 6.1 -0.1 MM
DAYS >= 1.00 1 1.8 -0.8 MM
GREATEST
24 HR. TOTAL 2.06 1.10
SNOWFALL (INCHES)
TOTALS 0.9 19.4 -18.5 13.0
DAYS >= TRACE 17 11.3 5.7 17
DAYS >= 1.0 0 4.9 -4.9 3
GREATEST
24 HR TOTAL 0.1 7.4
DEGREE DAYS
HEATING TOTAL 2262 2803 -541 2509
COOLING TOTAL 0 0 0 0
..............................................................
WIND (MPH)
AVERAGE WIND SPEED 3.9
RESULTANT WIND SPEED/DIRECTION 2/280
HIGHEST WIND SPEED/DIRECTION 26/310 DATE 02/17
HIGHEST GUST SPEED/DIRECTION 38/310 DATE 02/17
SKY COVER
AVERAGE SKY COVER 0.50
AVERAGE RH (PERCENT) 72
WEATHER CONDITIONS. NUMBER OF DAYS WITH
THUNDERSTORM 2 MIXED PRECIP 0
HEAVY RAIN 11 RAIN 22
LIGHT RAIN 42 FREEZING RAIN 1
LT FREEZING RAIN 4 HAIL 0
HEAVY SNOW 0 SNOW 0
LIGHT SNOW 15 SLEET 2
FOG 39 FOG W/VIS <= 1/4 MILE 8
HAZE 0
- INDICATES NEGATIVE NUMBERS.
R INDICATES RECORD WAS SET OR TIED.
MM INDICATES DATA IS MISSING.
T INDICATES TRACE AMOUNT.
$$